116.179.37.70 - - [19/Sep/2026:04:38:23 +0330] "GET /agency-startup/wp-includes/js/wp-emoji-release.min.js?ver=7.1.1 HTTP/1.1" 200 22752 "https://themes.proac.ir/agency-startup/category/designing-planing/" "Mozilla/5.0 (compatible; Baiduspider-render/2.0; +http://www.baidu.com/search/spider.html)"
85.215.100.160 - - [19/Sep/2026:04:38:22 +0330] "GET /app-landing/wp-admin/plugin-install.php?tab=upload HTTP/1.1" 200 92439 "www.google.com" "Mozilla/5.0 (Windows NT 10.0; Win64; x64) AppleWebKit/537.36 (KHTML, like Gecko) Chrome/91.0.4472.124 Safari/537.36"
78.110.123.2 - - [19/Sep/2026:04:38:22 +0330] "GET /limo/default/ HTTP/1.1" 200 63560 "-" "WordPress/6.9; https://themes.proac.ir/limo/default"
78.110.123.2 - - [19/Sep/2026:04:38:24 +0330] "GET /limo/default/ HTTP/1.1" 200 63560 "-" "WordPress/6.9; https://themes.proac.ir/limo/default"
85.215.100.160 - - [19/Sep/2026:04:38:24 +0330] "POST /app-landing/wp-admin/update.php?action=upload-plugin HTTP/1.1" 200 88072 "www.google.com" "Mozilla/5.0 (Windows NT 10.0; Win64; x64) AppleWebKit/537.36 (KHTML, like Gecko) Chrome/91.0.4472.124 Safari/537.36"
85.215.100.160 - - [19/Sep/2026:04:38:27 +0330] "GET /app-landing/wp-content/plugins/vwvautn/index.php HTTP/1.1" 200 81 "www.google.com" "Mozilla/5.0 (Windows NT 10.0; Win64; x64) AppleWebKit/537.36 (KHTML, like Gecko) Chrome/91.0.4472.124 Safari/537.36"
78.110.123.2 - - [19/Sep/2026:04:38:26 +0330] "GET /limo/default/ HTTP/1.1" 200 63531 "-" "WordPress/6.9; https://themes.proac.ir/limo/default"
85.215.100.160 - - [19/Sep/2026:04:38:27 +0330] "GET /blissspa/wp-login.php HTTP/1.1" 200 3708 "www.google.com" "Mozilla/5.0 (Windows NT 10.0; Win64; x64) AppleWebKit/537.36 (KHTML, like Gecko) Chrome/91.0.4472.124 Safari/537.36"
85.215.100.160 - - [19/Sep/2026:04:38:21 +0330] "POST /limo/default/wp-admin/update.php?action=upload-plugin HTTP/1.1" 200 109893 "www.google.com" "Mozilla/5.0 (Windows NT 10.0; Win64; x64) AppleWebKit/537.36 (KHTML, like Gecko) Chrome/91.0.4472.124 Safari/537.36"
85.215.100.160 - - [19/Sep/2026:04:38:29 +0330] "GET /limo/default/wp-content/plugins/tfipedp/index.php HTTP/1.1" 200 81 "www.google.com" "Mozilla/5.0 (Windows NT 10.0; Win64; x64) AppleWebKit/537.36 (KHTML, like Gecko) Chrome/91.0.4472.124 Safari/537.36"
85.215.100.160 - - [19/Sep/2026:04:38:28 +0330] "POST /blissspa/wp-login.php HTTP/1.1" 302 20 "https://themes.proac.ir/blissspa/wp-admin/" "Mozilla/5.0 (Windows NT 10.0; Win64; x64) AppleWebKit/537.36 (KHTML, like Gecko) Chrome/91.0.4472.124 Safari/537.36"
78.110.123.2 - - [19/Sep/2026:04:38:27 +0330] "GET /limo/default/ HTTP/1.1" 200 63556 "-" "WordPress/6.9; https://themes.proac.ir/limo/default"
78.110.123.2 - - [19/Sep/2026:04:37:59 +0330] "POST /limo/default/wp-cron.php?doing_wp_cron=1789780079.4540939331054687500000 HTTP/1.1" 200 20 "-" "WordPress/6.9; https://themes.proac.ir/limo/default"
85.215.100.160 - - [19/Sep/2026:04:38:29 +0330] "GET /blissspa/wp-login.php?redirect_to=https%3A%2F%2Fthemes.proac.ir%2Fblissspa%2Fwp-admin%2F&action=confirm_admin_email&wp_lang=fa_IR HTTP/1.1" 200 1894 "https://themes.proac.ir/blissspa/wp-admin/" "Mozilla/5.0 (Windows NT 10.0; Win64; x64) AppleWebKit/537.36 (KHTML, like Gecko) Chrome/91.0.4472.124 Safari/537.36"
85.215.100.160 - - [19/Sep/2026:04:38:29 +0330] "GET /magazine/wp-login.php HTTP/1.1" 200 3849 "www.google.com" "Mozilla/5.0 (Windows NT 10.0; Win64; x64) AppleWebKit/537.36 (KHTML, like Gecko) Chrome/91.0.4472.124 Safari/537.36"
85.215.100.160 - - [19/Sep/2026:04:38:32 +0330] "POST /magazine/wp-login.php HTTP/1.1" 302 713 "https://themes.proac.ir/magazine/wp-admin/" "Mozilla/5.0 (Windows NT 10.0; Win64; x64) AppleWebKit/537.36 (KHTML, like Gecko) Chrome/91.0.4472.124 Safari/537.36"
85.215.100.160 - - [19/Sep/2026:04:38:30 +0330] "GET /blissspa/wp-admin/ HTTP/1.1" 200 102844 "www.google.com" "Mozilla/5.0 (Windows NT 10.0; Win64; x64) AppleWebKit/537.36 (KHTML, like Gecko) Chrome/91.0.4472.124 Safari/537.36"
85.215.100.160 - - [19/Sep/2026:04:38:32 +0330] "GET /magazine/wp-login.php?redirect_to=https%3A%2F%2Fthemes.proac.ir%2Fmagazine%2Fwp-admin%2F&action=confirm_admin_email&wp_lang=fa_IR HTTP/1.1" 200 2417 "https://themes.proac.ir/magazine/wp-admin/" "Mozilla/5.0 (Windows NT 10.0; Win64; x64) AppleWebKit/537.36 (KHTML, like Gecko) Chrome/91.0.4472.124 Safari/537.36"
85.215.100.160 - - [19/Sep/2026:04:38:33 +0330] "GET /magazine/wp-admin/ HTTP/1.1" 503 702 "www.google.com" "Mozilla/5.0 (Windows NT 10.0; Win64; x64) AppleWebKit/537.36 (KHTML, like Gecko) Chrome/91.0.4472.124 Safari/537.36"
85.215.100.160 - - [19/Sep/2026:04:38:33 +0330] "GET /blissspa/wp-admin/plugin-install.php?tab=upload HTTP/1.1" 200 92265 "www.google.com" "Mozilla/5.0 (Windows NT 10.0; Win64; x64) AppleWebKit/537.36 (KHTML, like Gecko) Chrome/91.0.4472.124 Safari/537.36"
85.215.100.160 - - [19/Sep/2026:04:38:34 +0330] "GET /merto/wp-login.php HTTP/1.1" 200 3856 "www.google.com" "Mozilla/5.0 (Windows NT 10.0; Win64; x64) AppleWebKit/537.36 (KHTML, like Gecko) Chrome/91.0.4472.124 Safari/537.36"
85.215.100.160 - - [19/Sep/2026:04:38:35 +0330] "POST /blissspa/wp-admin/update.php?action=upload-plugin HTTP/1.1" 200 88575 "www.google.com" "Mozilla/5.0 (Windows NT 10.0; Win64; x64) AppleWebKit/537.36 (KHTML, like Gecko) Chrome/91.0.4472.124 Safari/537.36"
85.215.100.160 - - [19/Sep/2026:04:38:38 +0330] "POST /merto/wp-login.php HTTP/1.1" 302 761 "https://themes.proac.ir/merto/wp-admin/" "Mozilla/5.0 (Windows NT 10.0; Win64; x64) AppleWebKit/537.36 (KHTML, like Gecko) Chrome/91.0.4472.124 Safari/537.36"
85.215.100.160 - - [19/Sep/2026:04:38:39 +0330] "GET /blissspa/wp-content/plugins/gzzvqde/index.php HTTP/1.1" 200 81 "www.google.com" "Mozilla/5.0 (Windows NT 10.0; Win64; x64) AppleWebKit/537.36 (KHTML, like Gecko) Chrome/91.0.4472.124 Safari/537.36"
78.110.123.2 - - [19/Sep/2026:04:38:39 +0330] "POST /magazine/wp-cron.php?doing_wp_cron=1789780119.2557160854339599609375 HTTP/1.1" 200 639 "-" "WordPress/7.1.1; https://themes.proac.ir/magazine"
78.110.123.2 - - [19/Sep/2026:04:38:38 +0330] "POST /magazine/wp-admin/upgrade.php?step=upgrade_db HTTP/1.1" 200 21 "-" "WordPress/6.9; https://themes.proac.ir/magazine"
85.215.100.160 - - [19/Sep/2026:04:38:39 +0330] "GET /blog/wp-login.php HTTP/1.1" 200 3704 "www.google.com" "Mozilla/5.0 (Windows NT 10.0; Win64; x64) AppleWebKit/537.36 (KHTML, like Gecko) Chrome/91.0.4472.124 Safari/537.36"
85.215.100.160 - - [19/Sep/2026:04:38:39 +0330] "GET /merto/wp-login.php?redirect_to=https%3A%2F%2Fthemes.proac.ir%2Fmerto%2Fwp-admin%2F&action=confirm_admin_email&wp_lang=fa_IR HTTP/1.1" 200 2354 "https://themes.proac.ir/merto/wp-admin/" "Mozilla/5.0 (Windows NT 10.0; Win64; x64) AppleWebKit/537.36 (KHTML, like Gecko) Chrome/91.0.4472.124 Safari/537.36"
85.215.100.160 - - [19/Sep/2026:04:38:40 +0330] "POST /blog/wp-login.php HTTP/1.1" 302 20 "https://themes.proac.ir/blog/wp-admin/" "Mozilla/5.0 (Windows NT 10.0; Win64; x64) AppleWebKit/537.36 (KHTML, like Gecko) Chrome/91.0.4472.124 Safari/537.36"
85.215.100.160 - - [19/Sep/2026:04:38:41 +0330] "GET /blog/wp-login.php?redirect_to=https%3A%2F%2Fthemes.proac.ir%2Fblog%2Fwp-admin%2F&action=confirm_admin_email&wp_lang=fa_IR HTTP/1.1" 200 1878 "https://themes.proac.ir/blog/wp-admin/" "Mozilla/5.0 (Windows NT 10.0; Win64; x64) AppleWebKit/537.36 (KHTML, like Gecko) Chrome/91.0.4472.124 Safari/537.36"
78.110.123.2 - - [19/Sep/2026:04:38:42 +0330] "POST /merto/wp-cron.php HTTP/1.1" 200 20 "-" "WordPress/6.9; https://themes.proac.ir/merto"
85.215.100.160 - - [19/Sep/2026:04:38:42 +0330] "GET /blog/wp-admin/ HTTP/1.1" 200 102136 "www.google.com" "Mozilla/5.0 (Windows NT 10.0; Win64; x64) AppleWebKit/537.36 (KHTML, like Gecko) Chrome/91.0.4472.124 Safari/537.36"
85.215.100.160 - - [19/Sep/2026:04:38:44 +0330] "GET /blog/wp-admin/plugin-install.php?tab=upload HTTP/1.1" 200 91715 "www.google.com" "Mozilla/5.0 (Windows NT 10.0; Win64; x64) AppleWebKit/537.36 (KHTML, like Gecko) Chrome/91.0.4472.124 Safari/537.36"
78.110.123.2 - - [19/Sep/2026:04:38:42 +0330] "GET /merto/ HTTP/1.1" 200 55030 "-" "WordPress/6.9; https://themes.proac.ir/merto"
78.110.123.2 - - [19/Sep/2026:04:38:45 +0330] "GET /merto/ HTTP/1.1" 200 54937 "-" "WordPress/6.9; https://themes.proac.ir/merto"
85.215.100.160 - - [19/Sep/2026:04:38:45 +0330] "POST /blog/wp-admin/update.php?action=upload-plugin HTTP/1.1" 200 87345 "www.google.com" "Mozilla/5.0 (Windows NT 10.0; Win64; x64) AppleWebKit/537.36 (KHTML, like Gecko) Chrome/91.0.4472.124 Safari/537.36"
85.215.100.160 - - [19/Sep/2026:04:38:48 +0330] "GET /blog/wp-content/plugins/zsqbyiv/index.php HTTP/1.1" 200 81 "www.google.com" "Mozilla/5.0 (Windows NT 10.0; Win64; x64) AppleWebKit/537.36 (KHTML, like Gecko) Chrome/91.0.4472.124 Safari/537.36"
78.110.123.2 - - [19/Sep/2026:04:38:49 +0330] "POST /magazine/wp-cron.php HTTP/1.1" 200 20 "-" "WordPress/6.9; https://themes.proac.ir/magazine"
78.110.123.2 - - [19/Sep/2026:04:38:47 +0330] "GET /merto/ HTTP/1.1" 200 54933 "-" "WordPress/6.9; https://themes.proac.ir/merto"
85.215.100.160 - - [19/Sep/2026:04:38:40 +0330] "GET /merto/wp-admin/ HTTP/1.1" 200 107079 "www.google.com" "Mozilla/5.0 (Windows NT 10.0; Win64; x64) AppleWebKit/537.36 (KHTML, like Gecko) Chrome/91.0.4472.124 Safari/537.36"
78.110.123.2 - - [19/Sep/2026:04:38:49 +0330] "GET /magazine/ HTTP/1.1" 200 11203 "-" "WordPress/6.9; https://themes.proac.ir/magazine"
78.110.123.2 - - [19/Sep/2026:04:38:50 +0330] "POST /charity/wp-cron.php?doing_wp_cron=1789780129.9867320060729980468750 HTTP/1.1" 200 20 "-" "WordPress/7.1.1; https://themes.proac.ir/charity"
85.215.100.160 - - [19/Sep/2026:04:38:49 +0330] "GET /charity/wp-login.php HTTP/1.1" 200 28877 "www.google.com" "Mozilla/5.0 (Windows NT 10.0; Win64; x64) AppleWebKit/537.36 (KHTML, like Gecko) Chrome/91.0.4472.124 Safari/537.36"
78.110.123.2 - - [19/Sep/2026:04:38:50 +0330] "GET /magazine/ HTTP/1.1" 200 11173 "-" "WordPress/6.9; https://themes.proac.ir/magazine"
85.215.100.160 - - [19/Sep/2026:04:38:50 +0330] "POST /charity/wp-login.php HTTP/1.1" 302 20 "https://themes.proac.ir/charity/wp-admin/" "Mozilla/5.0 (Windows NT 10.0; Win64; x64) AppleWebKit/537.36 (KHTML, like Gecko) Chrome/91.0.4472.124 Safari/537.36"
78.110.123.2 - - [19/Sep/2026:04:38:49 +0330] "GET /merto/ HTTP/1.1" 200 54938 "-" "WordPress/6.9; https://themes.proac.ir/merto"
78.110.123.2 - - [19/Sep/2026:04:38:51 +0330] "GET /magazine/ HTTP/1.1" 200 11173 "-" "WordPress/6.9; https://themes.proac.ir/magazine"
85.215.100.160 - - [19/Sep/2026:04:38:50 +0330] "GET /merto/wp-admin/plugin-install.php?tab=upload HTTP/1.1" 200 89655 "www.google.com" "Mozilla/5.0 (Windows NT 10.0; Win64; x64) AppleWebKit/537.36 (KHTML, like Gecko) Chrome/91.0.4472.124 Safari/537.36"
85.215.100.160 - - [19/Sep/2026:04:38:51 +0330] "GET /charity/wp-login.php?redirect_to=https%3A%2F%2Fthemes.proac.ir%2Fcharity%2Fwp-admin%2F&action=confirm_admin_email&wp_lang=fa_IR HTTP/1.1" 200 27749 "https://themes.proac.ir/charity/wp-admin/" "Mozilla/5.0 (Windows NT 10.0; Win64; x64) AppleWebKit/537.36 (KHTML, like Gecko) Chrome/91.0.4472.124 Safari/537.36"
78.110.123.2 - - [19/Sep/2026:04:38:52 +0330] "GET /magazine/ HTTP/1.1" 200 11173 "-" "WordPress/6.9; https://themes.proac.ir/magazine"
78.110.123.2 - - [19/Sep/2026:04:38:30 +0330] "POST /magazine/wp-cron.php?doing_wp_cron=1789780110.9533360004425048828125 HTTP/1.1" 200 639 "-" "WordPress/6.9; https://themes.proac.ir/magazine"
78.110.123.2 - - [19/Sep/2026:04:38:54 +0330] "POST /merto/wp-admin/admin-ajax.php?action=wp_1_wc_privacy_cleanup&nonce=49f2014b4b HTTP/1.1" 200 20 "-" "WordPress/6.9; https://themes.proac.ir/merto"
78.110.123.2 - - [19/Sep/2026:04:38:55 +0330] "POST /charity/wp-admin/admin-ajax.php HTTP/1.1" 200 21 "-" "WordPress/7.1.1; https://themes.proac.ir/charity"
85.215.100.160 - - [19/Sep/2026:04:38:53 +0330] "GET /charity/wp-admin/ HTTP/1.1" 200 94850 "www.google.com" "Mozilla/5.0 (Windows NT 10.0; Win64; x64) AppleWebKit/537.36 (KHTML, like Gecko) Chrome/91.0.4472.124 Safari/537.36"
85.215.100.160 - - [19/Sep/2026:04:38:57 +0330] "GET /charity/wp-admin/plugin-install.php?tab=upload HTTP/1.1" 200 82481 "www.google.com" "Mozilla/5.0 (Windows NT 10.0; Win64; x64) AppleWebKit/537.36 (KHTML, like Gecko) Chrome/91.0.4472.124 Safari/537.36"
85.215.100.160 - - [19/Sep/2026:04:38:53 +0330] "POST /merto/wp-admin/update.php?action=upload-plugin HTTP/1.1" 200 85942 "www.google.com" "Mozilla/5.0 (Windows NT 10.0; Win64; x64) AppleWebKit/537.36 (KHTML, like Gecko) Chrome/91.0.4472.124 Safari/537.36"
85.215.100.160 - - [19/Sep/2026:04:38:58 +0330] "GET /merto/wp-content/plugins/wdgguyv/index.php HTTP/1.1" 200 81 "www.google.com" "Mozilla/5.0 (Windows NT 10.0; Win64; x64) AppleWebKit/537.36 (KHTML, like Gecko) Chrome/91.0.4472.124 Safari/537.36"
85.215.100.160 - - [19/Sep/2026:04:38:58 +0330] "POST /charity/wp-admin/update.php?action=upload-plugin HTTP/1.1" 200 85192 "www.google.com" "Mozilla/5.0 (Windows NT 10.0; Win64; x64) AppleWebKit/537.36 (KHTML, like Gecko) Chrome/91.0.4472.124 Safari/537.36"
85.215.100.160 - - [19/Sep/2026:04:38:59 +0330] "GET /model-agency/wp-login.php HTTP/1.1" 200 3346 "www.google.com" "Mozilla/5.0 (Windows NT 10.0; Win64; x64) AppleWebKit/537.36 (KHTML, like Gecko) Chrome/91.0.4472.124 Safari/537.36"
85.215.100.160 - - [19/Sep/2026:04:39:03 +0330] "GET /charity/wp-content/plugins/fxqirsa/index.php HTTP/1.1" 200 81 "www.google.com" "Mozilla/5.0 (Windows NT 10.0; Win64; x64) AppleWebKit/537.36 (KHTML, like Gecko) Chrome/91.0.4472.124 Safari/537.36"
78.110.123.2 - - [19/Sep/2026:04:38:37 +0330] "POST /merto/wp-cron.php?doing_wp_cron=1789780117.0384728908538818359375 HTTP/1.1" 200 686 "-" "WordPress/6.9; https://themes.proac.ir/merto"
85.215.100.160 - - [19/Sep/2026:04:39:04 +0330] "GET /clixio/wp-login.php HTTP/1.1" 200 3693 "www.google.com" "Mozilla/5.0 (Windows NT 10.0; Win64; x64) AppleWebKit/537.36 (KHTML, like Gecko) Chrome/91.0.4472.124 Safari/537.36"
85.215.100.160 - - [19/Sep/2026:04:39:04 +0330] "POST /model-agency/wp-login.php HTTP/1.1" 302 20 "https://themes.proac.ir/model-agency/wp-admin/" "Mozilla/5.0 (Windows NT 10.0; Win64; x64) AppleWebKit/537.36 (KHTML, like Gecko) Chrome/91.0.4472.124 Safari/537.36"
85.215.100.160 - - [19/Sep/2026:04:39:05 +0330] "POST /clixio/wp-login.php HTTP/1.1" 302 20 "https://themes.proac.ir/clixio/wp-admin/" "Mozilla/5.0 (Windows NT 10.0; Win64; x64) AppleWebKit/537.36 (KHTML, like Gecko) Chrome/91.0.4472.124 Safari/537.36"
85.215.100.160 - - [19/Sep/2026:04:39:05 +0330] "GET /model-agency/wp-login.php?redirect_to=https%3A%2F%2Fthemes.proac.ir%2Fmodel-agency%2Fwp-admin%2F&action=confirm_admin_email&wp_lang=fa_IR HTTP/1.1" 200 1869 "https://themes.proac.ir/model-agency/wp-admin/" "Mozilla/5.0 (Windows NT 10.0; Win64; x64) AppleWebKit/537.36 (KHTML, like Gecko) Chrome/91.0.4472.124 Safari/537.36"
85.215.100.160 - - [19/Sep/2026:04:39:06 +0330] "GET /clixio/wp-login.php?redirect_to=https%3A%2F%2Fthemes.proac.ir%2Fclixio%2Fwp-admin%2F&action=confirm_admin_email&wp_lang=fa_IR HTTP/1.1" 200 1874 "https://themes.proac.ir/clixio/wp-admin/" "Mozilla/5.0 (Windows NT 10.0; Win64; x64) AppleWebKit/537.36 (KHTML, like Gecko) Chrome/91.0.4472.124 Safari/537.36"
85.215.100.160 - - [19/Sep/2026:04:39:06 +0330] "GET /clixio/wp-admin/ HTTP/1.1" 200 72953 "www.google.com" "Mozilla/5.0 (Windows NT 10.0; Win64; x64) AppleWebKit/537.36 (KHTML, like Gecko) Chrome/91.0.4472.124 Safari/537.36"
85.215.100.160 - - [19/Sep/2026:04:39:06 +0330] "GET /model-agency/wp-admin/ HTTP/1.1" 200 94634 "www.google.com" "Mozilla/5.0 (Windows NT 10.0; Win64; x64) AppleWebKit/537.36 (KHTML, like Gecko) Chrome/91.0.4472.124 Safari/537.36"
85.215.100.160 - - [19/Sep/2026:04:39:11 +0330] "GET /model-agency/wp-admin/plugin-install.php?tab=upload HTTP/1.1" 503 709 "www.google.com" "Mozilla/5.0 (Windows NT 10.0; Win64; x64) AppleWebKit/537.36 (KHTML, like Gecko) Chrome/91.0.4472.124 Safari/537.36"
85.215.100.160 - - [19/Sep/2026:04:39:11 +0330] "GET /model-agency/wp-admin/plugin-install.php?s=File+Manager&tab=search&type=term HTTP/1.1" 503 709 "www.google.com" "Mozilla/5.0 (Windows NT 10.0; Win64; x64) AppleWebKit/537.36 (KHTML, like Gecko) Chrome/91.0.4472.124 Safari/537.36"
85.215.100.160 - - [19/Sep/2026:04:39:09 +0330] "GET /clixio/wp-admin/plugin-install.php?tab=upload HTTP/1.1" 200 62222 "www.google.com" "Mozilla/5.0 (Windows NT 10.0; Win64; x64) AppleWebKit/537.36 (KHTML, like Gecko) Chrome/91.0.4472.124 Safari/537.36"
85.215.100.160 - - [19/Sep/2026:04:39:12 +0330] "GET /model-agency/wp-admin/theme-install.php?tab=upload HTTP/1.1" 503 709 "www.google.com" "Mozilla/5.0 (Windows NT 10.0; Win64; x64) AppleWebKit/537.36 (KHTML, like Gecko) Chrome/91.0.4472.124 Safari/537.36"
85.215.100.160 - - [19/Sep/2026:04:39:12 +0330] "GET /model-agency/wp-admin/theme-editor.php?file=404.php HTTP/1.1" 503 709 "www.google.com" "Mozilla/5.0 (Windows NT 10.0; Win64; x64) AppleWebKit/537.36 (KHTML, like Gecko) Chrome/91.0.4472.124 Safari/537.36"
85.215.100.160 - - [19/Sep/2026:04:39:12 +0330] "GET /model-agency/wp-admin/plugin-install.php?tab=upload HTTP/1.1" 302 20 "www.google.com" "Mozilla/5.0 (Windows NT 10.0; Win64; x64) AppleWebKit/537.36 (KHTML, like Gecko) Chrome/91.0.4472.124 Safari/537.36"
78.110.123.2 - - [19/Sep/2026:04:39:13 +0330] "POST /model-agency/wp-cron.php?doing_wp_cron=1789780153.0641040802001953125000 HTTP/1.1" 200 20 "-" "WordPress/7.1.1; https://themes.proac.ir/model-agency"
78.110.123.2 - - [19/Sep/2026:04:39:12 +0330] "POST /model-agency/wp-admin/upgrade.php?step=upgrade_db HTTP/1.1" 200 21 "-" "WordPress/6.9; https://themes.proac.ir/model-agency"
85.215.100.160 - - [19/Sep/2026:04:39:13 +0330] "GET /model-agency/wp-admin/upgrade.php?_wp_http_referer=%2Fmodel-agency%2Fwp-admin%2Fplugin-install.php%3Ftab%3Dupload HTTP/1.1" 200 608 "www.google.com" "Mozilla/5.0 (Windows NT 10.0; Win64; x64) AppleWebKit/537.36 (KHTML, like Gecko) Chrome/91.0.4472.124 Safari/537.36"
78.110.123.2 - - [19/Sep/2026:04:39:14 +0330] "POST /model-agency/wp-cron.php?doing_wp_cron=1789780154.2151529788970947265625 HTTP/1.1" 200 20 "-" "WordPress/7.1.1; https://themes.proac.ir/model-agency"
85.215.100.160 - - [19/Sep/2026:04:39:12 +0330] "POST /clixio/wp-admin/update.php?action=upload-plugin HTTP/1.1" 200 58005 "www.google.com" "Mozilla/5.0 (Windows NT 10.0; Win64; x64) AppleWebKit/537.36 (KHTML, like Gecko) Chrome/91.0.4472.124 Safari/537.36"
85.215.100.160 - - [19/Sep/2026:04:39:16 +0330] "GET /clixio/wp-content/plugins/saammxc/index.php HTTP/1.1" 200 81 "www.google.com" "Mozilla/5.0 (Windows NT 10.0; Win64; x64) AppleWebKit/537.36 (KHTML, like Gecko) Chrome/91.0.4472.124 Safari/537.36"
78.110.123.2 - - [19/Sep/2026:04:39:17 +0330] "POST /dcreativestudio/wp-cron.php?doing_wp_cron=1789780157.3908269405364990234375 HTTP/1.1" 200 20 "-" "WordPress/7.1.1; https://themes.proac.ir/dcreativestudio"
85.215.100.160 - - [19/Sep/2026:04:39:16 +0330] "GET /dcreativestudio/wp-login.php HTTP/1.1" 200 3648 "www.google.com" "Mozilla/5.0 (Windows NT 10.0; Win64; x64) AppleWebKit/537.36 (KHTML, like Gecko) Chrome/91.0.4472.124 Safari/537.36"
85.215.100.160 - - [19/Sep/2026:04:39:15 +0330] "GET /model-agency/wp-admin/theme-editor.php?file=404.php HTTP/1.1" 200 123581 "www.google.com" "Mozilla/5.0 (Windows NT 10.0; Win64; x64) AppleWebKit/537.36 (KHTML, like Gecko) Chrome/91.0.4472.124 Safari/537.36"
85.215.100.160 - - [19/Sep/2026:04:39:18 +0330] "POST /dcreativestudio/wp-login.php HTTP/1.1" 302 20 "https://themes.proac.ir/dcreativestudio/wp-admin/" "Mozilla/5.0 (Windows NT 10.0; Win64; x64) AppleWebKit/537.36 (KHTML, like Gecko) Chrome/91.0.4472.124 Safari/537.36"
85.215.100.160 - - [19/Sep/2026:04:39:19 +0330] "GET /nexmart/wp-login.php HTTP/1.1" 404 - "www.google.com" "Mozilla/5.0 (Windows NT 10.0; Win64; x64) AppleWebKit/537.36 (KHTML, like Gecko) Chrome/91.0.4472.124 Safari/537.36"
85.215.100.160 - - [19/Sep/2026:04:39:19 +0330] "GET /nexmart/wp-admin HTTP/1.1" 404 - "www.google.com" "Mozilla/5.0 (Windows NT 10.0; Win64; x64) AppleWebKit/537.36 (KHTML, like Gecko) Chrome/91.0.4472.124 Safari/537.36"
85.215.100.160 - - [19/Sep/2026:04:39:19 +0330] "GET /nexmart/wp-admin-login/ HTTP/1.1" 404 - "www.google.com" "Mozilla/5.0 (Windows NT 10.0; Win64; x64) AppleWebKit/537.36 (KHTML, like Gecko) Chrome/91.0.4472.124 Safari/537.36"
85.215.100.160 - - [19/Sep/2026:04:39:19 +0330] "GET /nexmart/admin HTTP/1.1" 404 - "www.google.com" "Mozilla/5.0 (Windows NT 10.0; Win64; x64) AppleWebKit/537.36 (KHTML, like Gecko) Chrome/91.0.4472.124 Safari/537.36"
85.215.100.160 - - [19/Sep/2026:04:39:19 +0330] "GET /nexmart/user HTTP/1.1" 404 - "www.google.com" "Mozilla/5.0 (Windows NT 10.0; Win64; x64) AppleWebKit/537.36 (KHTML, like Gecko) Chrome/91.0.4472.124 Safari/537.36"
85.215.100.160 - - [19/Sep/2026:04:39:18 +0330] "GET /dcreativestudio/wp-login.php?redirect_to=https%3A%2F%2Fthemes.proac.ir%2Fdcreativestudio%2Fwp-admin%2F&action=confirm_admin_email&wp_lang=fa_IR HTTP/1.1" 200 1896 "https://themes.proac.ir/dcreativestudio/wp-admin/" "Mozilla/5.0 (Windows NT 10.0; Win64; x64) AppleWebKit/537.36 (KHTML, like Gecko) Chrome/91.0.4472.124 Safari/537.36"
85.215.100.160 - - [19/Sep/2026:04:39:19 +0330] "GET /nexmart/login HTTP/1.1" 404 - "www.google.com" "Mozilla/5.0 (Windows NT 10.0; Win64; x64) AppleWebKit/537.36 (KHTML, like Gecko) Chrome/91.0.4472.124 Safari/537.36"
85.215.100.160 - - [19/Sep/2026:04:39:19 +0330] "GET /nexmart/site/wp-login.php HTTP/1.1" 404 - "www.google.com" "Mozilla/5.0 (Windows NT 10.0; Win64; x64) AppleWebKit/537.36 (KHTML, like Gecko) Chrome/91.0.4472.124 Safari/537.36"
85.215.100.160 - - [19/Sep/2026:04:39:19 +0330] "GET /nexmart/wp/wp-login.php HTTP/1.1" 404 - "www.google.com" "Mozilla/5.0 (Windows NT 10.0; Win64; x64) AppleWebKit/537.36 (KHTML, like Gecko) Chrome/91.0.4472.124 Safari/537.36"
85.215.100.160 - - [19/Sep/2026:04:39:19 +0330] "GET /nexmart/new/wp-login.php HTTP/1.1" 404 - "www.google.com" "Mozilla/5.0 (Windows NT 10.0; Win64; x64) AppleWebKit/537.36 (KHTML, like Gecko) Chrome/91.0.4472.124 Safari/537.36"
85.215.100.160 - - [19/Sep/2026:04:39:20 +0330] "GET /nexmart/wordpress/wp-login.php HTTP/1.1" 404 - "www.google.com" "Mozilla/5.0 (Windows NT 10.0; Win64; x64) AppleWebKit/537.36 (KHTML, like Gecko) Chrome/91.0.4472.124 Safari/537.36"
85.215.100.160 - - [19/Sep/2026:04:39:20 +0330] "GET /nexmart/blog/wp-login.php HTTP/1.1" 404 - "www.google.com" "Mozilla/5.0 (Windows NT 10.0; Win64; x64) AppleWebKit/537.36 (KHTML, like Gecko) Chrome/91.0.4472.124 Safari/537.36"
85.215.100.160 - - [19/Sep/2026:04:39:20 +0330] "POST /nexmart/wp-login.php HTTP/1.1" 404 - "https://themes.proac.ir/nexmart/wp-admin/" "Mozilla/5.0 (Windows NT 10.0; Win64; x64) AppleWebKit/537.36 (KHTML, like Gecko) Chrome/91.0.4472.124 Safari/537.36"
85.215.100.160 - - [19/Sep/2026:04:39:20 +0330] "GET /nexmart/wp-admin/ HTTP/1.1" 404 - "www.google.com" "Mozilla/5.0 (Windows NT 10.0; Win64; x64) AppleWebKit/537.36 (KHTML, like Gecko) Chrome/91.0.4472.124 Safari/537.36"
78.110.123.2 - - [19/Sep/2026:04:39:21 +0330] "POST /model-agency/wp-cron.php HTTP/1.1" 200 20 "-" "WordPress/6.9; https://themes.proac.ir/model-agency"
85.215.100.160 - - [19/Sep/2026:04:39:19 +0330] "GET /dcreativestudio/wp-admin/ HTTP/1.1" 200 95654 "www.google.com" "Mozilla/5.0 (Windows NT 10.0; Win64; x64) AppleWebKit/537.36 (KHTML, like Gecko) Chrome/91.0.4472.124 Safari/537.36"
78.110.123.2 - - [19/Sep/2026:04:39:21 +0330] "GET /model-agency/ HTTP/1.1" 200 16129 "-" "WordPress/6.9; https://themes.proac.ir/model-agency"
85.215.100.160 - - [19/Sep/2026:04:39:22 +0330] "GET /dcreativestudio/wp-admin/plugin-install.php?tab=upload HTTP/1.1" 200 85424 "www.google.com" "Mozilla/5.0 (Windows NT 10.0; Win64; x64) AppleWebKit/537.36 (KHTML, like Gecko) Chrome/91.0.4472.124 Safari/537.36"
85.215.100.160 - - [19/Sep/2026:04:39:20 +0330] "GET /nexmart/bikeparts/wp-login.php HTTP/1.1" 200 3250 "www.google.com" "Mozilla/5.0 (Windows NT 10.0; Win64; x64) AppleWebKit/537.36 (KHTML, like Gecko) Chrome/91.0.4472.124 Safari/537.36"
78.110.123.2 - - [19/Sep/2026:04:39:23 +0330] "GET /model-agency/ HTTP/1.1" 200 16129 "-" "WordPress/6.9; https://themes.proac.ir/model-agency"
85.215.100.160 - - [19/Sep/2026:04:39:23 +0330] "POST /nexmart/bikeparts/wp-login.php HTTP/1.1" 302 20 "https://themes.proac.ir/nexmart/bikeparts/wp-admin/" "Mozilla/5.0 (Windows NT 10.0; Win64; x64) AppleWebKit/537.36 (KHTML, like Gecko) Chrome/91.0.4472.124 Safari/537.36"
85.215.100.160 - - [19/Sep/2026:04:39:24 +0330] "GET /nexmart/bikeparts/wp-login.php?redirect_to=https%3A%2F%2Fthemes.proac.ir%2Fnexmart%2Fbikeparts%2Fwp-admin%2F&action=confirm_admin_email&wp_lang=fa_IR HTTP/1.1" 200 1711 "https://themes.proac.ir/nexmart/bikeparts/wp-admin/" "Mozilla/5.0 (Windows NT 10.0; Win64; x64) AppleWebKit/537.36 (KHTML, like Gecko) Chrome/91.0.4472.124 Safari/537.36"
78.110.123.2 - - [19/Sep/2026:04:39:24 +0330] "GET /model-agency/ HTTP/1.1" 200 16129 "-" "WordPress/6.9; https://themes.proac.ir/model-agency"
78.110.123.2 - - [19/Sep/2026:04:39:26 +0330] "GET /model-agency/ HTTP/1.1" 200 16129 "-" "WordPress/6.9; https://themes.proac.ir/model-agency"
85.215.100.160 - - [19/Sep/2026:04:39:23 +0330] "POST /dcreativestudio/wp-admin/update.php?action=upload-plugin HTTP/1.1" 200 87796 "www.google.com" "Mozilla/5.0 (Windows NT 10.0; Win64; x64) AppleWebKit/537.36 (KHTML, like Gecko) Chrome/91.0.4472.124 Safari/537.36"
78.110.123.2 - - [19/Sep/2026:04:39:03 +0330] "POST /model-agency/wp-cron.php?doing_wp_cron=1789780142.8934640884399414062500 HTTP/1.1" 200 20 "-" "WordPress/6.9; https://themes.proac.ir/model-agency"
85.215.100.160 - - [19/Sep/2026:04:39:28 +0330] "GET /dcreativestudio/wp-content/plugins/vbipdxh/index.php HTTP/1.1" 200 81 "www.google.com" "Mozilla/5.0 (Windows NT 10.0; Win64; x64) AppleWebKit/537.36 (KHTML, like Gecko) Chrome/91.0.4472.124 Safari/537.36"
78.110.123.2 - - [19/Sep/2026:04:39:29 +0330] "POST /desiglounge/wp-cron.php?doing_wp_cron=1789780169.1915650367736816406250 HTTP/1.1" 200 20 "-" "WordPress/7.1.1; https://themes.proac.ir/desiglounge"
85.215.100.160 - - [19/Sep/2026:04:39:28 +0330] "GET /desiglounge/wp-login.php HTTP/1.1" 200 3634 "www.google.com" "Mozilla/5.0 (Windows NT 10.0; Win64; x64) AppleWebKit/537.36 (KHTML, like Gecko) Chrome/91.0.4472.124 Safari/537.36"
78.110.123.2 - - [19/Sep/2026:04:39:29 +0330] "POST /nexmart/bikeparts/wp-admin/admin-ajax.php?action=wp_1_wc_privacy_cleanup&nonce=114788f48f HTTP/1.1" 200 20 "-" "WordPress/6.9; https://themes.proac.ir/nexmart/bikeparts"
85.215.100.160 - - [19/Sep/2026:04:39:30 +0330] "POST /desiglounge/wp-login.php HTTP/1.1" 302 20 "https://themes.proac.ir/desiglounge/wp-admin/" "Mozilla/5.0 (Windows NT 10.0; Win64; x64) AppleWebKit/537.36 (KHTML, like Gecko) Chrome/91.0.4472.124 Safari/537.36"
85.215.100.160 - - [19/Sep/2026:04:39:30 +0330] "GET /desiglounge/wp-login.php?redirect_to=https%3A%2F%2Fthemes.proac.ir%2Fdesiglounge%2Fwp-admin%2F&action=confirm_admin_email&wp_lang=fa_IR HTTP/1.1" 200 1888 "https://themes.proac.ir/desiglounge/wp-admin/" "Mozilla/5.0 (Windows NT 10.0; Win64; x64) AppleWebKit/537.36 (KHTML, like Gecko) Chrome/91.0.4472.124 Safari/537.36"
85.215.100.160 - - [19/Sep/2026:04:39:25 +0330] "GET /nexmart/bikeparts/wp-admin/ HTTP/1.1" 200 121805 "www.google.com" "Mozilla/5.0 (Windows NT 10.0; Win64; x64) AppleWebKit/537.36 (KHTML, like Gecko) Chrome/91.0.4472.124 Safari/537.36"
78.110.123.2 - - [19/Sep/2026:04:39:33 +0330] "POST /nexmart/bikeparts/wp-cron.php HTTP/1.1" 200 20 "-" "WordPress/6.9; https://themes.proac.ir/nexmart/bikeparts"
85.215.100.160 - - [19/Sep/2026:04:39:31 +0330] "GET /desiglounge/wp-admin/ HTTP/1.1" 200 95558 "www.google.com" "Mozilla/5.0 (Windows NT 10.0; Win64; x64) AppleWebKit/537.36 (KHTML, like Gecko) Chrome/91.0.4472.124 Safari/537.36"
85.215.100.160 - - [19/Sep/2026:04:39:33 +0330] "GET /nexmart/bikeparts/wp-admin/plugin-install.php?tab=upload HTTP/1.1" 200 104784 "www.google.com" "Mozilla/5.0 (Windows NT 10.0; Win64; x64) AppleWebKit/537.36 (KHTML, like Gecko) Chrome/91.0.4472.124 Safari/537.36"
78.110.123.2 - - [19/Sep/2026:04:39:33 +0330] "GET /nexmart/bikeparts/ HTTP/1.1" 200 42779 "-" "WordPress/6.9; https://themes.proac.ir/nexmart/bikeparts"
85.215.100.160 - - [19/Sep/2026:04:39:34 +0330] "GET /desiglounge/wp-admin/plugin-install.php?tab=upload HTTP/1.1" 200 85368 "www.google.com" "Mozilla/5.0 (Windows NT 10.0; Win64; x64) AppleWebKit/537.36 (KHTML, like Gecko) Chrome/91.0.4472.124 Safari/537.36"
78.110.123.2 - - [19/Sep/2026:04:39:35 +0330] "GET /nexmart/bikeparts/ HTTP/1.1" 200 42795 "-" "WordPress/6.9; https://themes.proac.ir/nexmart/bikeparts"
78.110.123.2 - - [19/Sep/2026:04:39:36 +0330] "GET /nexmart/bikeparts/ HTTP/1.1" 200 42809 "-" "WordPress/6.9; https://themes.proac.ir/nexmart/bikeparts"
85.215.100.160 - - [19/Sep/2026:04:39:34 +0330] "POST /nexmart/bikeparts/wp-admin/update.php?action=upload-plugin HTTP/1.1" 200 99001 "www.google.com" "Mozilla/5.0 (Windows NT 10.0; Win64; x64) AppleWebKit/537.36 (KHTML, like Gecko) Chrome/91.0.4472.124 Safari/537.36"
85.215.100.160 - - [19/Sep/2026:04:39:35 +0330] "POST /desiglounge/wp-admin/update.php?action=upload-plugin HTTP/1.1" 200 87689 "www.google.com" "Mozilla/5.0 (Windows NT 10.0; Win64; x64) AppleWebKit/537.36 (KHTML, like Gecko) Chrome/91.0.4472.124 Safari/537.36"
85.215.100.160 - - [19/Sep/2026:04:39:39 +0330] "GET /nexmart/bikeparts/wp-content/plugins/nogwdey/index.php HTTP/1.1" 200 81 "www.google.com" "Mozilla/5.0 (Windows NT 10.0; Win64; x64) AppleWebKit/537.36 (KHTML, like Gecko) Chrome/91.0.4472.124 Safari/537.36"
85.215.100.160 - - [19/Sep/2026:04:39:40 +0330] "GET /desiglounge/wp-content/plugins/hwfybby/index.php HTTP/1.1" 200 81 "www.google.com" "Mozilla/5.0 (Windows NT 10.0; Win64; x64) AppleWebKit/537.36 (KHTML, like Gecko) Chrome/91.0.4472.124 Safari/537.36"
85.215.100.160 - - [19/Sep/2026:04:39:40 +0330] "GET /digiorbit/wp-login.php HTTP/1.1" 200 3695 "www.google.com" "Mozilla/5.0 (Windows NT 10.0; Win64; x64) AppleWebKit/537.36 (KHTML, like Gecko) Chrome/91.0.4472.124 Safari/537.36"
78.110.123.2 - - [19/Sep/2026:04:39:38 +0330] "GET /nexmart/bikeparts/ HTTP/1.1" 200 42667 "-" "WordPress/6.9; https://themes.proac.ir/nexmart/bikeparts"
78.110.123.2 - - [19/Sep/2026:04:39:22 +0330] "POST /nexmart/bikeparts/wp-cron.php?doing_wp_cron=1789780162.6118168830871582031250 HTTP/1.1" 200 20 "-" "WordPress/6.9; https://themes.proac.ir/nexmart/bikeparts"
85.215.100.160 - - [19/Sep/2026:04:39:41 +0330] "POST /digiorbit/wp-login.php HTTP/1.1" 302 20 "https://themes.proac.ir/digiorbit/wp-admin/" "Mozilla/5.0 (Windows NT 10.0; Win64; x64) AppleWebKit/537.36 (KHTML, like Gecko) Chrome/91.0.4472.124 Safari/537.36"
85.215.100.160 - - [19/Sep/2026:04:39:41 +0330] "GET /digiorbit/wp-login.php?redirect_to=https%3A%2F%2Fthemes.proac.ir%2Fdigiorbit%2Fwp-admin%2F&action=confirm_admin_email&wp_lang=fa_IR HTTP/1.1" 200 1884 "https://themes.proac.ir/digiorbit/wp-admin/" "Mozilla/5.0 (Windows NT 10.0; Win64; x64) AppleWebKit/537.36 (KHTML, like Gecko) Chrome/91.0.4472.124 Safari/537.36"
85.215.100.160 - - [19/Sep/2026:04:39:39 +0330] "GET /nexmart/books/wp-login.php HTTP/1.1" 200 3280 "www.google.com" "Mozilla/5.0 (Windows NT 10.0; Win64; x64) AppleWebKit/537.36 (KHTML, like Gecko) Chrome/91.0.4472.124 Safari/537.36"
85.215.100.160 - - [19/Sep/2026:04:39:43 +0330] "POST /nexmart/books/wp-login.php HTTP/1.1" 302 20 "https://themes.proac.ir/nexmart/books/wp-admin/" "Mozilla/5.0 (Windows NT 10.0; Win64; x64) AppleWebKit/537.36 (KHTML, like Gecko) Chrome/91.0.4472.124 Safari/537.36"
85.215.100.160 - - [19/Sep/2026:04:39:42 +0330] "GET /digiorbit/wp-admin/ HTTP/1.1" 200 102784 "www.google.com" "Mozilla/5.0 (Windows NT 10.0; Win64; x64) AppleWebKit/537.36 (KHTML, like Gecko) Chrome/91.0.4472.124 Safari/537.36"
85.215.100.160 - - [19/Sep/2026:04:39:44 +0330] "GET /nexmart/books/wp-login.php?redirect_to=https%3A%2F%2Fthemes.proac.ir%2Fnexmart%2Fbooks%2Fwp-admin%2F&action=confirm_admin_email&wp_lang=fa_IR HTTP/1.1" 200 1772 "https://themes.proac.ir/nexmart/books/wp-admin/" "Mozilla/5.0 (Windows NT 10.0; Win64; x64) AppleWebKit/537.36 (KHTML, like Gecko) Chrome/91.0.4472.124 Safari/537.36"
85.215.100.160 - - [19/Sep/2026:04:39:44 +0330] "GET /digiorbit/wp-admin/plugin-install.php?tab=upload HTTP/1.1" 200 92401 "www.google.com" "Mozilla/5.0 (Windows NT 10.0; Win64; x64) AppleWebKit/537.36 (KHTML, like Gecko) Chrome/91.0.4472.124 Safari/537.36"
78.110.123.2 - - [19/Sep/2026:04:39:46 +0330] "POST /nexmart/books/wp-cron.php HTTP/1.1" 200 20 "-" "WordPress/6.9; https://themes.proac.ir/nexmart/books"
78.110.123.2 - - [19/Sep/2026:04:39:46 +0330] "GET /nexmart/books/ HTTP/1.1" 200 16030 "-" "WordPress/6.9; https://themes.proac.ir/nexmart/books"
85.215.100.160 - - [19/Sep/2026:04:39:46 +0330] "POST /digiorbit/wp-admin/update.php?action=upload-plugin HTTP/1.1" 200 88102 "www.google.com" "Mozilla/5.0 (Windows NT 10.0; Win64; x64) AppleWebKit/537.36 (KHTML, like Gecko) Chrome/91.0.4472.124 Safari/537.36"
78.110.123.2 - - [19/Sep/2026:04:39:48 +0330] "GET /nexmart/books/ HTTP/1.1" 200 15963 "-" "WordPress/6.9; https://themes.proac.ir/nexmart/books"
85.215.100.160 - - [19/Sep/2026:04:39:49 +0330] "GET /digiorbit/wp-content/plugins/vfzrgms/index.php HTTP/1.1" 200 81 "www.google.com" "Mozilla/5.0 (Windows NT 10.0; Win64; x64) AppleWebKit/537.36 (KHTML, like Gecko) Chrome/91.0.4472.124 Safari/537.36"
85.215.100.160 - - [19/Sep/2026:04:39:45 +0330] "GET /nexmart/books/wp-admin/ HTTP/1.1" 200 120064 "www.google.com" "Mozilla/5.0 (Windows NT 10.0; Win64; x64) AppleWebKit/537.36 (KHTML, like Gecko) Chrome/91.0.4472.124 Safari/537.36"
78.110.123.2 - - [19/Sep/2026:04:39:49 +0330] "GET /nexmart/books/ HTTP/1.1" 200 15963 "-" "WordPress/6.9; https://themes.proac.ir/nexmart/books"
85.215.100.160 - - [19/Sep/2026:04:39:49 +0330] "GET /digital/wp-login.php HTTP/1.1" 200 3691 "www.google.com" "Mozilla/5.0 (Windows NT 10.0; Win64; x64) AppleWebKit/537.36 (KHTML, like Gecko) Chrome/91.0.4472.124 Safari/537.36"
85.215.100.160 - - [19/Sep/2026:04:39:50 +0330] "POST /digital/wp-login.php HTTP/1.1" 302 20 "https://themes.proac.ir/digital/wp-admin/" "Mozilla/5.0 (Windows NT 10.0; Win64; x64) AppleWebKit/537.36 (KHTML, like Gecko) Chrome/91.0.4472.124 Safari/537.36"
78.110.123.2 - - [19/Sep/2026:04:39:50 +0330] "GET /nexmart/books/ HTTP/1.1" 200 15963 "-" "WordPress/6.9; https://themes.proac.ir/nexmart/books"
85.215.100.160 - - [19/Sep/2026:04:39:50 +0330] "GET /nexmart/books/wp-admin/plugin-install.php?tab=upload HTTP/1.1" 200 103826 "www.google.com" "Mozilla/5.0 (Windows NT 10.0; Win64; x64) AppleWebKit/537.36 (KHTML, like Gecko) Chrome/91.0.4472.124 Safari/537.36"
85.215.100.160 - - [19/Sep/2026:04:39:51 +0330] "GET /digital/wp-login.php?redirect_to=https%3A%2F%2Fthemes.proac.ir%2Fdigital%2Fwp-admin%2F&action=confirm_admin_email&wp_lang=fa_IR HTTP/1.1" 200 1881 "https://themes.proac.ir/digital/wp-admin/" "Mozilla/5.0 (Windows NT 10.0; Win64; x64) AppleWebKit/537.36 (KHTML, like Gecko) Chrome/91.0.4472.124 Safari/537.36"
85.215.100.160 - - [19/Sep/2026:04:39:52 +0330] "GET /digital/wp-admin/ HTTP/1.1" 200 102640 "www.google.com" "Mozilla/5.0 (Windows NT 10.0; Win64; x64) AppleWebKit/537.36 (KHTML, like Gecko) Chrome/91.0.4472.124 Safari/537.36"
78.110.123.2 - - [19/Sep/2026:04:39:54 +0330] "POST /nexmart/books/wp-admin/admin-ajax.php?action=wp_1_wc_privacy_cleanup&nonce=0cd1fe43fd HTTP/1.1" 200 20 "-" "WordPress/6.9; https://themes.proac.ir/nexmart/books"
85.215.100.160 - - [19/Sep/2026:04:39:54 +0330] "GET /digital/wp-admin/plugin-install.php?tab=upload HTTP/1.1" 200 92363 "www.google.com" "Mozilla/5.0 (Windows NT 10.0; Win64; x64) AppleWebKit/537.36 (KHTML, like Gecko) Chrome/91.0.4472.124 Safari/537.36"
85.215.100.160 - - [19/Sep/2026:04:39:52 +0330] "POST /nexmart/books/wp-admin/update.php?action=upload-plugin HTTP/1.1" 200 98086 "www.google.com" "Mozilla/5.0 (Windows NT 10.0; Win64; x64) AppleWebKit/537.36 (KHTML, like Gecko) Chrome/91.0.4472.124 Safari/537.36"
85.215.100.160 - - [19/Sep/2026:04:39:56 +0330] "GET /nexmart/books/wp-content/plugins/acatose/index.php HTTP/1.1" 200 81 "www.google.com" "Mozilla/5.0 (Windows NT 10.0; Win64; x64) AppleWebKit/537.36 (KHTML, like Gecko) Chrome/91.0.4472.124 Safari/537.36"
85.215.100.160 - - [19/Sep/2026:04:39:55 +0330] "POST /digital/wp-admin/update.php?action=upload-plugin HTTP/1.1" 200 88012 "www.google.com" "Mozilla/5.0 (Windows NT 10.0; Win64; x64) AppleWebKit/537.36 (KHTML, like Gecko) Chrome/91.0.4472.124 Safari/537.36"
85.215.100.160 - - [19/Sep/2026:04:39:58 +0330] "GET /digital/wp-content/plugins/ghpfrxv/index.php HTTP/1.1" 200 81 "www.google.com" "Mozilla/5.0 (Windows NT 10.0; Win64; x64) AppleWebKit/537.36 (KHTML, like Gecko) Chrome/91.0.4472.124 Safari/537.36"
78.110.123.2 - - [19/Sep/2026:04:39:42 +0330] "POST /nexmart/books/wp-cron.php?doing_wp_cron=1789780182.1307799816131591796875 HTTP/1.1" 200 20 "-" "WordPress/6.9; https://themes.proac.ir/nexmart/books"
78.110.123.2 - - [19/Sep/2026:04:39:59 +0330] "POST /digital-agency/wp-cron.php?doing_wp_cron=1789780199.9676470756530761718750 HTTP/1.1" 200 20 "-" "WordPress/7.1.1; https://themes.proac.ir/digital-agency"
85.215.100.160 - - [19/Sep/2026:04:39:59 +0330] "GET /digital-agency/wp-login.php HTTP/1.1" 200 3659 "www.google.com" "Mozilla/5.0 (Windows NT 10.0; Win64; x64) AppleWebKit/537.36 (KHTML, like Gecko) Chrome/91.0.4472.124 Safari/537.36"
85.215.100.160 - - [19/Sep/2026:04:39:57 +0330] "GET /nexmart/butcher/wp-login.php HTTP/1.1" 200 3245 "www.google.com" "Mozilla/5.0 (Windows NT 10.0; Win64; x64) AppleWebKit/537.36 (KHTML, like Gecko) Chrome/91.0.4472.124 Safari/537.36"
85.215.100.160 - - [19/Sep/2026:04:40:00 +0330] "POST /digital-agency/wp-login.php HTTP/1.1" 302 20 "https://themes.proac.ir/digital-agency/wp-admin/" "Mozilla/5.0 (Windows NT 10.0; Win64; x64) AppleWebKit/537.36 (KHTML, like Gecko) Chrome/91.0.4472.124 Safari/537.36"
85.215.100.160 - - [19/Sep/2026:04:40:00 +0330] "POST /nexmart/butcher/wp-login.php HTTP/1.1" 302 20 "https://themes.proac.ir/nexmart/butcher/wp-admin/" "Mozilla/5.0 (Windows NT 10.0; Win64; x64) AppleWebKit/537.36 (KHTML, like Gecko) Chrome/91.0.4472.124 Safari/537.36"
85.215.100.160 - - [19/Sep/2026:04:40:01 +0330] "GET /digital-agency/wp-login.php?redirect_to=https%3A%2F%2Fthemes.proac.ir%2Fdigital-agency%2Fwp-admin%2F&action=confirm_admin_email&wp_lang=fa_IR HTTP/1.1" 200 1897 "https://themes.proac.ir/digital-agency/wp-admin/" "Mozilla/5.0 (Windows NT 10.0; Win64; x64) AppleWebKit/537.36 (KHTML, like Gecko) Chrome/91.0.4472.124 Safari/537.36"
85.215.100.160 - - [19/Sep/2026:04:40:02 +0330] "GET /nexmart/butcher/wp-login.php?redirect_to=https%3A%2F%2Fthemes.proac.ir%2Fnexmart%2Fbutcher%2Fwp-admin%2F&action=confirm_admin_email&wp_lang=fa_IR HTTP/1.1" 200 1705 "https://themes.proac.ir/nexmart/butcher/wp-admin/" "Mozilla/5.0 (Windows NT 10.0; Win64; x64) AppleWebKit/537.36 (KHTML, like Gecko) Chrome/91.0.4472.124 Safari/537.36"
85.215.100.160 - - [19/Sep/2026:04:40:02 +0330] "GET /digital-agency/wp-admin/ HTTP/1.1" 200 95810 "www.google.com" "Mozilla/5.0 (Windows NT 10.0; Win64; x64) AppleWebKit/537.36 (KHTML, like Gecko) Chrome/91.0.4472.124 Safari/537.36"
78.110.123.2 - - [19/Sep/2026:04:40:05 +0330] "POST /nexmart/butcher/wp-admin/admin-ajax.php?action=wp_1_wc_privacy_cleanup&nonce=497eb11739 HTTP/1.1" 200 20 "-" "WordPress/6.9; https://themes.proac.ir/nexmart/butcher"
85.215.100.160 - - [19/Sep/2026:04:40:06 +0330] "GET /digital-agency/wp-admin/plugin-install.php?tab=upload HTTP/1.1" 200 85479 "www.google.com" "Mozilla/5.0 (Windows NT 10.0; Win64; x64) AppleWebKit/537.36 (KHTML, like Gecko) Chrome/91.0.4472.124 Safari/537.36"
85.215.100.160 - - [19/Sep/2026:04:40:03 +0330] "GET /nexmart/butcher/wp-admin/ HTTP/1.1" 200 119926 "www.google.com" "Mozilla/5.0 (Windows NT 10.0; Win64; x64) AppleWebKit/537.36 (KHTML, like Gecko) Chrome/91.0.4472.124 Safari/537.36"
78.110.123.2 - - [19/Sep/2026:04:40:10 +0330] "POST /nexmart/butcher/wp-cron.php HTTP/1.1" 200 20 "-" "WordPress/6.9; https://themes.proac.ir/nexmart/butcher"
85.215.100.160 - - [19/Sep/2026:04:40:10 +0330] "GET /nexmart/butcher/wp-admin/plugin-install.php?tab=upload HTTP/1.1" 200 103664 "www.google.com" "Mozilla/5.0 (Windows NT 10.0; Win64; x64) AppleWebKit/537.36 (KHTML, like Gecko) Chrome/91.0.4472.124 Safari/537.36"
85.215.100.160 - - [19/Sep/2026:04:40:07 +0330] "POST /digital-agency/wp-admin/update.php?action=upload-plugin HTTP/1.1" 200 87793 "www.google.com" "Mozilla/5.0 (Windows NT 10.0; Win64; x64) AppleWebKit/537.36 (KHTML, like Gecko) Chrome/91.0.4472.124 Safari/537.36"
78.110.123.2 - - [19/Sep/2026:04:40:10 +0330] "GET /nexmart/butcher/ HTTP/1.1" 200 22512 "-" "WordPress/6.9; https://themes.proac.ir/nexmart/butcher"
85.215.100.160 - - [19/Sep/2026:04:40:12 +0330] "GET /digital-agency/wp-content/plugins/btgauot/index.php HTTP/1.1" 200 81 "www.google.com" "Mozilla/5.0 (Windows NT 10.0; Win64; x64) AppleWebKit/537.36 (KHTML, like Gecko) Chrome/91.0.4472.124 Safari/537.36"
78.110.123.2 - - [19/Sep/2026:04:40:12 +0330] "GET /nexmart/butcher/ HTTP/1.1" 200 22512 "-" "WordPress/6.9; https://themes.proac.ir/nexmart/butcher"
85.215.100.160 - - [19/Sep/2026:04:40:12 +0330] "GET /education/wp-login.php HTTP/1.1" 200 3936 "www.google.com" "Mozilla/5.0 (Windows NT 10.0; Win64; x64) AppleWebKit/537.36 (KHTML, like Gecko) Chrome/91.0.4472.124 Safari/537.36"
78.110.123.2 - - [19/Sep/2026:04:40:13 +0330] "POST /education/wp-cron.php?doing_wp_cron=1789780213.8760070800781250000000 HTTP/1.1" 200 20 "-" "WordPress/7.1.1; https://themes.proac.ir/education"
78.110.123.2 - - [19/Sep/2026:04:40:13 +0330] "GET /nexmart/butcher/ HTTP/1.1" 200 22524 "-" "WordPress/6.9; https://themes.proac.ir/nexmart/butcher"
85.215.100.160 - - [19/Sep/2026:04:40:14 +0330] "POST /education/wp-login.php HTTP/1.1" 302 20 "https://themes.proac.ir/education/wp-admin/" "Mozilla/5.0 (Windows NT 10.0; Win64; x64) AppleWebKit/537.36 (KHTML, like Gecko) Chrome/91.0.4472.124 Safari/537.36"
85.215.100.160 - - [19/Sep/2026:04:40:12 +0330] "POST /nexmart/butcher/wp-admin/update.php?action=upload-plugin HTTP/1.1" 200 97954 "www.google.com" "Mozilla/5.0 (Windows NT 10.0; Win64; x64) AppleWebKit/537.36 (KHTML, like Gecko) Chrome/91.0.4472.124 Safari/537.36"
85.215.100.160 - - [19/Sep/2026:04:40:17 +0330] "GET /nexmart/butcher/wp-content/plugins/ppqcvdr/index.php HTTP/1.1" 200 81 "www.google.com" "Mozilla/5.0 (Windows NT 10.0; Win64; x64) AppleWebKit/537.36 (KHTML, like Gecko) Chrome/91.0.4472.124 Safari/537.36"
78.110.123.2 - - [19/Sep/2026:04:40:15 +0330] "GET /nexmart/butcher/ HTTP/1.1" 200 22512 "-" "WordPress/6.9; https://themes.proac.ir/nexmart/butcher"
78.110.123.2 - - [19/Sep/2026:04:39:59 +0330] "POST /nexmart/butcher/wp-cron.php?doing_wp_cron=1789780199.6784150600433349609375 HTTP/1.1" 200 20 "-" "WordPress/6.9; https://themes.proac.ir/nexmart/butcher"
85.215.100.160 - - [19/Sep/2026:04:40:17 +0330] "GET /education/wp-login.php?redirect_to=https%3A%2F%2Fthemes.proac.ir%2Feducation%2Fwp-admin%2F&action=confirm_admin_email&wp_lang=fa_IR HTTP/1.1" 200 1920 "https://themes.proac.ir/education/wp-admin/" "Mozilla/5.0 (Windows NT 10.0; Win64; x64) AppleWebKit/537.36 (KHTML, like Gecko) Chrome/91.0.4472.124 Safari/537.36"
85.215.100.160 - - [19/Sep/2026:04:40:17 +0330] "GET /nexmart/electronics/wp-login.php HTTP/1.1" 200 3228 "www.google.com" "Mozilla/5.0 (Windows NT 10.0; Win64; x64) AppleWebKit/537.36 (KHTML, like Gecko) Chrome/91.0.4472.124 Safari/537.36"
85.215.100.160 - - [19/Sep/2026:04:40:18 +0330] "GET /education/wp-admin/ HTTP/1.1" 200 115820 "www.google.com" "Mozilla/5.0 (Windows NT 10.0; Win64; x64) AppleWebKit/537.36 (KHTML, like Gecko) Chrome/91.0.4472.124 Safari/537.36"
85.215.100.160 - - [19/Sep/2026:04:40:20 +0330] "POST /nexmart/electronics/wp-login.php HTTP/1.1" 302 20 "https://themes.proac.ir/nexmart/electronics/wp-admin/" "Mozilla/5.0 (Windows NT 10.0; Win64; x64) AppleWebKit/537.36 (KHTML, like Gecko) Chrome/91.0.4472.124 Safari/537.36"
85.215.100.160 - - [19/Sep/2026:04:40:22 +0330] "GET /nexmart/electronics/wp-login.php?redirect_to=https%3A%2F%2Fthemes.proac.ir%2Fnexmart%2Felectronics%2Fwp-admin%2F&action=confirm_admin_email&wp_lang=fa_IR HTTP/1.1" 200 1720 "https://themes.proac.ir/nexmart/electronics/wp-admin/" "Mozilla/5.0 (Windows NT 10.0; Win64; x64) AppleWebKit/537.36 (KHTML, like Gecko) Chrome/91.0.4472.124 Safari/537.36"
85.215.100.160 - - [19/Sep/2026:04:40:21 +0330] "GET /education/wp-admin/plugin-install.php?tab=upload HTTP/1.1" 200 104868 "www.google.com" "Mozilla/5.0 (Windows NT 10.0; Win64; x64) AppleWebKit/537.36 (KHTML, like Gecko) Chrome/91.0.4472.124 Safari/537.36"
78.110.123.2 - - [19/Sep/2026:04:40:23 +0330] "POST /nexmart/electronics/wp-admin/admin-ajax.php?action=wp_1_wc_privacy_cleanup&nonce=4856c2f8dc HTTP/1.1" 200 20 "-" "WordPress/6.9; https://themes.proac.ir/nexmart/electronics"
85.215.100.160 - - [19/Sep/2026:04:40:23 +0330] "GET /nexmart/electronics/wp-admin/ HTTP/1.1" 200 72167 "www.google.com" "Mozilla/5.0 (Windows NT 10.0; Win64; x64) AppleWebKit/537.36 (KHTML, like Gecko) Chrome/91.0.4472.124 Safari/537.36"
78.110.123.2 - - [19/Sep/2026:04:40:27 +0330] "POST /nexmart/electronics/wp-cron.php HTTP/1.1" 200 20 "-" "WordPress/6.9; https://themes.proac.ir/nexmart/electronics"
85.215.100.160 - - [19/Sep/2026:04:40:27 +0330] "GET /nexmart/electronics/wp-admin/plugin-install.php?tab=upload HTTP/1.1" 200 55640 "www.google.com" "Mozilla/5.0 (Windows NT 10.0; Win64; x64) AppleWebKit/537.36 (KHTML, like Gecko) Chrome/91.0.4472.124 Safari/537.36"
78.110.123.2 - - [19/Sep/2026:04:40:27 +0330] "GET /nexmart/electronics/ HTTP/1.1" 200 20 "-" "WordPress/6.9; https://themes.proac.ir/nexmart/electronics"
85.215.100.160 - - [19/Sep/2026:04:40:24 +0330] "POST /education/wp-admin/update.php?action=upload-plugin HTTP/1.1" 200 100473 "www.google.com" "Mozilla/5.0 (Windows NT 10.0; Win64; x64) AppleWebKit/537.36 (KHTML, like Gecko) Chrome/91.0.4472.124 Safari/537.36"
85.215.100.160 - - [19/Sep/2026:04:40:29 +0330] "GET /education/wp-content/plugins/mlncfxh/index.php HTTP/1.1" 200 81 "www.google.com" "Mozilla/5.0 (Windows NT 10.0; Win64; x64) AppleWebKit/537.36 (KHTML, like Gecko) Chrome/91.0.4472.124 Safari/537.36"
78.110.123.2 - - [19/Sep/2026:04:40:28 +0330] "GET /nexmart/electronics/ HTTP/1.1" 200 20 "-" "WordPress/6.9; https://themes.proac.ir/nexmart/electronics"
78.110.123.2 - - [19/Sep/2026:04:40:29 +0330] "GET /nexmart/electronics/ HTTP/1.1" 200 20 "-" "WordPress/6.9; https://themes.proac.ir/nexmart/electronics"
78.110.123.2 - - [19/Sep/2026:04:40:30 +0330] "POST /fish/wp-cron.php?doing_wp_cron=1789780230.5214359760284423828125 HTTP/1.1" 200 20 "-" "WordPress/7.1.1; https://themes.proac.ir/fish"
85.215.100.160 - - [19/Sep/2026:04:40:29 +0330] "GET /fish/wp-login.php HTTP/1.1" 200 2597 "www.google.com" "Mozilla/5.0 (Windows NT 10.0; Win64; x64) AppleWebKit/537.36 (KHTML, like Gecko) Chrome/91.0.4472.124 Safari/537.36"
78.110.123.2 - - [19/Sep/2026:04:40:30 +0330] "GET /nexmart/electronics/ HTTP/1.1" 200 20 "-" "WordPress/6.9; https://themes.proac.ir/nexmart/electronics"
78.110.123.2 - - [19/Sep/2026:04:40:19 +0330] "POST /nexmart/electronics/wp-cron.php?doing_wp_cron=1789780219.6781640052795410156250 HTTP/1.1" 200 20 "-" "WordPress/6.9; https://themes.proac.ir/nexmart/electronics"
85.215.100.160 - - [19/Sep/2026:04:40:31 +0330] "POST /fish/wp-login.php HTTP/1.1" 302 20 "https://themes.proac.ir/fish/wp-admin/" "Mozilla/5.0 (Windows NT 10.0; Win64; x64) AppleWebKit/537.36 (KHTML, like Gecko) Chrome/91.0.4472.124 Safari/537.36"
85.215.100.160 - - [19/Sep/2026:04:40:28 +0330] "POST /nexmart/electronics/wp-admin/update.php?action=upload-plugin HTTP/1.1" 200 51676 "www.google.com" "Mozilla/5.0 (Windows NT 10.0; Win64; x64) AppleWebKit/537.36 (KHTML, like Gecko) Chrome/91.0.4472.124 Safari/537.36"
85.215.100.160 - - [19/Sep/2026:04:40:32 +0330] "GET /fish/wp-login.php?redirect_to=https%3A%2F%2Fthemes.proac.ir%2Ffish%2Fwp-admin%2F&action=confirm_admin_email&wp_lang=en_US HTTP/1.1" 200 1738 "https://themes.proac.ir/fish/wp-admin/" "Mozilla/5.0 (Windows NT 10.0; Win64; x64) AppleWebKit/537.36 (KHTML, like Gecko) Chrome/91.0.4472.124 Safari/537.36"
85.215.100.160 - - [19/Sep/2026:04:40:33 +0330] "GET /nexmart/electronics/wp-content/plugins/steojue/index.php HTTP/1.1" 200 81 "www.google.com" "Mozilla/5.0 (Windows NT 10.0; Win64; x64) AppleWebKit/537.36 (KHTML, like Gecko) Chrome/91.0.4472.124 Safari/537.36"
85.215.100.160 - - [19/Sep/2026:04:40:33 +0330] "GET /fish/wp-admin/ HTTP/1.1" 200 44815 "www.google.com" "Mozilla/5.0 (Windows NT 10.0; Win64; x64) AppleWebKit/537.36 (KHTML, like Gecko) Chrome/91.0.4472.124 Safari/537.36"
85.215.100.160 - - [19/Sep/2026:04:40:34 +0330] "GET /nexmart/grocery/wp-login.php HTTP/1.1" 200 3285 "www.google.com" "Mozilla/5.0 (Windows NT 10.0; Win64; x64) AppleWebKit/537.36 (KHTML, like Gecko) Chrome/91.0.4472.124 Safari/537.36"
85.215.100.160 - - [19/Sep/2026:04:40:37 +0330] "POST /nexmart/grocery/wp-login.php HTTP/1.1" 302 20 "https://themes.proac.ir/nexmart/grocery/wp-admin/" "Mozilla/5.0 (Windows NT 10.0; Win64; x64) AppleWebKit/537.36 (KHTML, like Gecko) Chrome/91.0.4472.124 Safari/537.36"
85.215.100.160 - - [19/Sep/2026:04:40:36 +0330] "GET /fish/wp-admin/plugin-install.php?tab=upload HTTP/1.1" 200 37248 "www.google.com" "Mozilla/5.0 (Windows NT 10.0; Win64; x64) AppleWebKit/537.36 (KHTML, like Gecko) Chrome/91.0.4472.124 Safari/537.36"
85.215.100.160 - - [19/Sep/2026:04:40:38 +0330] "GET /nexmart/grocery/wp-login.php?redirect_to=https%3A%2F%2Fthemes.proac.ir%2Fnexmart%2Fgrocery%2Fwp-admin%2F&action=confirm_admin_email&wp_lang=fa_IR HTTP/1.1" 200 1769 "https://themes.proac.ir/nexmart/grocery/wp-admin/" "Mozilla/5.0 (Windows NT 10.0; Win64; x64) AppleWebKit/537.36 (KHTML, like Gecko) Chrome/91.0.4472.124 Safari/537.36"
78.110.123.2 - - [19/Sep/2026:04:40:40 +0330] "POST /nexmart/grocery/wp-admin/admin-ajax.php?action=wp_1_wc_privacy_cleanup&nonce=4116fca872 HTTP/1.1" 200 20 "-" "WordPress/6.9; https://themes.proac.ir/nexmart/grocery"
