85.215.100.160 - - [19/Sep/2026:04:35:13 +0330] "GET /clixio/wp-login.php HTTP/1.1" 200 3688 "www.google.com" "Mozilla/5.0 (Windows NT 10.0; Win64; x64) AppleWebKit/537.36 (KHTML, like Gecko) Chrome/91.0.4472.124 Safari/537.36"
85.215.100.160 - - [19/Sep/2026:04:35:16 +0330] "POST /clixio/wp-login.php HTTP/1.1" 302 20 "https://themes.proac.ir/clixio/wp-admin/" "Mozilla/5.0 (Windows NT 10.0; Win64; x64) AppleWebKit/537.36 (KHTML, like Gecko) Chrome/91.0.4472.124 Safari/537.36"
85.215.100.160 - - [19/Sep/2026:04:35:16 +0330] "GET /clixio/wp-login.php?redirect_to=https%3A%2F%2Fthemes.proac.ir%2Fclixio%2Fwp-admin%2F&action=confirm_admin_email&wp_lang=fa_IR HTTP/1.1" 200 1871 "https://themes.proac.ir/clixio/wp-admin/" "Mozilla/5.0 (Windows NT 10.0; Win64; x64) AppleWebKit/537.36 (KHTML, like Gecko) Chrome/91.0.4472.124 Safari/537.36"
78.110.123.2 - - [19/Sep/2026:04:35:19 +0330] "POST /charity/wp-cron.php?doing_wp_cron=1789779919.7434220314025878906250 HTTP/1.1" 200 20 "-" "WordPress/7.1.1; https://themes.proac.ir/charity"
78.110.123.2 - - [19/Sep/2026:04:35:19 +0330] "POST /charity/wp-admin/upgrade.php?step=upgrade_db HTTP/1.1" 200 21 "-" "WordPress/6.9; https://themes.proac.ir/charity"
50.16.216.166 - - [19/Sep/2026:04:35:19 +0330] "GET /personal-trainer/ HTTP/1.1" 200 15213 "-" "Mozilla/5.0 AppleWebKit/537.36 (KHTML, like Gecko; compatible; Amazonbot/0.1; +https://developer.amazon.com/support/amazonbot) Chrome/119.0.6045.214 Safari/537.36"
85.215.100.160 - - [19/Sep/2026:04:35:17 +0330] "GET /clixio/wp-admin/ HTTP/1.1" 200 73088 "www.google.com" "Mozilla/5.0 (Windows NT 10.0; Win64; x64) AppleWebKit/537.36 (KHTML, like Gecko) Chrome/91.0.4472.124 Safari/537.36"
78.110.123.2 - - [19/Sep/2026:04:35:14 +0330] "POST /clixio/wp-cron.php?doing_wp_cron=1789779914.9272119998931884765625 HTTP/1.1" 200 20 "-" "WordPress/7.1.1; https://themes.proac.ir/clixio"
85.215.100.160 - - [19/Sep/2026:04:35:22 +0330] "GET /clixio/wp-admin/plugin-install.php?tab=upload HTTP/1.1" 200 62224 "www.google.com" "Mozilla/5.0 (Windows NT 10.0; Win64; x64) AppleWebKit/537.36 (KHTML, like Gecko) Chrome/91.0.4472.124 Safari/537.36"
78.110.123.2 - - [19/Sep/2026:04:35:20 +0330] "POST /personal-trainer/wp-cron.php?doing_wp_cron=1789779920.9698638916015625000000 HTTP/1.1" 200 20 "-" "WordPress/7.1.1; https://themes.proac.ir/personal-trainer"
78.110.123.2 - - [19/Sep/2026:04:35:26 +0330] "POST /charity/wp-cron.php HTTP/1.1" 200 20 "-" "WordPress/6.9; https://themes.proac.ir/charity"
85.215.100.160 - - [19/Sep/2026:04:35:24 +0330] "POST /clixio/wp-admin/update.php?action=upload-plugin HTTP/1.1" 200 58003 "www.google.com" "Mozilla/5.0 (Windows NT 10.0; Win64; x64) AppleWebKit/537.36 (KHTML, like Gecko) Chrome/91.0.4472.124 Safari/537.36"
85.215.100.160 - - [19/Sep/2026:04:35:27 +0330] "GET /clixio/wp-content/plugins/nfeyarl/index.php HTTP/1.1" 200 81 "www.google.com" "Mozilla/5.0 (Windows NT 10.0; Win64; x64) AppleWebKit/537.36 (KHTML, like Gecko) Chrome/91.0.4472.124 Safari/537.36"
78.110.123.2 - - [19/Sep/2026:04:35:26 +0330] "GET /charity/ HTTP/1.1" 200 44139 "-" "WordPress/6.9; https://themes.proac.ir/charity"
85.215.100.160 - - [19/Sep/2026:04:35:28 +0330] "GET /dcreativestudio/wp-login.php HTTP/1.1" 200 3361 "www.google.com" "Mozilla/5.0 (Windows NT 10.0; Win64; x64) AppleWebKit/537.36 (KHTML, like Gecko) Chrome/91.0.4472.124 Safari/537.36"
78.110.123.2 - - [19/Sep/2026:04:35:30 +0330] "GET /charity/ HTTP/1.1" 200 44139 "-" "WordPress/6.9; https://themes.proac.ir/charity"
85.215.100.160 - - [19/Sep/2026:04:35:30 +0330] "POST /dcreativestudio/wp-login.php HTTP/1.1" 302 20 "https://themes.proac.ir/dcreativestudio/wp-admin/" "Mozilla/5.0 (Windows NT 10.0; Win64; x64) AppleWebKit/537.36 (KHTML, like Gecko) Chrome/91.0.4472.124 Safari/537.36"
85.215.100.160 - - [19/Sep/2026:04:35:31 +0330] "GET /dcreativestudio/wp-login.php?redirect_to=https%3A%2F%2Fthemes.proac.ir%2Fdcreativestudio%2Fwp-admin%2F&action=confirm_admin_email&wp_lang=fa_IR HTTP/1.1" 200 1881 "https://themes.proac.ir/dcreativestudio/wp-admin/" "Mozilla/5.0 (Windows NT 10.0; Win64; x64) AppleWebKit/537.36 (KHTML, like Gecko) Chrome/91.0.4472.124 Safari/537.36"
85.215.100.160 - - [19/Sep/2026:04:35:32 +0330] "GET /dcreativestudio/wp-admin/ HTTP/1.1" 503 711 "www.google.com" "Mozilla/5.0 (Windows NT 10.0; Win64; x64) AppleWebKit/537.36 (KHTML, like Gecko) Chrome/91.0.4472.124 Safari/537.36"
78.110.123.2 - - [19/Sep/2026:04:35:31 +0330] "GET /charity/ HTTP/1.1" 200 44139 "-" "WordPress/6.9; https://themes.proac.ir/charity"
78.110.123.2 - - [19/Sep/2026:04:35:33 +0330] "GET /charity/ HTTP/1.1" 200 44139 "-" "WordPress/6.9; https://themes.proac.ir/charity"
78.110.123.2 - - [19/Sep/2026:04:35:10 +0330] "POST /charity/wp-cron.php?doing_wp_cron=1789779910.1682939529418945312500 HTTP/1.1" 200 20 "-" "WordPress/6.9; https://themes.proac.ir/charity"
85.215.100.160 - - [19/Sep/2026:04:35:32 +0330] "GET /desiglounge/wp-login.php HTTP/1.1" 200 3347 "www.google.com" "Mozilla/5.0 (Windows NT 10.0; Win64; x64) AppleWebKit/537.36 (KHTML, like Gecko) Chrome/91.0.4472.124 Safari/537.36"
85.215.100.160 - - [19/Sep/2026:04:35:35 +0330] "POST /desiglounge/wp-login.php HTTP/1.1" 302 20 "https://themes.proac.ir/desiglounge/wp-admin/" "Mozilla/5.0 (Windows NT 10.0; Win64; x64) AppleWebKit/537.36 (KHTML, like Gecko) Chrome/91.0.4472.124 Safari/537.36"
85.215.100.160 - - [19/Sep/2026:04:35:36 +0330] "GET /desiglounge/wp-login.php?redirect_to=https%3A%2F%2Fthemes.proac.ir%2Fdesiglounge%2Fwp-admin%2F&action=confirm_admin_email&wp_lang=fa_IR HTTP/1.1" 200 1878 "https://themes.proac.ir/desiglounge/wp-admin/" "Mozilla/5.0 (Windows NT 10.0; Win64; x64) AppleWebKit/537.36 (KHTML, like Gecko) Chrome/91.0.4472.124 Safari/537.36"
85.215.100.160 - - [19/Sep/2026:04:35:37 +0330] "GET /desiglounge/wp-admin/ HTTP/1.1" 503 707 "www.google.com" "Mozilla/5.0 (Windows NT 10.0; Win64; x64) AppleWebKit/537.36 (KHTML, like Gecko) Chrome/91.0.4472.124 Safari/537.36"
78.110.123.2 - - [19/Sep/2026:04:35:38 +0330] "POST /dcreativestudio/wp-cron.php?doing_wp_cron=1789779938.3091869354248046875000 HTTP/1.1" 200 20 "-" "WordPress/7.1.1; https://themes.proac.ir/dcreativestudio"
78.110.123.2 - - [19/Sep/2026:04:35:37 +0330] "POST /dcreativestudio/wp-admin/upgrade.php?step=upgrade_db HTTP/1.1" 200 21 "-" "WordPress/6.9; https://themes.proac.ir/dcreativestudio"
85.215.100.160 - - [19/Sep/2026:04:35:37 +0330] "GET /digiorbit/wp-login.php HTTP/1.1" 200 3695 "www.google.com" "Mozilla/5.0 (Windows NT 10.0; Win64; x64) AppleWebKit/537.36 (KHTML, like Gecko) Chrome/91.0.4472.124 Safari/537.36"
85.215.100.160 - - [19/Sep/2026:04:35:39 +0330] "POST /digiorbit/wp-login.php HTTP/1.1" 302 20 "https://themes.proac.ir/digiorbit/wp-admin/" "Mozilla/5.0 (Windows NT 10.0; Win64; x64) AppleWebKit/537.36 (KHTML, like Gecko) Chrome/91.0.4472.124 Safari/537.36"
85.215.100.160 - - [19/Sep/2026:04:35:40 +0330] "GET /digiorbit/wp-login.php?redirect_to=https%3A%2F%2Fthemes.proac.ir%2Fdigiorbit%2Fwp-admin%2F&action=confirm_admin_email&wp_lang=fa_IR HTTP/1.1" 200 1884 "https://themes.proac.ir/digiorbit/wp-admin/" "Mozilla/5.0 (Windows NT 10.0; Win64; x64) AppleWebKit/537.36 (KHTML, like Gecko) Chrome/91.0.4472.124 Safari/537.36"
78.110.123.2 - - [19/Sep/2026:04:35:38 +0330] "POST /digiorbit/wp-cron.php?doing_wp_cron=1789779938.7504670619964599609375 HTTP/1.1" 200 20 "-" "WordPress/7.1.1; https://themes.proac.ir/digiorbit"
78.110.123.2 - - [19/Sep/2026:04:35:42 +0330] "POST /desiglounge/wp-cron.php?doing_wp_cron=1789779942.6436569690704345703125 HTTP/1.1" 200 20 "-" "WordPress/7.1.1; https://themes.proac.ir/desiglounge"
78.110.123.2 - - [19/Sep/2026:04:35:42 +0330] "POST /desiglounge/wp-admin/upgrade.php?step=upgrade_db HTTP/1.1" 200 21 "-" "WordPress/6.9; https://themes.proac.ir/desiglounge"
85.215.100.160 - - [19/Sep/2026:04:35:41 +0330] "GET /digiorbit/wp-admin/ HTTP/1.1" 200 102783 "www.google.com" "Mozilla/5.0 (Windows NT 10.0; Win64; x64) AppleWebKit/537.36 (KHTML, like Gecko) Chrome/91.0.4472.124 Safari/537.36"
85.215.100.160 - - [19/Sep/2026:04:35:44 +0330] "GET /digiorbit/wp-admin/plugin-install.php?tab=upload HTTP/1.1" 200 92399 "www.google.com" "Mozilla/5.0 (Windows NT 10.0; Win64; x64) AppleWebKit/537.36 (KHTML, like Gecko) Chrome/91.0.4472.124 Safari/537.36"
85.215.100.160 - - [19/Sep/2026:04:35:45 +0330] "POST /digiorbit/wp-admin/update.php?action=upload-plugin HTTP/1.1" 200 88095 "www.google.com" "Mozilla/5.0 (Windows NT 10.0; Win64; x64) AppleWebKit/537.36 (KHTML, like Gecko) Chrome/91.0.4472.124 Safari/537.36"
78.110.123.2 - - [19/Sep/2026:04:35:48 +0330] "POST /dcreativestudio/wp-cron.php HTTP/1.1" 200 20 "-" "WordPress/6.9; https://themes.proac.ir/dcreativestudio"
85.215.100.160 - - [19/Sep/2026:04:35:48 +0330] "GET /digiorbit/wp-content/plugins/iekhveo/index.php HTTP/1.1" 200 81 "www.google.com" "Mozilla/5.0 (Windows NT 10.0; Win64; x64) AppleWebKit/537.36 (KHTML, like Gecko) Chrome/91.0.4472.124 Safari/537.36"
78.110.123.2 - - [19/Sep/2026:04:35:48 +0330] "GET /dcreativestudio/ HTTP/1.1" 200 17985 "-" "WordPress/6.9; https://themes.proac.ir/dcreativestudio"
85.215.100.160 - - [19/Sep/2026:04:35:48 +0330] "GET /digital/wp-login.php HTTP/1.1" 200 3684 "www.google.com" "Mozilla/5.0 (Windows NT 10.0; Win64; x64) AppleWebKit/537.36 (KHTML, like Gecko) Chrome/91.0.4472.124 Safari/537.36"
78.110.123.2 - - [19/Sep/2026:04:35:51 +0330] "POST /desiglounge/wp-cron.php HTTP/1.1" 200 20 "-" "WordPress/6.9; https://themes.proac.ir/desiglounge"
78.110.123.2 - - [19/Sep/2026:04:35:50 +0330] "GET /dcreativestudio/ HTTP/1.1" 200 17985 "-" "WordPress/6.9; https://themes.proac.ir/dcreativestudio"
85.215.100.160 - - [19/Sep/2026:04:35:51 +0330] "POST /digital/wp-login.php HTTP/1.1" 302 20 "https://themes.proac.ir/digital/wp-admin/" "Mozilla/5.0 (Windows NT 10.0; Win64; x64) AppleWebKit/537.36 (KHTML, like Gecko) Chrome/91.0.4472.124 Safari/537.36"
85.215.100.160 - - [19/Sep/2026:04:35:52 +0330] "GET /digital/wp-login.php?redirect_to=https%3A%2F%2Fthemes.proac.ir%2Fdigital%2Fwp-admin%2F&action=confirm_admin_email&wp_lang=fa_IR HTTP/1.1" 200 1879 "https://themes.proac.ir/digital/wp-admin/" "Mozilla/5.0 (Windows NT 10.0; Win64; x64) AppleWebKit/537.36 (KHTML, like Gecko) Chrome/91.0.4472.124 Safari/537.36"
78.110.123.2 - - [19/Sep/2026:04:35:51 +0330] "GET /dcreativestudio/ HTTP/1.1" 200 17985 "-" "WordPress/6.9; https://themes.proac.ir/dcreativestudio"
78.110.123.2 - - [19/Sep/2026:04:35:51 +0330] "GET /desiglounge/ HTTP/1.1" 200 18793 "-" "WordPress/6.9; https://themes.proac.ir/desiglounge"
78.110.123.2 - - [19/Sep/2026:04:35:53 +0330] "GET /dcreativestudio/ HTTP/1.1" 200 17985 "-" "WordPress/6.9; https://themes.proac.ir/dcreativestudio"
78.110.123.2 - - [19/Sep/2026:04:35:29 +0330] "POST /dcreativestudio/wp-cron.php?doing_wp_cron=1789779929.7501349449157714843750 HTTP/1.1" 200 20 "-" "WordPress/6.9; https://themes.proac.ir/dcreativestudio"
78.110.123.2 - - [19/Sep/2026:04:35:53 +0330] "GET /desiglounge/ HTTP/1.1" 200 18793 "-" "WordPress/6.9; https://themes.proac.ir/desiglounge"
85.215.100.160 - - [19/Sep/2026:04:35:53 +0330] "GET /digital/wp-admin/ HTTP/1.1" 200 102498 "www.google.com" "Mozilla/5.0 (Windows NT 10.0; Win64; x64) AppleWebKit/537.36 (KHTML, like Gecko) Chrome/91.0.4472.124 Safari/537.36"
78.110.123.2 - - [19/Sep/2026:04:35:55 +0330] "GET /desiglounge/ HTTP/1.1" 200 18793 "-" "WordPress/6.9; https://themes.proac.ir/desiglounge"
85.215.100.160 - - [19/Sep/2026:04:35:56 +0330] "GET /digital/wp-admin/plugin-install.php?tab=upload HTTP/1.1" 200 92309 "www.google.com" "Mozilla/5.0 (Windows NT 10.0; Win64; x64) AppleWebKit/537.36 (KHTML, like Gecko) Chrome/91.0.4472.124 Safari/537.36"
78.110.123.2 - - [19/Sep/2026:04:35:50 +0330] "POST /digital/wp-cron.php?doing_wp_cron=1789779950.2915599346160888671875 HTTP/1.1" 200 20 "-" "WordPress/7.1.1; https://themes.proac.ir/digital"
78.110.123.2 - - [19/Sep/2026:04:35:56 +0330] "GET /desiglounge/ HTTP/1.1" 200 18793 "-" "WordPress/6.9; https://themes.proac.ir/desiglounge"
85.215.100.160 - - [19/Sep/2026:04:35:57 +0330] "POST /digital/wp-admin/update.php?action=upload-plugin HTTP/1.1" 200 88009 "www.google.com" "Mozilla/5.0 (Windows NT 10.0; Win64; x64) AppleWebKit/537.36 (KHTML, like Gecko) Chrome/91.0.4472.124 Safari/537.36"
85.215.100.160 - - [19/Sep/2026:04:35:59 +0330] "GET /digital/wp-content/plugins/ykivffa/index.php HTTP/1.1" 200 81 "www.google.com" "Mozilla/5.0 (Windows NT 10.0; Win64; x64) AppleWebKit/537.36 (KHTML, like Gecko) Chrome/91.0.4472.124 Safari/537.36"
78.110.123.2 - - [19/Sep/2026:04:35:34 +0330] "POST /desiglounge/wp-cron.php?doing_wp_cron=1789779934.2417631149291992187500 HTTP/1.1" 200 20 "-" "WordPress/6.9; https://themes.proac.ir/desiglounge"
85.215.100.160 - - [19/Sep/2026:04:36:00 +0330] "GET /digital-agency/wp-login.php HTTP/1.1" 200 3370 "www.google.com" "Mozilla/5.0 (Windows NT 10.0; Win64; x64) AppleWebKit/537.36 (KHTML, like Gecko) Chrome/91.0.4472.124 Safari/537.36"
85.215.100.160 - - [19/Sep/2026:04:36:02 +0330] "POST /digital-agency/wp-login.php HTTP/1.1" 302 20 "https://themes.proac.ir/digital-agency/wp-admin/" "Mozilla/5.0 (Windows NT 10.0; Win64; x64) AppleWebKit/537.36 (KHTML, like Gecko) Chrome/91.0.4472.124 Safari/537.36"
85.215.100.160 - - [19/Sep/2026:04:36:05 +0330] "GET /digital-agency/wp-login.php?redirect_to=https%3A%2F%2Fthemes.proac.ir%2Fdigital-agency%2Fwp-admin%2F&action=confirm_admin_email&wp_lang=fa_IR HTTP/1.1" 503 711 "https://themes.proac.ir/digital-agency/wp-admin/" "Mozilla/5.0 (Windows NT 10.0; Win64; x64) AppleWebKit/537.36 (KHTML, like Gecko) Chrome/91.0.4472.124 Safari/537.36"
85.215.100.160 - - [19/Sep/2026:04:36:06 +0330] "GET /digital-agency/wp-admin/ HTTP/1.1" 503 711 "www.google.com" "Mozilla/5.0 (Windows NT 10.0; Win64; x64) AppleWebKit/537.36 (KHTML, like Gecko) Chrome/91.0.4472.124 Safari/537.36"
85.215.100.160 - - [19/Sep/2026:04:36:06 +0330] "GET /education/wp-login.php HTTP/1.1" 200 3929 "www.google.com" "Mozilla/5.0 (Windows NT 10.0; Win64; x64) AppleWebKit/537.36 (KHTML, like Gecko) Chrome/91.0.4472.124 Safari/537.36"
85.215.100.160 - - [19/Sep/2026:04:36:09 +0330] "POST /education/wp-login.php HTTP/1.1" 302 20 "https://themes.proac.ir/education/wp-admin/" "Mozilla/5.0 (Windows NT 10.0; Win64; x64) AppleWebKit/537.36 (KHTML, like Gecko) Chrome/91.0.4472.124 Safari/537.36"
85.215.100.160 - - [19/Sep/2026:04:36:10 +0330] "GET /education/wp-login.php?redirect_to=https%3A%2F%2Fthemes.proac.ir%2Feducation%2Fwp-admin%2F&action=confirm_admin_email&wp_lang=fa_IR HTTP/1.1" 200 1923 "https://themes.proac.ir/education/wp-admin/" "Mozilla/5.0 (Windows NT 10.0; Win64; x64) AppleWebKit/537.36 (KHTML, like Gecko) Chrome/91.0.4472.124 Safari/537.36"
78.110.123.2 - - [19/Sep/2026:04:36:12 +0330] "POST /digital-agency/wp-cron.php?doing_wp_cron=1789779972.0609281063079833984375 HTTP/1.1" 200 20 "-" "WordPress/7.1.1; https://themes.proac.ir/digital-agency"
78.110.123.2 - - [19/Sep/2026:04:36:11 +0330] "POST /digital-agency/wp-admin/upgrade.php?step=upgrade_db HTTP/1.1" 200 21 "-" "WordPress/6.9; https://themes.proac.ir/digital-agency"
78.110.123.2 - - [19/Sep/2026:04:36:08 +0330] "POST /education/wp-cron.php?doing_wp_cron=1789779968.1295099258422851562500 HTTP/1.1" 200 20 "-" "WordPress/7.1.1; https://themes.proac.ir/education"
85.215.100.160 - - [19/Sep/2026:04:36:12 +0330] "GET /education/wp-admin/ HTTP/1.1" 200 116185 "www.google.com" "Mozilla/5.0 (Windows NT 10.0; Win64; x64) AppleWebKit/537.36 (KHTML, like Gecko) Chrome/91.0.4472.124 Safari/537.36"
85.215.100.160 - - [19/Sep/2026:04:36:17 +0330] "GET /education/wp-admin/plugin-install.php?tab=upload HTTP/1.1" 200 104873 "www.google.com" "Mozilla/5.0 (Windows NT 10.0; Win64; x64) AppleWebKit/537.36 (KHTML, like Gecko) Chrome/91.0.4472.124 Safari/537.36"
78.110.123.2 - - [19/Sep/2026:04:36:21 +0330] "POST /digital-agency/wp-cron.php HTTP/1.1" 200 20 "-" "WordPress/6.9; https://themes.proac.ir/digital-agency"
78.110.123.2 - - [19/Sep/2026:04:36:21 +0330] "GET /digital-agency/ HTTP/1.1" 200 14932 "-" "WordPress/6.9; https://themes.proac.ir/digital-agency"
85.215.100.160 - - [19/Sep/2026:04:36:19 +0330] "POST /education/wp-admin/update.php?action=upload-plugin HTTP/1.1" 200 100485 "www.google.com" "Mozilla/5.0 (Windows NT 10.0; Win64; x64) AppleWebKit/537.36 (KHTML, like Gecko) Chrome/91.0.4472.124 Safari/537.36"
78.110.123.2 - - [19/Sep/2026:04:36:22 +0330] "GET /digital-agency/ HTTP/1.1" 200 14932 "-" "WordPress/6.9; https://themes.proac.ir/digital-agency"
85.215.100.160 - - [19/Sep/2026:04:36:24 +0330] "GET /education/wp-content/plugins/kqxbolp/index.php HTTP/1.1" 200 81 "www.google.com" "Mozilla/5.0 (Windows NT 10.0; Win64; x64) AppleWebKit/537.36 (KHTML, like Gecko) Chrome/91.0.4472.124 Safari/537.36"
78.110.123.2 - - [19/Sep/2026:04:36:24 +0330] "GET /digital-agency/ HTTP/1.1" 200 14932 "-" "WordPress/6.9; https://themes.proac.ir/digital-agency"
78.110.123.2 - - [19/Sep/2026:04:36:25 +0330] "GET /digital-agency/ HTTP/1.1" 200 14932 "-" "WordPress/6.9; https://themes.proac.ir/digital-agency"
85.215.100.160 - - [19/Sep/2026:04:36:24 +0330] "GET /fish/wp-login.php HTTP/1.1" 200 2597 "www.google.com" "Mozilla/5.0 (Windows NT 10.0; Win64; x64) AppleWebKit/537.36 (KHTML, like Gecko) Chrome/91.0.4472.124 Safari/537.36"
78.110.123.2 - - [19/Sep/2026:04:36:01 +0330] "POST /digital-agency/wp-cron.php?doing_wp_cron=1789779961.7934849262237548828125 HTTP/1.1" 200 20 "-" "WordPress/6.9; https://themes.proac.ir/digital-agency"
85.215.100.160 - - [19/Sep/2026:04:36:27 +0330] "POST /fish/wp-login.php HTTP/1.1" 302 20 "https://themes.proac.ir/fish/wp-admin/" "Mozilla/5.0 (Windows NT 10.0; Win64; x64) AppleWebKit/537.36 (KHTML, like Gecko) Chrome/91.0.4472.124 Safari/537.36"
85.215.100.160 - - [19/Sep/2026:04:36:28 +0330] "GET /fish/wp-login.php?redirect_to=https%3A%2F%2Fthemes.proac.ir%2Ffish%2Fwp-admin%2F&action=confirm_admin_email&wp_lang=en_US HTTP/1.1" 200 1741 "https://themes.proac.ir/fish/wp-admin/" "Mozilla/5.0 (Windows NT 10.0; Win64; x64) AppleWebKit/537.36 (KHTML, like Gecko) Chrome/91.0.4472.124 Safari/537.36"
85.215.100.160 - - [19/Sep/2026:04:36:29 +0330] "GET /fish/wp-admin/ HTTP/1.1" 200 44822 "www.google.com" "Mozilla/5.0 (Windows NT 10.0; Win64; x64) AppleWebKit/537.36 (KHTML, like Gecko) Chrome/91.0.4472.124 Safari/537.36"
78.110.123.2 - - [19/Sep/2026:04:36:26 +0330] "POST /fish/wp-cron.php?doing_wp_cron=1789779986.1290729045867919921875 HTTP/1.1" 200 20 "-" "WordPress/7.1.1; https://themes.proac.ir/fish"
78.110.123.2 - - [19/Sep/2026:04:36:35 +0330] "POST /fish/wp-cron.php?doing_wp_cron=1789779995.3169510364532470703125 HTTP/1.1" 200 20 "-" "WordPress/7.1.1; https://themes.proac.ir/fish"
85.215.100.160 - - [19/Sep/2026:04:36:33 +0330] "GET /fish/wp-admin/plugin-install.php?tab=upload HTTP/1.1" 200 37240 "www.google.com" "Mozilla/5.0 (Windows NT 10.0; Win64; x64) AppleWebKit/537.36 (KHTML, like Gecko) Chrome/91.0.4472.124 Safari/537.36"
85.215.100.160 - - [19/Sep/2026:04:36:36 +0330] "POST /fish/wp-admin/update.php?action=upload-plugin HTTP/1.1" 200 35348 "www.google.com" "Mozilla/5.0 (Windows NT 10.0; Win64; x64) AppleWebKit/537.36 (KHTML, like Gecko) Chrome/91.0.4472.124 Safari/537.36"
85.215.100.160 - - [19/Sep/2026:04:36:39 +0330] "GET /fish/wp-content/plugins/nphxbuw/index.php HTTP/1.1" 200 81 "www.google.com" "Mozilla/5.0 (Windows NT 10.0; Win64; x64) AppleWebKit/537.36 (KHTML, like Gecko) Chrome/91.0.4472.124 Safari/537.36"
85.215.100.160 - - [19/Sep/2026:04:36:40 +0330] "GET /flash-cart/wp-login.php HTTP/1.1" 200 3753 "www.google.com" "Mozilla/5.0 (Windows NT 10.0; Win64; x64) AppleWebKit/537.36 (KHTML, like Gecko) Chrome/91.0.4472.124 Safari/537.36"
78.110.123.2 - - [19/Sep/2026:04:36:42 +0330] "POST /flash-cart/wp-cron.php?doing_wp_cron=1789780002.0335209369659423828125 HTTP/1.1" 200 20 "-" "WordPress/7.1.1; https://themes.proac.ir/flash-cart"
85.215.100.160 - - [19/Sep/2026:04:36:43 +0330] "POST /flash-cart/wp-login.php HTTP/1.1" 302 20 "https://themes.proac.ir/flash-cart/wp-admin/" "Mozilla/5.0 (Windows NT 10.0; Win64; x64) AppleWebKit/537.36 (KHTML, like Gecko) Chrome/91.0.4472.124 Safari/537.36"
85.215.100.160 - - [19/Sep/2026:04:36:44 +0330] "GET /flash-cart/wp-login.php?redirect_to=https%3A%2F%2Fthemes.proac.ir%2Fflash-cart%2Fwp-admin%2F&action=confirm_admin_email&wp_lang=fa_IR HTTP/1.1" 200 1926 "https://themes.proac.ir/flash-cart/wp-admin/" "Mozilla/5.0 (Windows NT 10.0; Win64; x64) AppleWebKit/537.36 (KHTML, like Gecko) Chrome/91.0.4472.124 Safari/537.36"
85.215.100.160 - - [19/Sep/2026:04:36:45 +0330] "GET /flash-cart/wp-admin/ HTTP/1.1" 200 107481 "www.google.com" "Mozilla/5.0 (Windows NT 10.0; Win64; x64) AppleWebKit/537.36 (KHTML, like Gecko) Chrome/91.0.4472.124 Safari/537.36"
85.215.100.160 - - [19/Sep/2026:04:36:48 +0330] "GET /flash-cart/wp-admin/plugin-install.php?tab=upload HTTP/1.1" 200 96140 "www.google.com" "Mozilla/5.0 (Windows NT 10.0; Win64; x64) AppleWebKit/537.36 (KHTML, like Gecko) Chrome/91.0.4472.124 Safari/537.36"
85.215.100.160 - - [19/Sep/2026:04:36:50 +0330] "POST /flash-cart/wp-admin/update.php?action=upload-plugin HTTP/1.1" 200 91797 "www.google.com" "Mozilla/5.0 (Windows NT 10.0; Win64; x64) AppleWebKit/537.36 (KHTML, like Gecko) Chrome/91.0.4472.124 Safari/537.36"
85.215.100.160 - - [19/Sep/2026:04:36:55 +0330] "GET /flash-cart/wp-content/plugins/ivymbiz/index.php HTTP/1.1" 200 81 "www.google.com" "Mozilla/5.0 (Windows NT 10.0; Win64; x64) AppleWebKit/537.36 (KHTML, like Gecko) Chrome/91.0.4472.124 Safari/537.36"
54.145.82.217 - - [19/Sep/2026:04:36:55 +0330] "GET /vip/prosite/wp-content/plugins/elementor/assets/js/nested-accordion.min.js.LICENSE.txt HTTP/1.1" 200 149 "-" "Mozilla/5.0 AppleWebKit/537.36 (KHTML, like Gecko; compatible; Amazonbot/0.1; +https://developer.amazon.com/support/amazonbot) Chrome/119.0.6045.214 Safari/537.36"
85.215.100.160 - - [19/Sep/2026:04:36:55 +0330] "GET /framemakers/wp-login.php HTTP/1.1" 200 3702 "www.google.com" "Mozilla/5.0 (Windows NT 10.0; Win64; x64) AppleWebKit/537.36 (KHTML, like Gecko) Chrome/91.0.4472.124 Safari/537.36"
85.215.100.160 - - [19/Sep/2026:04:36:58 +0330] "POST /framemakers/wp-login.php HTTP/1.1" 302 20 "https://themes.proac.ir/framemakers/wp-admin/" "Mozilla/5.0 (Windows NT 10.0; Win64; x64) AppleWebKit/537.36 (KHTML, like Gecko) Chrome/91.0.4472.124 Safari/537.36"
85.215.100.160 - - [19/Sep/2026:04:36:58 +0330] "GET /framemakers/wp-login.php?redirect_to=https%3A%2F%2Fthemes.proac.ir%2Fframemakers%2Fwp-admin%2F&action=confirm_admin_email&wp_lang=fa_IR HTTP/1.1" 200 1882 "https://themes.proac.ir/framemakers/wp-admin/" "Mozilla/5.0 (Windows NT 10.0; Win64; x64) AppleWebKit/537.36 (KHTML, like Gecko) Chrome/91.0.4472.124 Safari/537.36"
78.110.123.2 - - [19/Sep/2026:04:36:59 +0330] "POST /vip/prosite/wp-cron.php?doing_wp_cron=1789780019.6991069316864013671875 HTTP/1.1" 200 20 "-" "WordPress/7.1.1; https://themes.proac.ir/vip/prosite"
3.209.174.110 - - [19/Sep/2026:04:36:59 +0330] "GET /vip/prosite/wp-json/wp/v2/media/268 HTTP/1.1" 200 998 "-" "Mozilla/5.0 AppleWebKit/537.36 (KHTML, like Gecko; compatible; Amazonbot/0.1; +https://developer.amazon.com/support/amazonbot) Chrome/119.0.6045.214 Safari/537.36"
78.110.123.2 - - [19/Sep/2026:04:36:56 +0330] "POST /framemakers/wp-cron.php?doing_wp_cron=1789780016.9007129669189453125000 HTTP/1.1" 200 20 "-" "WordPress/7.1.1; https://themes.proac.ir/framemakers"
85.215.100.160 - - [19/Sep/2026:04:36:59 +0330] "GET /framemakers/wp-admin/ HTTP/1.1" 200 103343 "www.google.com" "Mozilla/5.0 (Windows NT 10.0; Win64; x64) AppleWebKit/537.36 (KHTML, like Gecko) Chrome/91.0.4472.124 Safari/537.36"
34.197.28.78 - - [19/Sep/2026:04:37:02 +0330] "GET /vip/prosite/wp-content/plugins/elementor/assets/svg-paths/arc.svg HTTP/1.1" 200 146 "-" "Mozilla/5.0 AppleWebKit/537.36 (KHTML, like Gecko; compatible; Amazonbot/0.1; +https://developer.amazon.com/support/amazonbot) Chrome/119.0.6045.214 Safari/537.36"
85.215.100.160 - - [19/Sep/2026:04:37:02 +0330] "GET /framemakers/wp-admin/plugin-install.php?tab=upload HTTP/1.1" 200 92961 "www.google.com" "Mozilla/5.0 (Windows NT 10.0; Win64; x64) AppleWebKit/537.36 (KHTML, like Gecko) Chrome/91.0.4472.124 Safari/537.36"
85.215.100.160 - - [19/Sep/2026:04:37:05 +0330] "POST /framemakers/wp-admin/update.php?action=upload-plugin HTTP/1.1" 200 88669 "www.google.com" "Mozilla/5.0 (Windows NT 10.0; Win64; x64) AppleWebKit/537.36 (KHTML, like Gecko) Chrome/91.0.4472.124 Safari/537.36"
85.215.100.160 - - [19/Sep/2026:04:37:08 +0330] "GET /framemakers/wp-content/plugins/jrzpmxb/index.php HTTP/1.1" 200 81 "www.google.com" "Mozilla/5.0 (Windows NT 10.0; Win64; x64) AppleWebKit/537.36 (KHTML, like Gecko) Chrome/91.0.4472.124 Safari/537.36"
3.210.29.96 - - [19/Sep/2026:04:37:08 +0330] "GET /blissspa/wp-content/plugins/elementor/assets/css/modules/styleguide/ HTTP/1.1" 200 1176 "-" "Mozilla/5.0 AppleWebKit/537.36 (KHTML, like Gecko; compatible; Amazonbot/0.1; +https://developer.amazon.com/support/amazonbot) Chrome/119.0.6045.214 Safari/537.36"
85.215.100.160 - - [19/Sep/2026:04:37:08 +0330] "GET /gym/wp-login.php HTTP/1.1" 200 3683 "www.google.com" "Mozilla/5.0 (Windows NT 10.0; Win64; x64) AppleWebKit/537.36 (KHTML, like Gecko) Chrome/91.0.4472.124 Safari/537.36"
85.215.100.160 - - [19/Sep/2026:04:37:10 +0330] "POST /gym/wp-login.php HTTP/1.1" 302 20 "https://themes.proac.ir/gym/wp-admin/" "Mozilla/5.0 (Windows NT 10.0; Win64; x64) AppleWebKit/537.36 (KHTML, like Gecko) Chrome/91.0.4472.124 Safari/537.36"
85.215.100.160 - - [19/Sep/2026:04:37:11 +0330] "GET /gym/wp-login.php?redirect_to=https%3A%2F%2Fthemes.proac.ir%2Fgym%2Fwp-admin%2F&action=confirm_admin_email&wp_lang=fa_IR HTTP/1.1" 200 1873 "https://themes.proac.ir/gym/wp-admin/" "Mozilla/5.0 (Windows NT 10.0; Win64; x64) AppleWebKit/537.36 (KHTML, like Gecko) Chrome/91.0.4472.124 Safari/537.36"
85.215.100.160 - - [19/Sep/2026:04:37:12 +0330] "GET /gym/wp-admin/ HTTP/1.1" 200 102512 "www.google.com" "Mozilla/5.0 (Windows NT 10.0; Win64; x64) AppleWebKit/537.36 (KHTML, like Gecko) Chrome/91.0.4472.124 Safari/537.36"
78.110.123.2 - - [19/Sep/2026:04:37:09 +0330] "POST /gym/wp-cron.php?doing_wp_cron=1789780029.6925680637359619140625 HTTP/1.1" 200 20 "-" "WordPress/7.1.1; https://themes.proac.ir/gym"
85.215.100.160 - - [19/Sep/2026:04:37:15 +0330] "GET /gym/wp-admin/plugin-install.php?tab=upload HTTP/1.1" 200 92304 "www.google.com" "Mozilla/5.0 (Windows NT 10.0; Win64; x64) AppleWebKit/537.36 (KHTML, like Gecko) Chrome/91.0.4472.124 Safari/537.36"
85.215.100.160 - - [19/Sep/2026:04:37:16 +0330] "POST /gym/wp-admin/update.php?action=upload-plugin HTTP/1.1" 200 87996 "www.google.com" "Mozilla/5.0 (Windows NT 10.0; Win64; x64) AppleWebKit/537.36 (KHTML, like Gecko) Chrome/91.0.4472.124 Safari/537.36"
85.215.100.160 - - [19/Sep/2026:04:37:19 +0330] "GET /gym/wp-content/plugins/useexen/index.php HTTP/1.1" 200 81 "www.google.com" "Mozilla/5.0 (Windows NT 10.0; Win64; x64) AppleWebKit/537.36 (KHTML, like Gecko) Chrome/91.0.4472.124 Safari/537.36"
85.215.100.160 - - [19/Sep/2026:04:37:20 +0330] "GET /hair-saloon/wp-login.php HTTP/1.1" 200 3346 "www.google.com" "Mozilla/5.0 (Windows NT 10.0; Win64; x64) AppleWebKit/537.36 (KHTML, like Gecko) Chrome/91.0.4472.124 Safari/537.36"
85.215.100.160 - - [19/Sep/2026:04:37:22 +0330] "POST /hair-saloon/wp-login.php HTTP/1.1" 302 20 "https://themes.proac.ir/hair-saloon/wp-admin/" "Mozilla/5.0 (Windows NT 10.0; Win64; x64) AppleWebKit/537.36 (KHTML, like Gecko) Chrome/91.0.4472.124 Safari/537.36"
85.215.100.160 - - [19/Sep/2026:04:37:23 +0330] "GET /hair-saloon/wp-login.php?redirect_to=https%3A%2F%2Fthemes.proac.ir%2Fhair-saloon%2Fwp-admin%2F&action=confirm_admin_email&wp_lang=fa_IR HTTP/1.1" 200 1875 "https://themes.proac.ir/hair-saloon/wp-admin/" "Mozilla/5.0 (Windows NT 10.0; Win64; x64) AppleWebKit/537.36 (KHTML, like Gecko) Chrome/91.0.4472.124 Safari/537.36"
85.215.100.160 - - [19/Sep/2026:04:37:24 +0330] "GET /hair-saloon/wp-admin/ HTTP/1.1" 503 707 "www.google.com" "Mozilla/5.0 (Windows NT 10.0; Win64; x64) AppleWebKit/537.36 (KHTML, like Gecko) Chrome/91.0.4472.124 Safari/537.36"
85.215.100.160 - - [19/Sep/2026:04:37:24 +0330] "GET /kamilia/wp-login.php HTTP/1.1" 200 3361 "www.google.com" "Mozilla/5.0 (Windows NT 10.0; Win64; x64) AppleWebKit/537.36 (KHTML, like Gecko) Chrome/91.0.4472.124 Safari/537.36"
85.215.100.160 - - [19/Sep/2026:04:37:27 +0330] "POST /kamilia/wp-login.php HTTP/1.1" 302 20 "https://themes.proac.ir/kamilia/wp-admin/" "Mozilla/5.0 (Windows NT 10.0; Win64; x64) AppleWebKit/537.36 (KHTML, like Gecko) Chrome/91.0.4472.124 Safari/537.36"
85.215.100.160 - - [19/Sep/2026:04:37:28 +0330] "GET /kamilia/wp-login.php?redirect_to=https%3A%2F%2Fthemes.proac.ir%2Fkamilia%2Fwp-admin%2F&action=confirm_admin_email&wp_lang=fa_IR HTTP/1.1" 200 1875 "https://themes.proac.ir/kamilia/wp-admin/" "Mozilla/5.0 (Windows NT 10.0; Win64; x64) AppleWebKit/537.36 (KHTML, like Gecko) Chrome/91.0.4472.124 Safari/537.36"
85.215.100.160 - - [19/Sep/2026:04:37:29 +0330] "GET /kamilia/wp-admin/ HTTP/1.1" 503 704 "www.google.com" "Mozilla/5.0 (Windows NT 10.0; Win64; x64) AppleWebKit/537.36 (KHTML, like Gecko) Chrome/91.0.4472.124 Safari/537.36"
78.110.123.2 - - [19/Sep/2026:04:37:30 +0330] "POST /hair-saloon/wp-cron.php?doing_wp_cron=1789780050.4465780258178710937500 HTTP/1.1" 200 20 "-" "WordPress/7.1.1; https://themes.proac.ir/hair-saloon"
78.110.123.2 - - [19/Sep/2026:04:37:29 +0330] "POST /hair-saloon/wp-admin/upgrade.php?step=upgrade_db HTTP/1.1" 200 21 "-" "WordPress/6.9; https://themes.proac.ir/hair-saloon"
85.215.100.160 - - [19/Sep/2026:04:37:30 +0330] "GET /leadflix/wp-login.php HTTP/1.1" 200 3813 "www.google.com" "Mozilla/5.0 (Windows NT 10.0; Win64; x64) AppleWebKit/537.36 (KHTML, like Gecko) Chrome/91.0.4472.124 Safari/537.36"
85.215.100.160 - - [19/Sep/2026:04:37:32 +0330] "POST /leadflix/wp-login.php HTTP/1.1" 302 20 "https://themes.proac.ir/leadflix/wp-admin/" "Mozilla/5.0 (Windows NT 10.0; Win64; x64) AppleWebKit/537.36 (KHTML, like Gecko) Chrome/91.0.4472.124 Safari/537.36"
85.215.100.160 - - [19/Sep/2026:04:37:33 +0330] "GET /leadflix/wp-login.php?redirect_to=https%3A%2F%2Fthemes.proac.ir%2Fleadflix%2Fwp-admin%2F&action=confirm_admin_email&wp_lang=fa_IR HTTP/1.1" 200 2000 "https://themes.proac.ir/leadflix/wp-admin/" "Mozilla/5.0 (Windows NT 10.0; Win64; x64) AppleWebKit/537.36 (KHTML, like Gecko) Chrome/91.0.4472.124 Safari/537.36"
78.110.123.2 - - [19/Sep/2026:04:37:35 +0330] "POST /kamilia/wp-cron.php?doing_wp_cron=1789780055.3353641033172607421875 HTTP/1.1" 200 20 "-" "WordPress/7.1.1; https://themes.proac.ir/kamilia"
78.110.123.2 - - [19/Sep/2026:04:37:34 +0330] "POST /kamilia/wp-admin/upgrade.php?step=upgrade_db HTTP/1.1" 200 21 "-" "WordPress/6.9; https://themes.proac.ir/kamilia"
85.215.100.160 - - [19/Sep/2026:04:37:34 +0330] "GET /leadflix/wp-admin/ HTTP/1.1" 200 103439 "www.google.com" "Mozilla/5.0 (Windows NT 10.0; Win64; x64) AppleWebKit/537.36 (KHTML, like Gecko) Chrome/91.0.4472.124 Safari/537.36"
78.110.123.2 - - [19/Sep/2026:04:37:31 +0330] "POST /leadflix/wp-cron.php?doing_wp_cron=1789780051.5032730102539062500000 HTTP/1.1" 200 20 "-" "WordPress/7.1.1; https://themes.proac.ir/leadflix"
85.215.100.160 - - [19/Sep/2026:04:37:37 +0330] "GET /leadflix/wp-admin/plugin-install.php?tab=upload HTTP/1.1" 200 93120 "www.google.com" "Mozilla/5.0 (Windows NT 10.0; Win64; x64) AppleWebKit/537.36 (KHTML, like Gecko) Chrome/91.0.4472.124 Safari/537.36"
78.110.123.2 - - [19/Sep/2026:04:37:39 +0330] "POST /hair-saloon/wp-cron.php HTTP/1.1" 200 20 "-" "WordPress/6.9; https://themes.proac.ir/hair-saloon"
85.215.100.160 - - [19/Sep/2026:04:37:39 +0330] "POST /leadflix/wp-admin/update.php?action=upload-plugin HTTP/1.1" 200 88768 "www.google.com" "Mozilla/5.0 (Windows NT 10.0; Win64; x64) AppleWebKit/537.36 (KHTML, like Gecko) Chrome/91.0.4472.124 Safari/537.36"
78.110.123.2 - - [19/Sep/2026:04:37:40 +0330] "GET /hair-saloon/ HTTP/1.1" 200 17474 "-" "WordPress/6.9; https://themes.proac.ir/hair-saloon"
85.215.100.160 - - [19/Sep/2026:04:37:41 +0330] "GET /leadflix/wp-content/plugins/eljjtau/index.php HTTP/1.1" 200 81 "www.google.com" "Mozilla/5.0 (Windows NT 10.0; Win64; x64) AppleWebKit/537.36 (KHTML, like Gecko) Chrome/91.0.4472.124 Safari/537.36"
78.110.123.2 - - [19/Sep/2026:04:37:41 +0330] "GET /hair-saloon/ HTTP/1.1" 200 17474 "-" "WordPress/6.9; https://themes.proac.ir/hair-saloon"
78.110.123.2 - - [19/Sep/2026:04:37:43 +0330] "GET /hair-saloon/ HTTP/1.1" 200 17474 "-" "WordPress/6.9; https://themes.proac.ir/hair-saloon"
78.110.123.2 - - [19/Sep/2026:04:37:43 +0330] "POST /letsgo/wp-cron.php?doing_wp_cron=1789780063.8672549724578857421875 HTTP/1.1" 200 20 "-" "WordPress/7.1.1; https://themes.proac.ir/letsgo"
85.215.100.160 - - [19/Sep/2026:04:37:42 +0330] "GET /letsgo/wp-login.php HTTP/1.1" 200 3780 "www.google.com" "Mozilla/5.0 (Windows NT 10.0; Win64; x64) AppleWebKit/537.36 (KHTML, like Gecko) Chrome/91.0.4472.124 Safari/537.36"
78.110.123.2 - - [19/Sep/2026:04:37:44 +0330] "GET /hair-saloon/ HTTP/1.1" 200 17474 "-" "WordPress/6.9; https://themes.proac.ir/hair-saloon"
78.110.123.2 - - [19/Sep/2026:04:37:45 +0330] "POST /kamilia/wp-cron.php HTTP/1.1" 200 20 "-" "WordPress/6.9; https://themes.proac.ir/kamilia"
78.110.123.2 - - [19/Sep/2026:04:37:21 +0330] "POST /hair-saloon/wp-cron.php?doing_wp_cron=1789780041.6026000976562500000000 HTTP/1.1" 200 20 "-" "WordPress/6.9; https://themes.proac.ir/hair-saloon"
85.215.100.160 - - [19/Sep/2026:04:37:44 +0330] "POST /letsgo/wp-login.php HTTP/1.1" 302 20 "https://themes.proac.ir/letsgo/wp-admin/" "Mozilla/5.0 (Windows NT 10.0; Win64; x64) AppleWebKit/537.36 (KHTML, like Gecko) Chrome/91.0.4472.124 Safari/537.36"
85.215.100.160 - - [19/Sep/2026:04:37:46 +0330] "GET /affinityx/wp-login.php HTTP/1.1" 200 3699 "www.google.com" "Mozilla/5.0 (Windows NT 10.0; Win64; x64) AppleWebKit/537.36 (KHTML, like Gecko) Chrome/91.0.4472.124 Safari/537.36"
85.215.100.160 - - [19/Sep/2026:04:37:46 +0330] "GET /letsgo/wp-login.php?redirect_to=https%3A%2F%2Fthemes.proac.ir%2Fletsgo%2Fwp-admin%2F&action=confirm_admin_email&wp_lang=fa_IR HTTP/1.1" 200 1942 "https://themes.proac.ir/letsgo/wp-admin/" "Mozilla/5.0 (Windows NT 10.0; Win64; x64) AppleWebKit/537.36 (KHTML, like Gecko) Chrome/91.0.4472.124 Safari/537.36"
78.110.123.2 - - [19/Sep/2026:04:37:45 +0330] "GET /kamilia/ HTTP/1.1" 200 18230 "-" "WordPress/6.9; https://themes.proac.ir/kamilia"
85.215.100.160 - - [19/Sep/2026:04:37:46 +0330] "POST /affinityx/wp-login.php HTTP/1.1" 302 20 "https://themes.proac.ir/affinityx/wp-admin/" "Mozilla/5.0 (Windows NT 10.0; Win64; x64) AppleWebKit/537.36 (KHTML, like Gecko) Chrome/91.0.4472.124 Safari/537.36"
85.215.100.160 - - [19/Sep/2026:04:37:47 +0330] "GET /affinityx/wp-login.php?redirect_to=https%3A%2F%2Fthemes.proac.ir%2Faffinityx%2Fwp-admin%2F&action=confirm_admin_email&wp_lang=fa_IR HTTP/1.1" 200 1878 "https://themes.proac.ir/affinityx/wp-admin/" "Mozilla/5.0 (Windows NT 10.0; Win64; x64) AppleWebKit/537.36 (KHTML, like Gecko) Chrome/91.0.4472.124 Safari/537.36"
78.110.123.2 - - [19/Sep/2026:04:37:47 +0330] "GET /kamilia/ HTTP/1.1" 200 18230 "-" "WordPress/6.9; https://themes.proac.ir/kamilia"
78.110.123.2 - - [19/Sep/2026:04:37:48 +0330] "GET /kamilia/ HTTP/1.1" 200 18230 "-" "WordPress/6.9; https://themes.proac.ir/kamilia"
85.215.100.160 - - [19/Sep/2026:04:37:48 +0330] "GET /affinityx/wp-admin/ HTTP/1.1" 200 70046 "www.google.com" "Mozilla/5.0 (Windows NT 10.0; Win64; x64) AppleWebKit/537.36 (KHTML, like Gecko) Chrome/91.0.4472.124 Safari/537.36"
78.110.123.2 - - [19/Sep/2026:04:37:49 +0330] "POST /letsgo/wp-cron.php?doing_wp_cron=1789780069.9044640064239501953125 HTTP/1.1" 200 20 "-" "WordPress/7.1.1; https://themes.proac.ir/letsgo"
85.215.100.160 - - [19/Sep/2026:04:37:47 +0330] "GET /letsgo/wp-admin/ HTTP/1.1" 200 107296 "www.google.com" "Mozilla/5.0 (Windows NT 10.0; Win64; x64) AppleWebKit/537.36 (KHTML, like Gecko) Chrome/91.0.4472.124 Safari/537.36"
78.110.123.2 - - [19/Sep/2026:04:37:49 +0330] "GET /kamilia/ HTTP/1.1" 200 18230 "-" "WordPress/6.9; https://themes.proac.ir/kamilia"
78.110.123.2 - - [19/Sep/2026:04:37:26 +0330] "POST /kamilia/wp-cron.php?doing_wp_cron=1789780046.8418750762939453125000 HTTP/1.1" 200 20 "-" "WordPress/6.9; https://themes.proac.ir/kamilia"
85.215.100.160 - - [19/Sep/2026:04:37:50 +0330] "GET /affinityx/wp-admin/plugin-install.php?tab=upload HTTP/1.1" 200 60024 "www.google.com" "Mozilla/5.0 (Windows NT 10.0; Win64; x64) AppleWebKit/537.36 (KHTML, like Gecko) Chrome/91.0.4472.124 Safari/537.36"
85.215.100.160 - - [19/Sep/2026:04:37:51 +0330] "GET /letsgo/wp-admin/plugin-install.php?tab=upload HTTP/1.1" 200 96108 "www.google.com" "Mozilla/5.0 (Windows NT 10.0; Win64; x64) AppleWebKit/537.36 (KHTML, like Gecko) Chrome/91.0.4472.124 Safari/537.36"
85.215.100.160 - - [19/Sep/2026:04:37:52 +0330] "POST /affinityx/wp-admin/update.php?action=upload-plugin HTTP/1.1" 200 55882 "www.google.com" "Mozilla/5.0 (Windows NT 10.0; Win64; x64) AppleWebKit/537.36 (KHTML, like Gecko) Chrome/91.0.4472.124 Safari/537.36"
85.215.100.160 - - [19/Sep/2026:04:37:52 +0330] "POST /letsgo/wp-admin/update.php?action=upload-plugin HTTP/1.1" 200 91898 "www.google.com" "Mozilla/5.0 (Windows NT 10.0; Win64; x64) AppleWebKit/537.36 (KHTML, like Gecko) Chrome/91.0.4472.124 Safari/537.36"
85.215.100.160 - - [19/Sep/2026:04:37:56 +0330] "GET /affinityx/wp-content/plugins/lxwzmpt/index.php HTTP/1.1" 200 81 "www.google.com" "Mozilla/5.0 (Windows NT 10.0; Win64; x64) AppleWebKit/537.36 (KHTML, like Gecko) Chrome/91.0.4472.124 Safari/537.36"
85.215.100.160 - - [19/Sep/2026:04:37:56 +0330] "GET /letsgo/wp-content/plugins/kmgjufd/index.php HTTP/1.1" 200 81 "www.google.com" "Mozilla/5.0 (Windows NT 10.0; Win64; x64) AppleWebKit/537.36 (KHTML, like Gecko) Chrome/91.0.4472.124 Safari/537.36"
85.215.100.160 - - [19/Sep/2026:04:37:56 +0330] "GET /agency-startup/wp-login.php HTTP/1.1" 200 3813 "www.google.com" "Mozilla/5.0 (Windows NT 10.0; Win64; x64) AppleWebKit/537.36 (KHTML, like Gecko) Chrome/91.0.4472.124 Safari/537.36"
85.215.100.160 - - [19/Sep/2026:04:37:57 +0330] "POST /agency-startup/wp-login.php HTTP/1.1" 302 20 "https://themes.proac.ir/agency-startup/wp-admin/" "Mozilla/5.0 (Windows NT 10.0; Win64; x64) AppleWebKit/537.36 (KHTML, like Gecko) Chrome/91.0.4472.124 Safari/537.36"
85.215.100.160 - - [19/Sep/2026:04:37:58 +0330] "GET /agency-startup/wp-login.php?redirect_to=https%3A%2F%2Fthemes.proac.ir%2Fagency-startup%2Fwp-admin%2F&action=confirm_admin_email&wp_lang=fa_IR HTTP/1.1" 200 1997 "https://themes.proac.ir/agency-startup/wp-admin/" "Mozilla/5.0 (Windows NT 10.0; Win64; x64) AppleWebKit/537.36 (KHTML, like Gecko) Chrome/91.0.4472.124 Safari/537.36"
85.215.100.160 - - [19/Sep/2026:04:37:57 +0330] "GET /limo/default/wp-login.php HTTP/1.1" 200 3283 "www.google.com" "Mozilla/5.0 (Windows NT 10.0; Win64; x64) AppleWebKit/537.36 (KHTML, like Gecko) Chrome/91.0.4472.124 Safari/537.36"
85.215.100.160 - - [19/Sep/2026:04:37:59 +0330] "GET /agency-startup/wp-admin/ HTTP/1.1" 200 103095 "www.google.com" "Mozilla/5.0 (Windows NT 10.0; Win64; x64) AppleWebKit/537.36 (KHTML, like Gecko) Chrome/91.0.4472.124 Safari/537.36"
85.215.100.160 - - [19/Sep/2026:04:38:00 +0330] "POST /limo/default/wp-login.php HTTP/1.1" 302 20 "https://themes.proac.ir/limo/default/wp-admin/" "Mozilla/5.0 (Windows NT 10.0; Win64; x64) AppleWebKit/537.36 (KHTML, like Gecko) Chrome/91.0.4472.124 Safari/537.36"
85.215.100.160 - - [19/Sep/2026:04:38:01 +0330] "GET /agency-startup/wp-admin/plugin-install.php?tab=upload HTTP/1.1" 200 92609 "www.google.com" "Mozilla/5.0 (Windows NT 10.0; Win64; x64) AppleWebKit/537.36 (KHTML, like Gecko) Chrome/91.0.4472.124 Safari/537.36"
85.215.100.160 - - [19/Sep/2026:04:38:01 +0330] "GET /limo/default/wp-login.php?redirect_to=https%3A%2F%2Fthemes.proac.ir%2Flimo%2Fdefault%2Fwp-admin%2F&action=confirm_admin_email&wp_lang=fa_IR HTTP/1.1" 200 1759 "https://themes.proac.ir/limo/default/wp-admin/" "Mozilla/5.0 (Windows NT 10.0; Win64; x64) AppleWebKit/537.36 (KHTML, like Gecko) Chrome/91.0.4472.124 Safari/537.36"
85.215.100.160 - - [19/Sep/2026:04:38:02 +0330] "POST /agency-startup/wp-admin/update.php?action=upload-plugin HTTP/1.1" 200 88310 "www.google.com" "Mozilla/5.0 (Windows NT 10.0; Win64; x64) AppleWebKit/537.36 (KHTML, like Gecko) Chrome/91.0.4472.124 Safari/537.36"
85.215.100.160 - - [19/Sep/2026:04:38:07 +0330] "GET /agency-startup/wp-content/plugins/qmuymuh/index.php HTTP/1.1" 200 81 "www.google.com" "Mozilla/5.0 (Windows NT 10.0; Win64; x64) AppleWebKit/537.36 (KHTML, like Gecko) Chrome/91.0.4472.124 Safari/537.36"
78.110.123.2 - - [19/Sep/2026:04:38:01 +0330] "POST /limo/default/wp-admin/admin-ajax.php?action=wp_1_wc_privacy_cleanup&nonce=0aa91fe069 HTTP/1.1" 200 20 "-" "WordPress/6.9; https://themes.proac.ir/limo/default"
85.215.100.160 - - [19/Sep/2026:04:38:08 +0330] "GET /agritopia/wp-login.php HTTP/1.1" 200 3696 "www.google.com" "Mozilla/5.0 (Windows NT 10.0; Win64; x64) AppleWebKit/537.36 (KHTML, like Gecko) Chrome/91.0.4472.124 Safari/537.36"
85.215.100.160 - - [19/Sep/2026:04:38:08 +0330] "POST /agritopia/wp-login.php HTTP/1.1" 302 20 "https://themes.proac.ir/agritopia/wp-admin/" "Mozilla/5.0 (Windows NT 10.0; Win64; x64) AppleWebKit/537.36 (KHTML, like Gecko) Chrome/91.0.4472.124 Safari/537.36"
85.215.100.160 - - [19/Sep/2026:04:38:09 +0330] "GET /agritopia/wp-login.php?redirect_to=https%3A%2F%2Fthemes.proac.ir%2Fagritopia%2Fwp-admin%2F&action=confirm_admin_email&wp_lang=fa_IR HTTP/1.1" 200 1883 "https://themes.proac.ir/agritopia/wp-admin/" "Mozilla/5.0 (Windows NT 10.0; Win64; x64) AppleWebKit/537.36 (KHTML, like Gecko) Chrome/91.0.4472.124 Safari/537.36"
85.215.100.160 - - [19/Sep/2026:04:38:10 +0330] "GET /agritopia/wp-admin/ HTTP/1.1" 200 103408 "www.google.com" "Mozilla/5.0 (Windows NT 10.0; Win64; x64) AppleWebKit/537.36 (KHTML, like Gecko) Chrome/91.0.4472.124 Safari/537.36"
78.110.123.2 - - [19/Sep/2026:04:38:12 +0330] "POST /limo/default/wp-admin/upgrade.php?step=upgrade_db HTTP/1.1" 200 21 "-" "WordPress/6.9; https://themes.proac.ir/limo/default"
85.215.100.160 - - [19/Sep/2026:04:38:12 +0330] "GET /agritopia/wp-admin/plugin-install.php?tab=upload HTTP/1.1" 200 92969 "www.google.com" "Mozilla/5.0 (Windows NT 10.0; Win64; x64) AppleWebKit/537.36 (KHTML, like Gecko) Chrome/91.0.4472.124 Safari/537.36"
78.110.123.2 - - [19/Sep/2026:04:38:12 +0330] "POST /limo/default/wp-cron.php?doing_wp_cron=1789780092.6384670734405517578125 HTTP/1.1" 200 20 "-" "WordPress/7.1.1; https://themes.proac.ir/limo/default"
85.215.100.160 - - [19/Sep/2026:04:38:05 +0330] "GET /limo/default/wp-admin/ HTTP/1.1" 200 122734 "www.google.com" "Mozilla/5.0 (Windows NT 10.0; Win64; x64) AppleWebKit/537.36 (KHTML, like Gecko) Chrome/91.0.4472.124 Safari/537.36"
85.215.100.160 - - [19/Sep/2026:04:38:13 +0330] "POST /agritopia/wp-admin/update.php?action=upload-plugin HTTP/1.1" 200 88619 "www.google.com" "Mozilla/5.0 (Windows NT 10.0; Win64; x64) AppleWebKit/537.36 (KHTML, like Gecko) Chrome/91.0.4472.124 Safari/537.36"
85.215.100.160 - - [19/Sep/2026:04:38:17 +0330] "GET /agritopia/wp-content/plugins/jjkmufg/index.php HTTP/1.1" 200 81 "www.google.com" "Mozilla/5.0 (Windows NT 10.0; Win64; x64) AppleWebKit/537.36 (KHTML, like Gecko) Chrome/91.0.4472.124 Safari/537.36"
85.215.100.160 - - [19/Sep/2026:04:38:18 +0330] "GET /app-landing/wp-login.php HTTP/1.1" 200 3720 "www.google.com" "Mozilla/5.0 (Windows NT 10.0; Win64; x64) AppleWebKit/537.36 (KHTML, like Gecko) Chrome/91.0.4472.124 Safari/537.36"
116.179.32.135 - - [19/Sep/2026:04:38:17 +0330] "GET /agency-startup/category/designing-planing/ HTTP/1.1" 200 15867 "-" "Mozilla/5.0 (compatible; Baiduspider/2.0; +http://www.baidu.com/search/spider.html)"
85.215.100.160 - - [19/Sep/2026:04:38:19 +0330] "POST /app-landing/wp-login.php HTTP/1.1" 302 20 "https://themes.proac.ir/app-landing/wp-admin/" "Mozilla/5.0 (Windows NT 10.0; Win64; x64) AppleWebKit/537.36 (KHTML, like Gecko) Chrome/91.0.4472.124 Safari/537.36"
207.248.4.182 - - [19/Sep/2026:04:38:20 +0330] "GET /personal-trainer HTTP/1.1" 301 289 "-" "Mozilla/5.0 (Android 11; Mobile; rv:153.0) Gecko/153.0 Firefox/153.0"
85.215.100.160 - - [19/Sep/2026:04:38:20 +0330] "GET /app-landing/wp-login.php?redirect_to=https%3A%2F%2Fthemes.proac.ir%2Fapp-landing%2Fwp-admin%2F&action=confirm_admin_email&wp_lang=fa_IR HTTP/1.1" 200 1897 "https://themes.proac.ir/app-landing/wp-admin/" "Mozilla/5.0 (Windows NT 10.0; Win64; x64) AppleWebKit/537.36 (KHTML, like Gecko) Chrome/91.0.4472.124 Safari/537.36"
116.179.37.238 - - [19/Sep/2026:04:38:21 +0330] "GET /agency-startup/wp-content/themes/faratheme/inc//dashboard/assets/css/plugins.min.css?ver=7.1.1 HTTP/1.1" 200 10286 "https://themes.proac.ir/agency-startup/category/designing-planing/" "Mozilla/5.0 (compatible; Baiduspider-render/2.0; +http://www.baidu.com/search/spider.html)"
116.179.37.36 - - [19/Sep/2026:04:38:21 +0330] "GET /agency-startup/wp-content/uploads/elementor/css/post-8.css?ver=1760347541 HTTP/1.1" 200 1270 "https://themes.proac.ir/agency-startup/category/designing-planing/" "Mozilla/5.0 (compatible; Baiduspider-render/2.0; +http://www.baidu.com/search/spider.html)"
116.179.37.159 - - [19/Sep/2026:04:38:21 +0330] "GET /agency-startup/wp-content/themes/faratheme/inc//dashboard/assets/js/fara.js?ver=7.1.1 HTTP/1.1" 200 28544 "https://themes.proac.ir/agency-startup/category/designing-planing/" "Mozilla/5.0 (compatible; Baiduspider-render/2.0; +http://www.baidu.com/search/spider.html)"
116.179.37.194 - - [19/Sep/2026:04:38:21 +0330] "GET /agency-startup/wp-content/themes/faratheme/inc//dashboard/assets/css/icon-bulk-style.css?ver=7.1.1 HTTP/1.1" 200 19535 "https://themes.proac.ir/agency-startup/category/designing-planing/" "Mozilla/5.0 (compatible; Baiduspider-render/2.0; +http://www.baidu.com/search/spider.html)"
116.179.37.240 - - [19/Sep/2026:04:38:21 +0330] "GET /agency-startup/wp-content/themes/faratheme/inc//dashboard/assets/css/main.css?ver=7.1.1 HTTP/1.1" 200 72611 "https://themes.proac.ir/agency-startup/category/designing-planing/" "Mozilla/5.0 (compatible; Baiduspider-render/2.0; +http://www.baidu.com/search/spider.html)"
116.179.37.4 - - [19/Sep/2026:04:38:21 +0330] "GET /agency-startup/wp-content/themes/faratheme/assets/css/rtl.css?ver=1.0.0 HTTP/1.1" 200 - "https://themes.proac.ir/agency-startup/category/designing-planing/" "Mozilla/5.0 (compatible; Baiduspider-render/2.0; +http://www.baidu.com/search/spider.html)"
116.179.37.23 - - [19/Sep/2026:04:38:21 +0330] "GET /agency-startup/wp-content/themes/faratheme/inc//dashboard/assets/css/login.css?ver=7.1.1 HTTP/1.1" 200 8488 "https://themes.proac.ir/agency-startup/category/designing-planing/" "Mozilla/5.0 (compatible; Baiduspider-render/2.0; +http://www.baidu.com/search/spider.html)"
116.179.37.89 - - [19/Sep/2026:04:38:21 +0330] "GET /agency-startup/wp-content/themes/faratheme/inc//dashboard/assets/js/login.js?ver=7.1.1 HTTP/1.1" 200 17286 "https://themes.proac.ir/agency-startup/category/designing-planing/" "Mozilla/5.0 (compatible; Baiduspider-render/2.0; +http://www.baidu.com/search/spider.html)"
116.179.37.142 - - [19/Sep/2026:04:38:21 +0330] "GET /agency-startup/wp-content/themes/faratheme/inc//dashboard/assets/js/slick-rtl.js?ver=7.1.1 HTTP/1.1" 200 226 "https://themes.proac.ir/agency-startup/category/designing-planing/" "Mozilla/5.0 (compatible; Baiduspider-render/2.0; +http://www.baidu.com/search/spider.html)"
85.215.100.160 - - [19/Sep/2026:04:38:15 +0330] "GET /limo/default/wp-admin/plugin-install.php?tab=upload HTTP/1.1" 200 109653 "www.google.com" "Mozilla/5.0 (Windows NT 10.0; Win64; x64) AppleWebKit/537.36 (KHTML, like Gecko) Chrome/91.0.4472.124 Safari/537.36"
116.179.37.207 - - [19/Sep/2026:04:38:21 +0330] "GET /agency-startup/wp-content/themes/faratheme/inc//dashboard/assets/js/plugins.js?ver=7.1.1 HTTP/1.1" 200 134279 "https://themes.proac.ir/agency-startup/category/designing-planing/" "Mozilla/5.0 (compatible; Baiduspider-render/2.0; +http://www.baidu.com/search/spider.html)"
116.179.37.248 - - [19/Sep/2026:04:38:21 +0330] "GET /agency-startup/wp-content/themes/faratheme/inc/elementor/assets/css/fara-icons.min.css?ver=1.0.0 HTTP/1.1" 200 11393 "https://themes.proac.ir/agency-startup/category/designing-planing/" "Mozilla/5.0 (compatible; Baiduspider-render/2.0; +http://www.baidu.com/search/spider.html)"
116.179.37.232 - - [19/Sep/2026:04:38:21 +0330] "GET /agency-startup/wp-content/themes/faratheme/inc//dashboard/assets/css/main_rtl.css?ver=7.1.1 HTTP/1.1" 200 37 "https://themes.proac.ir/agency-startup/category/designing-planing/" "Mozilla/5.0 (compatible; Baiduspider-render/2.0; +http://www.baidu.com/search/spider.html)"
116.179.37.38 - - [19/Sep/2026:04:38:21 +0330] "GET /agency-startup/wp-content/themes/faratheme/inc//dashboard/assets/css/icon-style.css?ver=7.1.1 HTTP/1.1" 200 7708 "https://themes.proac.ir/agency-startup/category/designing-planing/" "Mozilla/5.0 (compatible; Baiduspider-render/2.0; +http://www.baidu.com/search/spider.html)"
116.179.37.72 - - [19/Sep/2026:04:38:21 +0330] "GET /agency-startup/wp-content/uploads/2022/10/Rectangle-178-min-3.png HTTP/1.1" 200 139846 "https://themes.proac.ir/agency-startup/category/designing-planing/" "Mozilla/5.0 (compatible; Baiduspider-render/2.0; +http://www.baidu.com/search/spider.html)"
78.110.123.2 - - [19/Sep/2026:04:38:22 +0330] "POST /limo/default/wp-cron.php HTTP/1.1" 200 20 "-" "WordPress/6.9; https://themes.proac.ir/limo/default"
85.215.100.160 - - [19/Sep/2026:04:38:20 +0330] "GET /app-landing/wp-admin/ HTTP/1.1" 200 102823 "www.google.com" "Mozilla/5.0 (Windows NT 10.0; Win64; x64) AppleWebKit/537.36 (KHTML, like Gecko) Chrome/91.0.4472.124 Safari/537.36"
207.248.4.182 - - [19/Sep/2026:04:38:22 +0330] "GET /personal-trainer/ HTTP/1.1" 200 15213 "https://themes.proac.ir/personal-trainer" "Mozilla/5.0 (Android 11; Mobile; rv:153.0) Gecko/153.0 Firefox/153.0"
