95.217.109.26 - - [18/Sep/2026:22:49:28 +0330] "GET /agritopia/%DA%86%DA%AF%D9%88%D9%86%D9%87-%D8%AA%D8%AE%D9%85%D9%85%D8%B1%D8%BA%D9%87%D8%A7%DB%8C%D9%85%D8%A7%D9%86-%D8%B1%D8%A7-%D8%B0%D8%AE%DB%8C%D8%B1%D9%87-%D9%85%DB%8C%DA%A9%D9%86/ HTTP/1.1" 200 18207 "-" "Mozilla/5.0 (compatible; MJ12bot/v1.4.8; http://mj12bot.com/)"
95.217.109.26 - - [18/Sep/2026:22:49:32 +0330] "GET /agritopia/%DA%A9%D8%A7%D8%B4%D8%AA-%D8%AF%D8%B1%D8%AE%D8%AA-%D9%88-%D8%AA%D9%88%D9%84%DB%8C%D8%AF-%D8%BA%D8%B0%D8%A7-%D8%B1%D9%88%DB%8C%DA%A9%D8%B1%D8%AF%DB%8C-%D9%85%D8%B4%D8%AA%D8%B1%DA%A9/ HTTP/1.1" 200 18133 "-" "Mozilla/5.0 (compatible; MJ12bot/v1.4.8; http://mj12bot.com/)"
95.217.109.26 - - [18/Sep/2026:22:49:35 +0330] "GET /agritopia/10-%D9%85%D9%88%D8%B1%D8%AF-%D8%A7%D8%B2-%D8%A7%D8%B3%D8%AA%D8%AB%D9%86%D8%A7%DB%8C%DB%8C-%D8%AA%D8%B1%DB%8C%D9%86-%D9%86%DA%98%D8%A7%D8%AF%D9%87%D8%A7%DB%8C-%DA%AF%D8%A7%D9%88/ HTTP/1.1" 200 18125 "-" "Mozilla/5.0 (compatible; MJ12bot/v1.4.8; http://mj12bot.com/)"
95.217.109.26 - - [18/Sep/2026:22:49:38 +0330] "GET /agritopia/category/%D8%A7%D8%B1%DA%AF%D8%A7%D9%86%DB%8C%DA%A9/ HTTP/1.1" 200 14035 "-" "Mozilla/5.0 (compatible; MJ12bot/v1.4.8; http://mj12bot.com/)"
78.110.123.2 - - [18/Sep/2026:22:49:42 +0330] "POST /clixio/wp-cron.php?doing_wp_cron=1789759182.7754220962524414062500 HTTP/1.1" 200 20 "-" "WordPress/7.1.1; https://themes.proac.ir/clixio"
95.217.109.26 - - [18/Sep/2026:22:49:41 +0330] "GET /clixio/%D8%A7%D8%B3%D8%AA%D9%81%D8%A7%D8%AF%D9%87-%D8%A7%D8%B2-%D8%B1%D8%B3%D8%A7%D9%86%D9%87-%D9%87%D8%A7%DB%8C-%D8%A7%D8%AC%D8%AA%D9%85%D8%A7%D8%B9%DB%8C-%D8%A8%D8%B1%D8%A7%DB%8C-%D9%85%D9%88%D9%81%D9%82/ HTTP/1.1" 200 21072 "-" "Mozilla/5.0 (compatible; MJ12bot/v1.4.8; http://mj12bot.com/)"
95.217.109.26 - - [18/Sep/2026:22:49:45 +0330] "GET /clixio/%D8%A8%DB%8C%D9%86%D8%B4-%D9%88%D8%A7%D8%A8%D8%B3%D8%AA%D9%87-%DA%A9%D8%B4%D9%81-%D8%AF%D9%86%DB%8C%D8%A7%DB%8C-%D9%85%D8%B4%D8%A7%D8%B1%DA%A9%D8%AA-%D9%87%D8%A7%DB%8C-%D8%AF%DB%8C%D8%AC%DB%8C%D8%AA/ HTTP/1.1" 200 20839 "-" "Mozilla/5.0 (compatible; MJ12bot/v1.4.8; http://mj12bot.com/)"
95.217.109.26 - - [18/Sep/2026:22:49:48 +0330] "GET /clixio/%D8%AA%D8%A8%D8%AF%DB%8C%D9%84-%D8%A7%D8%B1%D8%AA%D8%A8%D8%A7%D8%B7%D8%A7%D8%AA-%D8%A8%D9%87-%D8%AF%D8%B1%D8%A2%D9%85%D8%AF-%D8%A8%D8%A7-%D8%AA%D8%B9%D8%A7%D9%84%DB%8C-%D9%88%D8%A7%D8%A8%D8%B3%D8%AA/ HTTP/1.1" 200 20993 "-" "Mozilla/5.0 (compatible; MJ12bot/v1.4.8; http://mj12bot.com/)"
95.217.109.26 - - [18/Sep/2026:22:49:51 +0330] "GET /clixio/%D8%AF%D8%A7%D8%B3%D8%AA%D8%A7%D9%86-%D9%87%D8%A7%DB%8C-%D9%BE%DB%8C%D8%B1%D9%88%D8%B2%DB%8C-%D8%A7%D8%B2-%D8%AF%D9%86%DB%8C%D8%A7%DB%8C-%D8%A8%D8%A7%D8%B2%D8%A7%D8%B1%DB%8C%D8%A7%D8%A8%DB%8C-%D9%88/ HTTP/1.1" 200 20883 "-" "Mozilla/5.0 (compatible; MJ12bot/v1.4.8; http://mj12bot.com/)"
95.217.109.26 - - [18/Sep/2026:22:49:54 +0330] "GET /clixio/%D9%BE%DB%8C%D9%85%D8%A7%DB%8C%D8%B4-%D8%A7%D8%B3%D8%AA%D8%B1%D8%A7%D8%AA%DA%98%DB%8C-%D9%87%D8%A7%DB%8C-%D8%A8%D8%A7%D8%B2%D8%A7%D8%B1%DB%8C%D8%A7%D8%A8%DB%8C-%D9%88%D8%A7%D8%A8%D8%B3%D8%AA%D9%87/ HTTP/1.1" 200 20861 "-" "Mozilla/5.0 (compatible; MJ12bot/v1.4.8; http://mj12bot.com/)"
95.217.109.26 - - [18/Sep/2026:22:49:57 +0330] "GET /clixio/%DA%A9%D8%A7%D9%88%D8%B4-%D8%AF%D8%B1-%D8%A7%D8%B3%D8%B1%D8%A7%D8%B1-%D8%A8%D8%A7%D8%B2%D8%A7%D8%B1%DB%8C%D8%A7%D8%A8%DB%8C-%D9%88%D8%A7%D8%A8%D8%B3%D8%AA%D9%87/ HTTP/1.1" 200 20807 "-" "Mozilla/5.0 (compatible; MJ12bot/v1.4.8; http://mj12bot.com/)"
95.217.109.26 - - [18/Sep/2026:22:50:00 +0330] "GET /digiorbit/%D8%B7%D8%B1%D8%A7%D8%AD%DB%8C-%D9%84%DB%8C%D9%86%DA%A9-%D9%87%D8%A7%DB%8C-%D8%A8%D9%87%D8%AA%D8%B1-%D8%A8%D8%B1%D8%A7%DB%8C-%D9%88%D8%A8-%D8%B3%D8%A7%DB%8C%D8%AA-%D9%87%D8%A7-%D9%88-%D8%A7%DB%8C/ HTTP/1.1" 200 15266 "-" "Mozilla/5.0 (compatible; MJ12bot/v1.4.8; http://mj12bot.com/)"
95.217.109.26 - - [18/Sep/2026:22:50:05 +0330] "GET /digiorbit/%D9%87%D8%B1-%D8%A2%D9%86%DA%86%D9%87-%DA%A9%D9%87-%D8%A8%D8%A7%DB%8C%D8%AF-%D8%A8%D8%AF%D8%A7%D9%86%DB%8C%D8%AF-%D9%88-%D8%A8%D8%B1%D9%86%D8%AF%D8%B3%D8%A7%D8%B2%DB%8C-%D8%B7%D8%B1%D8%A7%D8%AD%DB%8C/ HTTP/1.1" 200 15297 "-" "Mozilla/5.0 (compatible; MJ12bot/v1.4.8; http://mj12bot.com/)"
95.217.109.26 - - [18/Sep/2026:22:50:08 +0330] "GET /digiorbit/%DA%86%DA%AF%D9%88%D9%86%D9%87-roi-%D8%AE%D9%88%D8%AF-%D8%B1%D8%A7-%D8%A7%D8%B2-%D8%B7%D8%B1%DB%8C%D9%82-sem-%D8%B9%D9%84%D9%85%DB%8C-%D8%A7%D9%81%D8%B2%D8%A7%DB%8C%D8%B4-%D8%AF%D9%87%DB%8C%D9%85/ HTTP/1.1" 200 15355 "-" "Mozilla/5.0 (compatible; MJ12bot/v1.4.8; http://mj12bot.com/)"
78.110.123.2 - - [18/Sep/2026:22:50:02 +0330] "POST /digiorbit/wp-cron.php?doing_wp_cron=1789759202.8457179069519042968750 HTTP/1.1" 200 20 "-" "WordPress/7.1.1; https://themes.proac.ir/digiorbit"
95.217.109.26 - - [18/Sep/2026:22:50:11 +0330] "GET /flash-cart/%D8%A7%DB%8C%D9%86-%D9%85%D8%A7%D9%87-%D8%A7%D8%B6%D8%A7%D9%81%D9%87-%D8%B4%D8%AF%D9%87-%D8%AC%D8%AF%DB%8C%D8%AF-%D8%A8%D9%87-%D8%AE%D8%A7%D9%86%D9%88%D8%A7%D8%AF%D9%87-%D8%AC%D9%88%D8%A7%D9%86%D9%87/ HTTP/1.1" 200 21092 "-" "Mozilla/5.0 (compatible; MJ12bot/v1.4.8; http://mj12bot.com/)"
78.110.123.2 - - [18/Sep/2026:22:50:13 +0330] "POST /flash-cart/wp-cron.php?doing_wp_cron=1789759213.6392490863800048828125 HTTP/1.1" 200 20 "-" "WordPress/7.1.1; https://themes.proac.ir/flash-cart"
95.217.109.26 - - [18/Sep/2026:22:50:16 +0330] "GET /flash-cart/%D8%A8%D8%B3%D8%AA%D9%87-%D8%B3%D9%81%D8%A7%D8%B1%D8%B4%DB%8C-%D9%84%D9%88%D8%A7%D8%B2%D9%85-%D8%AC%D8%A7%D9%86%D8%A8%DB%8C-%D8%A8%D8%B1%D8%A7%DB%8C-%D8%B3%D8%A7%D8%B9%D8%AA-%D8%A7%D9%BE%D9%84-%D9%88/ HTTP/1.1" 200 21070 "-" "Mozilla/5.0 (compatible; MJ12bot/v1.4.8; http://mj12bot.com/)"
95.217.109.26 - - [18/Sep/2026:22:50:21 +0330] "GET /flash-cart/%DA%86%D9%87-%DA%86%DB%8C%D8%B2%DB%8C-%D8%AF%D8%B1-%D8%AC%D8%B9%D8%A8%D9%87-%D8%A8%D8%A7-%D8%A2%D8%AE%D8%B1%DB%8C%D9%86-%D9%86%D8%B3%D9%84-%D8%A7%D8%B2-%D9%85%D8%AD%D8%B5%D9%88%D9%84%D8%A7%D8%AA/ HTTP/1.1" 200 21106 "-" "Mozilla/5.0 (compatible; MJ12bot/v1.4.8; http://mj12bot.com/)"
95.217.109.26 - - [18/Sep/2026:22:50:25 +0330] "GET /flash-cart/category/%D8%A2%D8%AE%D8%B1%DB%8C%D9%86-%D8%AE%D8%A8%D8%B1%D9%87%D8%A7/ HTTP/1.1" 200 18418 "-" "Mozilla/5.0 (compatible; MJ12bot/v1.4.8; http://mj12bot.com/)"
95.217.109.26 - - [18/Sep/2026:22:50:28 +0330] "GET /flash-cart/category/%D8%AF%D8%A7%D8%B3%D8%AA%D8%A7%D9%86-%D9%87%D8%A7%DB%8C-%D8%AC%D8%AF%DB%8C%D8%AF/ HTTP/1.1" 200 20390 "-" "Mozilla/5.0 (compatible; MJ12bot/v1.4.8; http://mj12bot.com/)"
95.217.109.26 - - [18/Sep/2026:22:50:32 +0330] "GET /flash-cart/category/%D8%AF%D8%B3%D8%AA%D9%87%D8%A8%D9%86%D8%AF%DB%8C-%D9%86%D8%B4%D8%AF%D9%87/ HTTP/1.1" 200 18431 "-" "Mozilla/5.0 (compatible; MJ12bot/v1.4.8; http://mj12bot.com/)"
95.217.109.26 - - [18/Sep/2026:22:50:36 +0330] "GET /flash-cart/category/%D9%81%D9%86-%D8%A2%D9%88%D8%B1%DB%8C/ HTTP/1.1" 200 18394 "-" "Mozilla/5.0 (compatible; MJ12bot/v1.4.8; http://mj12bot.com/)"
95.217.109.26 - - [18/Sep/2026:22:50:39 +0330] "GET /flash-cart/product-category/%D8%A7%D9%BE%D9%84/ HTTP/1.1" 200 19332 "-" "Mozilla/5.0 (compatible; MJ12bot/v1.4.8; http://mj12bot.com/)"
95.217.109.26 - - [18/Sep/2026:22:50:43 +0330] "GET /flash-cart/product-category/%D8%AA%D9%84%D9%81%D9%86-%D9%87%D8%A7%DB%8C-%D9%87%D9%85%D8%B1%D8%A7%D9%87/ HTTP/1.1" 200 19442 "-" "Mozilla/5.0 (compatible; MJ12bot/v1.4.8; http://mj12bot.com/)"
95.217.109.26 - - [18/Sep/2026:22:50:47 +0330] "GET /flash-cart/product-category/%D9%87%D8%AF%D9%81%D9%88%D9%86/ HTTP/1.1" 200 17937 "-" "Mozilla/5.0 (compatible; MJ12bot/v1.4.8; http://mj12bot.com/)"
95.217.109.26 - - [18/Sep/2026:22:50:51 +0330] "GET /flash-cart/product-category/%DA%A9%D8%A7%D9%85%D9%BE%DB%8C%D9%88%D8%AA%D8%B1-%D9%88-%D9%84%D9%88%D8%A7%D8%B2%D9%85-%D8%AC%D8%A7%D9%86%D8%A8%DB%8C/ HTTP/1.1" 200 19819 "-" "Mozilla/5.0 (compatible; MJ12bot/v1.4.8; http://mj12bot.com/)"
95.217.109.26 - - [18/Sep/2026:22:50:54 +0330] "GET /flash-cart/product/%D8%A7%D9%BE%D9%84-%D8%A2%DB%8C%D9%81%D9%86-11-%D9%BE%D8%B1%D9%88-%D9%85%DA%A9%D8%B3-256-%DA%AF%DB%8C%DA%AF-%D8%B7%D9%84%D8%A7%DB%8C%DB%8C-%DA%A9%D8%A7%D9%85%D9%84%D8%A7-%D8%A2%D9%86%D9%84%D8%A7%DA%A9/ HTTP/1.1" 200 25087 "-" "Mozilla/5.0 (compatible; MJ12bot/v1.4.8; http://mj12bot.com/)"
95.217.109.26 - - [18/Sep/2026:22:50:59 +0330] "GET /flash-cart/product/%D8%A7%D9%BE%D9%84-%D8%A2%DB%8C%D9%81%D9%88%D9%86-11-%D9%BE%D8%B1%D9%88-%D9%85%DA%A9%D8%B3-64-%DA%AF%DB%8C%DA%AF%D8%A7%D8%A8%D8%A7%DB%8C%D8%AA-%D9%86%D9%82%D8%B1%D9%87%D8%A7%DB%8C/ HTTP/1.1" 200 25063 "-" "Mozilla/5.0 (compatible; MJ12bot/v1.4.8; http://mj12bot.com/)"
78.110.123.2 - - [18/Sep/2026:22:51:06 +0330] "POST /flash-cart/wp-cron.php?doing_wp_cron=1789759266.2363879680633544921875 HTTP/1.1" 200 20 "-" "WordPress/7.1.1; https://themes.proac.ir/flash-cart"
95.217.109.26 - - [18/Sep/2026:22:51:02 +0330] "GET /flash-cart/product/%D8%A7%D9%BE%D9%84-%D8%A2%DB%8C%D9%81%D9%88%D9%86-11-64-%DA%AF%DB%8C%DA%AF%D8%A7%D8%A8%D8%A7%DB%8C%D8%AA-%D8%B2%D8%B1%D8%AF-%DA%A9%D8%A7%D9%85%D9%84%D8%A7%D9%8B-%D8%A2%D9%86%D9%84%D8%A7%DA%A9-%D8%B4/ HTTP/1.1" 200 25020 "-" "Mozilla/5.0 (compatible; MJ12bot/v1.4.8; http://mj12bot.com/)"
95.217.109.26 - - [18/Sep/2026:22:51:09 +0330] "GET /flash-cart/product/%D8%A7%D9%BE%D9%84-%D8%A2%DB%8C%D9%BE%D8%AF-%D8%A7%DB%8C%D8%B1-10-9-%D8%A7%DB%8C%D9%86%DA%86-%D9%88%D8%A7%DB%8C-%D9%81%D8%A7%DB%8C-%D8%B3%D9%84%D9%88%D9%84%D8%A7%D8%B1-64-%DA%AF%DB%8C%DA%AF%D8%A7/ HTTP/1.1" 200 25040 "-" "Mozilla/5.0 (compatible; MJ12bot/v1.4.8; http://mj12bot.com/)"
95.217.109.26 - - [18/Sep/2026:22:51:13 +0330] "GET /flash-cart/product/%D8%A7%D9%BE%D9%84-%D8%A2%DB%8C%D9%BE%D8%AF-%D9%BE%D8%B1%D9%88-11-%D8%A7%DB%8C%D9%86%DA%86-2021-%D9%88%D8%A7%DB%8C-%D9%81%D8%A7%DB%8C-128-%DA%AF%DB%8C%DA%AF%D8%A7%D8%A8%D8%A7%DB%8C%D8%AA/ HTTP/1.1" 200 25034 "-" "Mozilla/5.0 (compatible; MJ12bot/v1.4.8; http://mj12bot.com/)"
95.217.109.26 - - [18/Sep/2026:22:51:16 +0330] "GET /flash-cart/product/%D8%A7%D9%BE%D9%84-%D9%85%DA%A9%D8%A8%D9%88%DA%A9-%D9%BE%D8%B1%D9%88-13-3-%D8%A7%DB%8C%D9%86%DA%86-2-7-%DA%AF%DB%8C%DA%AF%D8%A7%D9%87%D8%B1%D8%AA%D8%B2-%D8%AF%D9%88-%D9%87%D8%B3%D8%AA%D9%87/ HTTP/1.1" 200 25141 "-" "Mozilla/5.0 (compatible; MJ12bot/v1.4.8; http://mj12bot.com/)"
95.217.109.26 - - [18/Sep/2026:22:51:21 +0330] "GET /flash-cart/product/%D8%A7%D9%BE%D9%84-%D9%88%D8%A7%DA%86-%D8%B3%D8%B1%DB%8C-3-gps-42-%D9%85%DB%8C%D9%84%DB%8C%D9%85%D8%AA%D8%B1-%D8%A8%D9%86%D8%AF-%D9%88%D8%B1%D8%B2%D8%B4%DB%8C/ HTTP/1.1" 200 25035 "-" "Mozilla/5.0 (compatible; MJ12bot/v1.4.8; http://mj12bot.com/)"
95.217.109.26 - - [18/Sep/2026:22:51:24 +0330] "GET /flash-cart/product/%D8%A7%D9%BE%D9%84-mwp22am-a-%D8%A7%DB%8C%D8%B1%D9%BE%D8%A7%D8%AF%D8%B2-%D9%BE%D8%B1%D9%88/ HTTP/1.1" 200 24642 "-" "Mozilla/5.0 (compatible; MJ12bot/v1.4.8; http://mj12bot.com/)"
95.217.109.26 - - [18/Sep/2026:22:51:28 +0330] "GET /flash-cart/product/%D8%A7%DB%8C%D8%B1%D8%A8%D8%A7%D8%AF%D8%B2-%D9%86%D9%88%DB%8C%D8%B2-%DA%A9%D9%86%D8%B3%D9%84%DB%8C%D9%86%DA%AF-%D8%A8%D9%88%D8%B2-%DA%A9%D9%88%DB%8C%D8%AA-%DA%A9%D8%A7%D9%85%D9%81%D9%88%D8%B1%D8%AA/ HTTP/1.1" 200 25085 "-" "Mozilla/5.0 (compatible; MJ12bot/v1.4.8; http://mj12bot.com/)"
95.217.109.26 - - [18/Sep/2026:22:51:32 +0330] "GET /flash-cart/product/%D8%A8%D9%88%D8%B2-%D9%86%D9%88%DB%8C%D8%B2-%DA%A9%D9%86%D8%B3%D9%84%DB%8C%D9%86%DA%AF-%D8%A8%DB%8C%D8%B3%DB%8C%D9%85-%D8%A8%D9%84%D9%88%D8%AA%D9%88%D8%AB/ HTTP/1.1" 200 24956 "-" "Mozilla/5.0 (compatible; MJ12bot/v1.4.8; http://mj12bot.com/)"
78.110.123.2 - - [18/Sep/2026:22:51:34 +0330] "POST /flash-cart/wp-cron.php?doing_wp_cron=1789759294.5461149215698242187500 HTTP/1.1" 200 20 "-" "WordPress/7.1.1; https://themes.proac.ir/flash-cart"
95.217.109.26 - - [18/Sep/2026:22:51:37 +0330] "GET /flash-cart/product/%D8%AA%D8%A8%D9%84%D8%AA-dragon-touch-max10-%D8%B3%DB%8C%D8%B3%D8%AA%D9%85%D8%B9%D8%A7%D9%85%D9%84-%D8%A7%D9%86%D8%AF%D8%B1%D9%88%DB%8C%D8%AF-10-0/ HTTP/1.1" 200 24933 "-" "Mozilla/5.0 (compatible; MJ12bot/v1.4.8; http://mj12bot.com/)"
95.217.109.26 - - [18/Sep/2026:22:51:41 +0330] "GET /flash-cart/product/%D8%AF%D9%88%D8%B1%D8%A8%DB%8C%D9%86-%D8%AF%DB%8C%D8%AC%DB%8C%D8%AA%D8%A7%D9%84-%DA%A9%D8%A7%D9%86%D9%86-sx740bk-%D9%BE%D8%A7%D9%88%D8%B1%D8%B4%D8%A7%D8%AA-sx740-hs/ HTTP/1.1" 200 24945 "-" "Mozilla/5.0 (compatible; MJ12bot/v1.4.8; http://mj12bot.com/)"
95.217.109.26 - - [18/Sep/2026:22:51:45 +0330] "GET /flash-cart/product/%D8%AF%D9%88%D8%B1%D8%A8%DB%8C%D9%86-%D9%88%DB%8C%D8%AF%DB%8C%D9%88%DB%8C%DB%8C-%D8%AF%DB%8C%D8%AC%DB%8C%D8%AA%D8%A7%D9%84-andoer-4k-1080p-48mp-wifi/ HTTP/1.1" 200 24982 "-" "Mozilla/5.0 (compatible; MJ12bot/v1.4.8; http://mj12bot.com/)"
95.217.109.26 - - [18/Sep/2026:22:51:49 +0330] "GET /flash-cart/product/%D8%AF%D9%88%D8%B1%D8%A8%DB%8C%D9%86-%D9%88%DB%8C%D8%AF%DB%8C%D9%88%DB%8C%DB%8C-%D8%AF%DB%8C%D8%AC%DB%8C%D8%AA%D8%A7%D9%84-andoer-4k-1080p-48mp-wifi-2/ HTTP/1.1" 200 24929 "-" "Mozilla/5.0 (compatible; MJ12bot/v1.4.8; http://mj12bot.com/)"
95.217.109.26 - - [18/Sep/2026:22:51:53 +0330] "GET /flash-cart/product/%D8%AF%D9%88%D8%B1%D8%A8%DB%8C%D9%86-%DA%A9%D8%A7%D9%86%D9%86-eos-rebel-t7-%DA%A9%DB%8C%D8%AA-ef-s-18-55mm-is-ii/ HTTP/1.1" 200 24792 "-" "Mozilla/5.0 (compatible; MJ12bot/v1.4.8; http://mj12bot.com/)"
95.217.109.26 - - [18/Sep/2026:22:51:56 +0330] "GET /flash-cart/product/%D8%B3%D8%A7%D8%B9%D8%AA-%D9%87%D9%88%D8%B4%D9%85%D9%86%D8%AF-cubitt-ct2s-%D8%B6%D8%AF-%D8%A2%D8%A8-%D9%88-%D8%B1%D8%AF%DB%8C%D8%A7%D8%A8-%D8%AA%D9%86%D8%A7%D8%B3%D8%A8-%D8%A7%D9%86%D8%AF%D8%A7%D9%85/ HTTP/1.1" 200 24997 "-" "Mozilla/5.0 (compatible; MJ12bot/v1.4.8; http://mj12bot.com/)"
95.217.109.26 - - [18/Sep/2026:22:52:00 +0330] "GET /flash-cart/product/%D8%B4%D8%A7%D8%B1%DA%98%D8%B1-magsafe-%D8%A7%D9%BE%D9%84-mhxh3tu-a/ HTTP/1.1" 200 24753 "-" "Mozilla/5.0 (compatible; MJ12bot/v1.4.8; http://mj12bot.com/)"
78.110.123.2 - - [18/Sep/2026:22:52:04 +0330] "POST /flash-cart/wp-cron.php?doing_wp_cron=1789759324.5102179050445556640625 HTTP/1.1" 200 20 "-" "WordPress/7.1.1; https://themes.proac.ir/flash-cart"
95.217.109.26 - - [18/Sep/2026:22:52:07 +0330] "GET /flash-cart/product/%D9%84%D9%BE-%D8%AA%D8%A7%D9%BE-%D8%A7%D9%BE%D9%84-%D9%85%DA%A9-%D8%A8%D9%88%DA%A9-%D9%BE%D8%B1%D9%88-15-4-%D8%A7%DB%8C%D9%86%DA%86%DB%8C/ HTTP/1.1" 200 24764 "-" "Mozilla/5.0 (compatible; MJ12bot/v1.4.8; http://mj12bot.com/)"
78.110.123.2 - - [18/Sep/2026:22:52:09 +0330] "POST /flash-cart/wp-cron.php?doing_wp_cron=1789759329.3458929061889648437500 HTTP/1.1" 200 20 "-" "WordPress/7.1.1; https://themes.proac.ir/flash-cart"
95.217.109.26 - - [18/Sep/2026:22:52:12 +0330] "GET /flash-cart/product/%D9%85%D8%A7%D9%86%DB%8C%D8%AA%D9%88%D8%B1-%D8%AF%D9%84-22-%D8%A7%DB%8C%D9%86%DA%86-1920x1080-dp-vga-60-%D9%87%D8%B1%D8%AA%D8%B2-5-%D9%85%DB%8C%D9%84%DB%8C%D8%AB%D8%A7%D9%86%DB%8C%D9%87-hd/ HTTP/1.1" 200 25157 "-" "Mozilla/5.0 (compatible; MJ12bot/v1.4.8; http://mj12bot.com/)"
95.217.109.26 - - [18/Sep/2026:22:52:16 +0330] "GET /flash-cart/product/%DA%A9%D8%A7%D8%A8%D9%84-usb-c-%D8%A8%D9%87-%D9%84%D8%A7%DB%8C%D8%AA%D9%86%DB%8C%D9%86%DA%AF-%D8%A7%D9%BE%D9%84-2-0-1-%D9%85%D8%AA%D8%B1/ HTTP/1.1" 200 24892 "-" "Mozilla/5.0 (compatible; MJ12bot/v1.4.8; http://mj12bot.com/)"
95.217.109.26 - - [18/Sep/2026:22:52:20 +0330] "GET /restaurant/%D8%AA%D8%AC%D8%B1%D8%A8%D9%87-%D8%BA%D8%B0%D8%A7%D8%AE%D9%88%D8%B1%DB%8C-%D8%A2%D8%B4%D9%BE%D8%B2%DB%8C/ HTTP/1.1" 200 16347 "-" "Mozilla/5.0 (compatible; MJ12bot/v1.4.8; http://mj12bot.com/)"
95.217.109.26 - - [18/Sep/2026:22:52:24 +0330] "GET /restaurant/%D8%AF%D8%B1%D8%A8%D8%A7%D8%B1%D9%87-%D9%85%D8%A7/ HTTP/1.1" 200 17921 "-" "Mozilla/5.0 (compatible; MJ12bot/v1.4.8; http://mj12bot.com/)"
78.110.123.2 - - [18/Sep/2026:22:52:21 +0330] "POST /restaurant/wp-cron.php?doing_wp_cron=1789759341.8104629516601562500000 HTTP/1.1" 200 20 "-" "WordPress/7.1.1; https://themes.proac.ir/restaurant"
95.217.109.26 - - [18/Sep/2026:22:52:27 +0330] "GET /restaurant/%D8%B2%D9%86%D8%AF%DA%AF%DB%8C-%D8%AA%D8%B1%DA%A9%DB%8C%D8%A8%DB%8C-%D8%A7%D8%B2-%D8%BA%D8%B0%D8%A7-%D8%A7%D8%B3%D8%AA/ HTTP/1.1" 200 16367 "-" "Mozilla/5.0 (compatible; MJ12bot/v1.4.8; http://mj12bot.com/)"
95.217.109.26 - - [18/Sep/2026:22:52:30 +0330] "GET /topx/product/%D9%85%D9%88%D9%84%D8%AA%DB%8C-%D9%84%D8%AA%D9%88/ HTTP/1.1" 200 18672 "-" "Mozilla/5.0 (compatible; MJ12bot/v1.4.8; http://mj12bot.com/)"
78.110.123.2 - - [18/Sep/2026:22:52:35 +0330] "POST /topx/wp-admin/admin-ajax.php?action=wp_1_wc_privacy_cleanup&nonce=5e412b0bb1 HTTP/1.1" 200 20 "-" "WordPress/7.1.1; https://themes.proac.ir/topx"
95.217.109.26 - - [18/Sep/2026:22:52:35 +0330] "GET /topx/product/%D9%85%D9%88%D9%84%D8%AA%DB%8C-%D9%84%D8%AA%D9%88-2/ HTTP/1.1" 200 18675 "-" "Mozilla/5.0 (compatible; MJ12bot/v1.4.8; http://mj12bot.com/)"
95.217.109.26 - - [18/Sep/2026:22:52:38 +0330] "GET /topx/product/%D9%85%D9%88%D9%84%D8%AA%DB%8C-%D9%84%D8%AA%D9%88-3/ HTTP/1.1" 200 18666 "-" "Mozilla/5.0 (compatible; MJ12bot/v1.4.8; http://mj12bot.com/)"
78.110.123.2 - - [18/Sep/2026:22:52:32 +0330] "POST /topx/wp-cron.php?doing_wp_cron=1789759352.8828289508819580078125 HTTP/1.1" 200 20 "-" "WordPress/7.1.1; https://themes.proac.ir/topx"
95.217.109.26 - - [18/Sep/2026:22:52:42 +0330] "GET /topx/product/%D9%85%D9%88%D9%84%D8%AA%DB%8C-%D9%84%D8%AA%D9%88-4/ HTTP/1.1" 200 18614 "-" "Mozilla/5.0 (compatible; MJ12bot/v1.4.8; http://mj12bot.com/)"
3.209.174.110 - - [18/Sep/2026:22:59:16 +0330] "GET /blissspa/wp-content/plugins/elementor/assets/lib/e-select2/?C=M;O%3DA HTTP/1.1" 200 1133 "-" "Mozilla/5.0 AppleWebKit/537.36 (KHTML, like Gecko; compatible; Amazonbot/0.1; +https://developer.amazon.com/support/amazonbot) Chrome/119.0.6045.214 Safari/537.36"
34.206.193.60 - - [18/Sep/2026:22:59:21 +0330] "GET /blissspa/wp-content/plugins/elementor/assets/js/packages/editor-props/ HTTP/1.1" 200 1769 "-" "Mozilla/5.0 AppleWebKit/537.36 (KHTML, like Gecko; compatible; Amazonbot/0.1; +https://developer.amazon.com/support/amazonbot) Chrome/119.0.6045.214 Safari/537.36"
54.159.98.248 - - [18/Sep/2026:22:59:28 +0330] "GET /blissspa/wp-content/plugins/elementor/assets/js/packages/editor-variables/ HTTP/1.1" 200 1803 "-" "Mozilla/5.0 AppleWebKit/537.36 (KHTML, like Gecko; compatible; Amazonbot/0.1; +https://developer.amazon.com/support/amazonbot) Chrome/119.0.6045.214 Safari/537.36"
3.213.213.161 - - [18/Sep/2026:22:59:32 +0330] "GET /blissspa/wp-content/plugins/elementor/assets/lib/e-gallery/js/ HTTP/1.1" 200 1170 "-" "Mozilla/5.0 AppleWebKit/537.36 (KHTML, like Gecko; compatible; Amazonbot/0.1; +https://developer.amazon.com/support/amazonbot) Chrome/119.0.6045.214 Safari/537.36"
98.82.39.241 - - [18/Sep/2026:22:59:35 +0330] "GET /blissspa/wp-content/plugins/elementor/includes/?C=M;O%3DA HTTP/1.1" 200 6868 "-" "Mozilla/5.0 AppleWebKit/537.36 (KHTML, like Gecko; compatible; Amazonbot/0.1; +https://developer.amazon.com/support/amazonbot) Chrome/119.0.6045.214 Safari/537.36"
3.235.215.92 - - [18/Sep/2026:22:59:40 +0330] "GET /blissspa/wp-content/plugins/elementor/assets/lib/e-select2/css/ HTTP/1.1" 200 1174 "-" "Mozilla/5.0 AppleWebKit/537.36 (KHTML, like Gecko; compatible; Amazonbot/0.1; +https://developer.amazon.com/support/amazonbot) Chrome/119.0.6045.214 Safari/537.36"
52.45.29.57 - - [18/Sep/2026:22:59:44 +0330] "GET /blissspa/wp-content/plugins/elementor/includes/heartbeat.php HTTP/1.1" 200 20 "-" "Mozilla/5.0 AppleWebKit/537.36 (KHTML, like Gecko; compatible; Amazonbot/0.1; +https://developer.amazon.com/support/amazonbot) Chrome/119.0.6045.214 Safari/537.36"
18.209.137.234 - - [18/Sep/2026:22:59:48 +0330] "GET /blissspa/wp-content/uploads/faratheme/fonts/?C=D;O%3DA HTTP/1.1" 200 1115 "-" "Mozilla/5.0 AppleWebKit/537.36 (KHTML, like Gecko; compatible; Amazonbot/0.1; +https://developer.amazon.com/support/amazonbot) Chrome/119.0.6045.214 Safari/537.36"
100.29.128.75 - - [18/Sep/2026:22:59:52 +0330] "GET /blissspa/wp-content/uploads/2025/01/?C=M;O%3DA HTTP/1.1" 200 728 "-" "Mozilla/5.0 AppleWebKit/537.36 (KHTML, like Gecko; compatible; Amazonbot/0.1; +https://developer.amazon.com/support/amazonbot) Chrome/119.0.6045.214 Safari/537.36"
54.83.240.58 - - [18/Sep/2026:22:59:56 +0330] "GET /vip/prosite/wp-content/plugins/elementor/assets/js/?C=S;O%3DA HTTP/1.1" 200 36770 "-" "Mozilla/5.0 AppleWebKit/537.36 (KHTML, like Gecko; compatible; Amazonbot/0.1; +https://developer.amazon.com/support/amazonbot) Chrome/119.0.6045.214 Safari/537.36"
34.192.125.239 - - [18/Sep/2026:23:00:00 +0330] "GET /vip/prosite/wp-content/plugins/elementor/assets/css/conditionals/ HTTP/1.1" 200 2625 "-" "Mozilla/5.0 AppleWebKit/537.36 (KHTML, like Gecko; compatible; Amazonbot/0.1; +https://developer.amazon.com/support/amazonbot) Chrome/119.0.6045.214 Safari/537.36"
23.23.213.182 - - [18/Sep/2026:23:00:04 +0330] "GET /blissspa/wp-content/plugins/elementor/includes/preview.php HTTP/1.1" 200 20 "-" "Mozilla/5.0 AppleWebKit/537.36 (KHTML, like Gecko; compatible; Amazonbot/0.1; +https://developer.amazon.com/support/amazonbot) Chrome/119.0.6045.214 Safari/537.36"
54.144.185.255 - - [18/Sep/2026:23:00:08 +0330] "GET /vip/prosite/wp-content/plugins/elementor/assets/mask-shapes/?C=M;O%3DA HTTP/1.1" 200 1860 "-" "Mozilla/5.0 AppleWebKit/537.36 (KHTML, like Gecko; compatible; Amazonbot/0.1; +https://developer.amazon.com/support/amazonbot) Chrome/119.0.6045.214 Safari/537.36"
35.153.86.200 - - [18/Sep/2026:23:00:12 +0330] "GET /blissspa/wp-content/plugins/elementor/scripts/setup-testing.sh HTTP/1.1" 200 6565 "-" "Mozilla/5.0 AppleWebKit/537.36 (KHTML, like Gecko; compatible; Amazonbot/0.1; +https://developer.amazon.com/support/amazonbot) Chrome/119.0.6045.214 Safari/537.36"
34.194.165.45 - - [18/Sep/2026:23:00:16 +0330] "GET /blissspa/wp-content/uploads/2025/08/?C=D;O%3DA HTTP/1.1" 200 728 "-" "Mozilla/5.0 AppleWebKit/537.36 (KHTML, like Gecko; compatible; Amazonbot/0.1; +https://developer.amazon.com/support/amazonbot) Chrome/119.0.6045.214 Safari/537.36"
23.21.228.180 - - [18/Sep/2026:23:00:19 +0330] "GET /blissspa/wp-content/plugins/elementor/assets/lib/font-awesome/js/ HTTP/1.1" 200 1708 "-" "Mozilla/5.0 AppleWebKit/537.36 (KHTML, like Gecko; compatible; Amazonbot/0.1; +https://developer.amazon.com/support/amazonbot) Chrome/119.0.6045.214 Safari/537.36"
44.205.180.155 - - [18/Sep/2026:23:00:24 +0330] "GET /blissspa/wp-content/plugins/elementor/assets/lib/font-awesome/json/ HTTP/1.1" 200 1356 "-" "Mozilla/5.0 AppleWebKit/537.36 (KHTML, like Gecko; compatible; Amazonbot/0.1; +https://developer.amazon.com/support/amazonbot) Chrome/119.0.6045.214 Safari/537.36"
107.22.208.39 - - [18/Sep/2026:23:07:48 +0330] "GET /blissspa/wp-content/plugins/elementor/assets/lib/font-awesome/fonts/ HTTP/1.1" 200 1968 "-" "Mozilla/5.0 AppleWebKit/537.36 (KHTML, like Gecko; compatible; Amazonbot/0.1; +https://developer.amazon.com/support/amazonbot) Chrome/119.0.6045.214 Safari/537.36"
52.204.89.12 - - [18/Sep/2026:23:08:29 +0330] "GET /blissspa/wp-content/uploads/2024/08/?C=S;O%3DA HTTP/1.1" 200 26390 "-" "Mozilla/5.0 AppleWebKit/537.36 (KHTML, like Gecko; compatible; Amazonbot/0.1; +https://developer.amazon.com/support/amazonbot) Chrome/119.0.6045.214 Safari/537.36"
34.195.60.66 - - [18/Sep/2026:23:08:41 +0330] "GET /vip/prosite/wp-content/plugins/elementor/assets/svg-paths/?C=N;O%3DD HTTP/1.1" 200 1846 "-" "Mozilla/5.0 AppleWebKit/537.36 (KHTML, like Gecko; compatible; Amazonbot/0.1; +https://developer.amazon.com/support/amazonbot) Chrome/119.0.6045.214 Safari/537.36"
3.94.40.182 - - [18/Sep/2026:23:09:16 +0330] "GET /blissspa/wp-content/plugins/elementor/modules/wc-product-editor/ HTTP/1.1" 200 975 "-" "Mozilla/5.0 AppleWebKit/537.36 (KHTML, like Gecko; compatible; Amazonbot/0.1; +https://developer.amazon.com/support/amazonbot) Chrome/119.0.6045.214 Safari/537.36"
3.232.82.72 - - [18/Sep/2026:23:09:29 +0330] "GET /blissspa/wp-content/plugins/elementor/data/?C=D;O%3DA HTTP/1.1" 200 1270 "-" "Mozilla/5.0 AppleWebKit/537.36 (KHTML, like Gecko; compatible; Amazonbot/0.1; +https://developer.amazon.com/support/amazonbot) Chrome/119.0.6045.214 Safari/537.36"
52.1.157.90 - - [18/Sep/2026:23:09:37 +0330] "GET /blissspa/wp-content/plugins/elementor/core/app/ HTTP/1.1" 200 1111 "-" "Mozilla/5.0 AppleWebKit/537.36 (KHTML, like Gecko; compatible; Amazonbot/0.1; +https://developer.amazon.com/support/amazonbot) Chrome/119.0.6045.214 Safari/537.36"
98.80.130.239 - - [18/Sep/2026:23:10:05 +0330] "GET /blissspa/wp-content/plugins/elementor/core/role-manager/ HTTP/1.1" 200 1159 "-" "Mozilla/5.0 AppleWebKit/537.36 (KHTML, like Gecko; compatible; Amazonbot/0.1; +https://developer.amazon.com/support/amazonbot) Chrome/119.0.6045.214 Safari/537.36"
18.213.102.186 - - [18/Sep/2026:23:11:00 +0330] "GET /blissspa/wp-content/plugins/elementor/modules/nested-accordion/ HTTP/1.1" 200 1149 "-" "Mozilla/5.0 AppleWebKit/537.36 (KHTML, like Gecko; compatible; Amazonbot/0.1; +https://developer.amazon.com/support/amazonbot) Chrome/119.0.6045.214 Safari/537.36"
51.75.128.89 - - [18/Sep/2026:23:11:59 +0330] "GET /robots.txt HTTP/1.1" 404 - "-" "Mozilla/5.0 (compatible; MJ12bot/v1.4.8; http://mj12bot.com/)"
51.75.128.89 - - [18/Sep/2026:23:12:04 +0330] "GET /flash-cart/cart/?remove_item=077e29b11be80ab57e1a2ecabb7da330&_wpnonce=0276aa5243 HTTP/1.1" 200 83749 "-" "Mozilla/5.0 (compatible; MJ12bot/v1.4.8; http://mj12bot.com/)"
78.110.123.2 - - [18/Sep/2026:23:12:06 +0330] "POST /flash-cart/wp-cron.php?doing_wp_cron=1789760526.1547460556030273437500 HTTP/1.1" 200 20 "-" "WordPress/7.1.1; https://themes.proac.ir/flash-cart"
51.75.128.89 - - [18/Sep/2026:23:12:11 +0330] "GET /flash-cart/cart/?remove_item=077e29b11be80ab57e1a2ecabb7da330&_wpnonce=057c5ab783&add-to-cart=243 HTTP/1.1" 200 86922 "-" "Mozilla/5.0 (compatible; MJ12bot/v1.4.8; http://mj12bot.com/)"
51.75.128.89 - - [18/Sep/2026:23:12:20 +0330] "GET /flash-cart/cart/?remove_item=077e29b11be80ab57e1a2ecabb7da330&_wpnonce=05fea89cbb&add-to-cart=247 HTTP/1.1" 200 86859 "-" "Mozilla/5.0 (compatible; MJ12bot/v1.4.8; http://mj12bot.com/)"
51.75.128.89 - - [18/Sep/2026:23:12:25 +0330] "GET /flash-cart/cart/?remove_item=077e29b11be80ab57e1a2ecabb7da330&_wpnonce=0bb476059d&add-to-cart=247 HTTP/1.1" 200 86857 "-" "Mozilla/5.0 (compatible; MJ12bot/v1.4.8; http://mj12bot.com/)"
51.75.128.89 - - [18/Sep/2026:23:12:42 +0330] "GET /flash-cart/cart/?remove_item=077e29b11be80ab57e1a2ecabb7da330&_wpnonce=0bb476059d&add-to-cart=249 HTTP/1.1" 200 86895 "-" "Mozilla/5.0 (compatible; MJ12bot/v1.4.8; http://mj12bot.com/)"
50.16.216.166 - - [18/Sep/2026:23:12:49 +0330] "GET /blissspa/wp-content/plugins/elementor/assets/css/modules/?C=N;O%3DD HTTP/1.1" 200 2038 "-" "Mozilla/5.0 AppleWebKit/537.36 (KHTML, like Gecko; compatible; Amazonbot/0.1; +https://developer.amazon.com/support/amazonbot) Chrome/119.0.6045.214 Safari/537.36"
50.19.102.70 - - [18/Sep/2026:23:12:53 +0330] "GET /blissspa/wp-content/plugins/elementor/assets/css/modules/ai/ HTTP/1.1" 200 1536 "-" "Mozilla/5.0 AppleWebKit/537.36 (KHTML, like Gecko; compatible; Amazonbot/0.1; +https://developer.amazon.com/support/amazonbot) Chrome/119.0.6045.214 Safari/537.36"
51.75.128.89 - - [18/Sep/2026:23:12:56 +0330] "GET /flash-cart/cart/?remove_item=077e29b11be80ab57e1a2ecabb7da330&_wpnonce=9deca39300 HTTP/1.1" 200 83747 "-" "Mozilla/5.0 (compatible; MJ12bot/v1.4.8; http://mj12bot.com/)"
51.75.128.89 - - [18/Sep/2026:23:13:04 +0330] "GET /flash-cart/cart/?remove_item=077e29b11be80ab57e1a2ecabb7da330&_wpnonce=a0db0a7dca&add-to-cart=243 HTTP/1.1" 200 86925 "-" "Mozilla/5.0 (compatible; MJ12bot/v1.4.8; http://mj12bot.com/)"
78.110.123.2 - - [18/Sep/2026:23:13:06 +0330] "POST /flash-cart/wp-cron.php?doing_wp_cron=1789760586.3455660343170166015625 HTTP/1.1" 200 20 "-" "WordPress/7.1.1; https://themes.proac.ir/flash-cart"
51.75.128.89 - - [18/Sep/2026:23:13:12 +0330] "GET /flash-cart/cart/?remove_item=077e29b11be80ab57e1a2ecabb7da330&_wpnonce=a0db0a7dca&add-to-cart=247 HTTP/1.1" 200 86857 "-" "Mozilla/5.0 (compatible; MJ12bot/v1.4.8; http://mj12bot.com/)"
51.75.128.89 - - [18/Sep/2026:23:13:22 +0330] "GET /flash-cart/cart/?remove_item=077e29b11be80ab57e1a2ecabb7da330&_wpnonce=a0db0a7dca&add-to-cart=248 HTTP/1.1" 200 86978 "-" "Mozilla/5.0 (compatible; MJ12bot/v1.4.8; http://mj12bot.com/)"
51.75.128.89 - - [18/Sep/2026:23:13:28 +0330] "GET /flash-cart/cart/?remove_item=077e29b11be80ab57e1a2ecabb7da330&_wpnonce=a0db0a7dca&add-to-cart=249 HTTP/1.1" 200 86889 "-" "Mozilla/5.0 (compatible; MJ12bot/v1.4.8; http://mj12bot.com/)"
51.75.128.89 - - [18/Sep/2026:23:13:36 +0330] "GET /flash-cart/cart/?remove_item=077e29b11be80ab57e1a2ecabb7da330&_wpnonce=a137294d5b&add-to-cart=243 HTTP/1.1" 200 86927 "-" "Mozilla/5.0 (compatible; MJ12bot/v1.4.8; http://mj12bot.com/)"
54.162.69.192 - - [18/Sep/2026:23:13:38 +0330] "GET /blissspa/wp-content/plugins/elementor/modules/styleguide/ HTTP/1.1" 200 1138 "-" "Mozilla/5.0 AppleWebKit/537.36 (KHTML, like Gecko; compatible; Amazonbot/0.1; +https://developer.amazon.com/support/amazonbot) Chrome/119.0.6045.214 Safari/537.36"
51.75.128.89 - - [18/Sep/2026:23:13:41 +0330] "GET /flash-cart/cart/?remove_item=077e29b11be80ab57e1a2ecabb7da330&_wpnonce=a137294d5b&add-to-cart=247 HTTP/1.1" 200 86858 "-" "Mozilla/5.0 (compatible; MJ12bot/v1.4.8; http://mj12bot.com/)"
51.75.128.89 - - [18/Sep/2026:23:13:51 +0330] "GET /flash-cart/cart/?remove_item=077e29b11be80ab57e1a2ecabb7da330&_wpnonce=a137294d5b&add-to-cart=248 HTTP/1.1" 200 86976 "-" "Mozilla/5.0 (compatible; MJ12bot/v1.4.8; http://mj12bot.com/)"
78.110.123.2 - - [18/Sep/2026:23:14:05 +0330] "POST /flash-cart/wp-cron.php?doing_wp_cron=1789760645.5256979465484619140625 HTTP/1.1" 200 20 "-" "WordPress/7.1.1; https://themes.proac.ir/flash-cart"
51.75.128.89 - - [18/Sep/2026:23:14:02 +0330] "GET /flash-cart/cart/?remove_item=077e29b11be80ab57e1a2ecabb7da330&_wpnonce=a137294d5b&add-to-cart=249 HTTP/1.1" 200 86889 "-" "Mozilla/5.0 (compatible; MJ12bot/v1.4.8; http://mj12bot.com/)"
51.75.128.89 - - [18/Sep/2026:23:14:11 +0330] "GET /flash-cart/cart/?remove_item=077e29b11be80ab57e1a2ecabb7da330&_wpnonce=a1dee6fcad HTTP/1.1" 200 83747 "-" "Mozilla/5.0 (compatible; MJ12bot/v1.4.8; http://mj12bot.com/)"
51.75.128.89 - - [18/Sep/2026:23:14:21 +0330] "GET /flash-cart/cart/?remove_item=077e29b11be80ab57e1a2ecabb7da330&_wpnonce=a27df2fa4e HTTP/1.1" 200 83747 "-" "Mozilla/5.0 (compatible; MJ12bot/v1.4.8; http://mj12bot.com/)"
51.75.128.89 - - [18/Sep/2026:23:14:32 +0330] "GET /flash-cart/cart/?remove_item=077e29b11be80ab57e1a2ecabb7da330&_wpnonce=a309b8f812 HTTP/1.1" 200 83749 "-" "Mozilla/5.0 (compatible; MJ12bot/v1.4.8; http://mj12bot.com/)"
34.196.237.236 - - [18/Sep/2026:23:14:36 +0330] "GET /vip/prosite/wp-content/plugins/elementor/assets/lib/flatpickr/ HTTP/1.1" 200 1529 "-" "Mozilla/5.0 AppleWebKit/537.36 (KHTML, like Gecko; compatible; Amazonbot/0.1; +https://developer.amazon.com/support/amazonbot) Chrome/119.0.6045.214 Safari/537.36"
51.75.128.89 - - [18/Sep/2026:23:14:37 +0330] "GET /flash-cart/cart/?remove_item=077e29b11be80ab57e1a2ecabb7da330&_wpnonce=a3322b055b HTTP/1.1" 200 83744 "-" "Mozilla/5.0 (compatible; MJ12bot/v1.4.8; http://mj12bot.com/)"
34.194.226.74 - - [18/Sep/2026:23:14:41 +0330] "GET /blissspa/wp-content/plugins/elementor/assets/lib/html2canvas/?C=M;O%3DA HTTP/1.1" 200 965 "-" "Mozilla/5.0 AppleWebKit/537.36 (KHTML, like Gecko; compatible; Amazonbot/0.1; +https://developer.amazon.com/support/amazonbot) Chrome/119.0.6045.214 Safari/537.36"
51.75.128.89 - - [18/Sep/2026:23:14:42 +0330] "GET /flash-cart/cart/?remove_item=077e29b11be80ab57e1a2ecabb7da330&_wpnonce=a3b7325aac HTTP/1.1" 200 83747 "-" "Mozilla/5.0 (compatible; MJ12bot/v1.4.8; http://mj12bot.com/)"
100.29.34.97 - - [18/Sep/2026:23:14:48 +0330] "GET /blissspa/wp-content/plugins/elementor/assets/lib/tipsy/?C=M;O%3DA HTTP/1.1" 200 1138 "-" "Mozilla/5.0 AppleWebKit/537.36 (KHTML, like Gecko; compatible; Amazonbot/0.1; +https://developer.amazon.com/support/amazonbot) Chrome/119.0.6045.214 Safari/537.36"
51.75.128.89 - - [18/Sep/2026:23:14:54 +0330] "GET /flash-cart/cart/?remove_item=077e29b11be80ab57e1a2ecabb7da330&_wpnonce=a3f49806ef&add-to-cart=243 HTTP/1.1" 200 86921 "-" "Mozilla/5.0 (compatible; MJ12bot/v1.4.8; http://mj12bot.com/)"
3.216.13.10 - - [18/Sep/2026:23:14:56 +0330] "GET /vip/prosite/wp-content/uploads/2025/11/ HTTP/1.1" 200 737 "-" "Mozilla/5.0 AppleWebKit/537.36 (KHTML, like Gecko; compatible; Amazonbot/0.1; +https://developer.amazon.com/support/amazonbot) Chrome/119.0.6045.214 Safari/537.36"
18.205.127.11 - - [18/Sep/2026:23:15:00 +0330] "GET /vip/prosite/wp-content/plugins/elementor/assets/lib/jquery-numerator/ HTTP/1.1" 200 1191 "-" "Mozilla/5.0 AppleWebKit/537.36 (KHTML, like Gecko; compatible; Amazonbot/0.1; +https://developer.amazon.com/support/amazonbot) Chrome/119.0.6045.214 Safari/537.36"
51.75.128.89 - - [18/Sep/2026:23:15:03 +0330] "GET /flash-cart/cart/?remove_item=077e29b11be80ab57e1a2ecabb7da330&_wpnonce=a3f49806ef&add-to-cart=247 HTTP/1.1" 200 86858 "-" "Mozilla/5.0 (compatible; MJ12bot/v1.4.8; http://mj12bot.com/)"
78.110.123.2 - - [18/Sep/2026:23:15:06 +0330] "POST /flash-cart/wp-cron.php?doing_wp_cron=1789760706.7935850620269775390625 HTTP/1.1" 200 20 "-" "WordPress/7.1.1; https://themes.proac.ir/flash-cart"
51.75.128.89 - - [18/Sep/2026:23:15:13 +0330] "GET /flash-cart/cart/?remove_item=077e29b11be80ab57e1a2ecabb7da330&_wpnonce=a3f49806ef&add-to-cart=248 HTTP/1.1" 200 86978 "-" "Mozilla/5.0 (compatible; MJ12bot/v1.4.8; http://mj12bot.com/)"
52.4.213.199 - - [18/Sep/2026:23:15:24 +0330] "GET /blissspa/wp-content/plugins/elementor/assets/lib/animate.css/?C=N;O%3DD HTTP/1.1" 200 1343 "-" "Mozilla/5.0 AppleWebKit/537.36 (KHTML, like Gecko; compatible; Amazonbot/0.1; +https://developer.amazon.com/support/amazonbot) Chrome/119.0.6045.214 Safari/537.36"
51.75.128.89 - - [18/Sep/2026:23:15:23 +0330] "GET /flash-cart/cart/?remove_item=077e29b11be80ab57e1a2ecabb7da330&_wpnonce=a3f49806ef&add-to-cart=249 HTTP/1.1" 200 86891 "-" "Mozilla/5.0 (compatible; MJ12bot/v1.4.8; http://mj12bot.com/)"
52.70.123.241 - - [18/Sep/2026:23:15:28 +0330] "GET /blissspa/wp-content/uploads/avesta-uploads/?C=M;O%3DD HTTP/1.1" 200 1469 "-" "Mozilla/5.0 AppleWebKit/537.36 (KHTML, like Gecko; compatible; Amazonbot/0.1; +https://developer.amazon.com/support/amazonbot) Chrome/119.0.6045.214 Safari/537.36"
51.75.128.89 - - [18/Sep/2026:23:15:30 +0330] "GET /flash-cart/cart/?remove_item=077e29b11be80ab57e1a2ecabb7da330&_wpnonce=a43f93cabd HTTP/1.1" 200 83749 "-" "Mozilla/5.0 (compatible; MJ12bot/v1.4.8; http://mj12bot.com/)"
51.75.128.89 - - [18/Sep/2026:23:15:40 +0330] "GET /flash-cart/cart/?remove_item=077e29b11be80ab57e1a2ecabb7da330&_wpnonce=a50eac12fb HTTP/1.1" 200 83745 "-" "Mozilla/5.0 (compatible; MJ12bot/v1.4.8; http://mj12bot.com/)"
51.75.128.89 - - [18/Sep/2026:23:15:49 +0330] "GET /flash-cart/cart/?remove_item=077e29b11be80ab57e1a2ecabb7da330&_wpnonce=a5fe573930 HTTP/1.1" 200 83748 "-" "Mozilla/5.0 (compatible; MJ12bot/v1.4.8; http://mj12bot.com/)"
51.75.128.89 - - [18/Sep/2026:23:15:56 +0330] "GET /flash-cart/cart/?remove_item=077e29b11be80ab57e1a2ecabb7da330&_wpnonce=a6dbca6723&add-to-cart=243 HTTP/1.1" 200 86923 "-" "Mozilla/5.0 (compatible; MJ12bot/v1.4.8; http://mj12bot.com/)"
51.75.128.89 - - [18/Sep/2026:23:16:04 +0330] "GET /flash-cart/cart/?remove_item=077e29b11be80ab57e1a2ecabb7da330&_wpnonce=a6dbca6723&add-to-cart=247 HTTP/1.1" 200 86858 "-" "Mozilla/5.0 (compatible; MJ12bot/v1.4.8; http://mj12bot.com/)"
78.110.123.2 - - [18/Sep/2026:23:16:06 +0330] "POST /flash-cart/wp-cron.php?doing_wp_cron=1789760766.7144489288330078125000 HTTP/1.1" 200 20 "-" "WordPress/7.1.1; https://themes.proac.ir/flash-cart"
51.75.128.89 - - [18/Sep/2026:23:16:11 +0330] "GET /flash-cart/cart/?remove_item=077e29b11be80ab57e1a2ecabb7da330&_wpnonce=a7583b9eee HTTP/1.1" 200 83748 "-" "Mozilla/5.0 (compatible; MJ12bot/v1.4.8; http://mj12bot.com/)"
51.75.128.89 - - [18/Sep/2026:23:16:18 +0330] "GET /flash-cart/cart/?remove_item=077e29b11be80ab57e1a2ecabb7da330&_wpnonce=a76482453d HTTP/1.1" 200 83750 "-" "Mozilla/5.0 (compatible; MJ12bot/v1.4.8; http://mj12bot.com/)"
51.75.128.89 - - [18/Sep/2026:23:16:25 +0330] "GET /flash-cart/cart/?remove_item=077e29b11be80ab57e1a2ecabb7da330&_wpnonce=a7d1f47f16&add-to-cart=243 HTTP/1.1" 200 86923 "-" "Mozilla/5.0 (compatible; MJ12bot/v1.4.8; http://mj12bot.com/)"
51.75.128.89 - - [18/Sep/2026:23:16:31 +0330] "GET /flash-cart/cart/?remove_item=077e29b11be80ab57e1a2ecabb7da330&_wpnonce=a7d1f47f16&add-to-cart=247 HTTP/1.1" 200 86855 "-" "Mozilla/5.0 (compatible; MJ12bot/v1.4.8; http://mj12bot.com/)"
51.75.128.89 - - [18/Sep/2026:23:16:37 +0330] "GET /flash-cart/cart/?remove_item=077e29b11be80ab57e1a2ecabb7da330&_wpnonce=a7d1f47f16&add-to-cart=248 HTTP/1.1" 200 86979 "-" "Mozilla/5.0 (compatible; MJ12bot/v1.4.8; http://mj12bot.com/)"
51.75.128.89 - - [18/Sep/2026:23:16:42 +0330] "GET /flash-cart/cart/?remove_item=077e29b11be80ab57e1a2ecabb7da330&_wpnonce=a7d1f47f16&add-to-cart=249 HTTP/1.1" 200 86889 "-" "Mozilla/5.0 (compatible; MJ12bot/v1.4.8; http://mj12bot.com/)"
51.75.128.89 - - [18/Sep/2026:23:16:48 +0330] "GET /flash-cart/cart/?remove_item=077e29b11be80ab57e1a2ecabb7da330&_wpnonce=a8816d1c21 HTTP/1.1" 200 83750 "-" "Mozilla/5.0 (compatible; MJ12bot/v1.4.8; http://mj12bot.com/)"
51.75.128.89 - - [18/Sep/2026:23:16:53 +0330] "GET /flash-cart/cart/?remove_item=077e29b11be80ab57e1a2ecabb7da330&_wpnonce=a8c7791a01&add-to-cart=243 HTTP/1.1" 200 86924 "-" "Mozilla/5.0 (compatible; MJ12bot/v1.4.8; http://mj12bot.com/)"
51.75.128.89 - - [18/Sep/2026:23:16:58 +0330] "GET /flash-cart/cart/?remove_item=077e29b11be80ab57e1a2ecabb7da330&_wpnonce=a8c7791a01&add-to-cart=247 HTTP/1.1" 200 86859 "-" "Mozilla/5.0 (compatible; MJ12bot/v1.4.8; http://mj12bot.com/)"
51.75.128.89 - - [18/Sep/2026:23:17:04 +0330] "GET /flash-cart/cart/?remove_item=077e29b11be80ab57e1a2ecabb7da330&_wpnonce=a8c7791a01&add-to-cart=248 HTTP/1.1" 200 86979 "-" "Mozilla/5.0 (compatible; MJ12bot/v1.4.8; http://mj12bot.com/)"
78.110.123.2 - - [18/Sep/2026:23:17:06 +0330] "POST /flash-cart/wp-cron.php?doing_wp_cron=1789760826.4868929386138916015625 HTTP/1.1" 200 20 "-" "WordPress/7.1.1; https://themes.proac.ir/flash-cart"
51.75.128.89 - - [18/Sep/2026:23:17:10 +0330] "GET /flash-cart/cart/?remove_item=077e29b11be80ab57e1a2ecabb7da330&_wpnonce=a8c7791a01&add-to-cart=249 HTTP/1.1" 200 86888 "-" "Mozilla/5.0 (compatible; MJ12bot/v1.4.8; http://mj12bot.com/)"
51.75.128.89 - - [18/Sep/2026:23:17:21 +0330] "GET /flash-cart/cart/?remove_item=077e29b11be80ab57e1a2ecabb7da330&_wpnonce=a978194613 HTTP/1.1" 200 83746 "-" "Mozilla/5.0 (compatible; MJ12bot/v1.4.8; http://mj12bot.com/)"
51.75.128.89 - - [18/Sep/2026:23:17:26 +0330] "GET /flash-cart/cart/?remove_item=077e29b11be80ab57e1a2ecabb7da330&_wpnonce=ab1cfdf163&add-to-cart=243 HTTP/1.1" 200 86925 "-" "Mozilla/5.0 (compatible; MJ12bot/v1.4.8; http://mj12bot.com/)"
51.75.128.89 - - [18/Sep/2026:23:17:32 +0330] "GET /flash-cart/cart/?remove_item=077e29b11be80ab57e1a2ecabb7da330&_wpnonce=ab1cfdf163&add-to-cart=247 HTTP/1.1" 200 86859 "-" "Mozilla/5.0 (compatible; MJ12bot/v1.4.8; http://mj12bot.com/)"
51.75.128.89 - - [18/Sep/2026:23:17:40 +0330] "GET /flash-cart/cart/?remove_item=077e29b11be80ab57e1a2ecabb7da330&_wpnonce=ab1cfdf163&add-to-cart=248 HTTP/1.1" 200 86983 "-" "Mozilla/5.0 (compatible; MJ12bot/v1.4.8; http://mj12bot.com/)"
51.75.128.89 - - [18/Sep/2026:23:17:48 +0330] "GET /flash-cart/cart/?remove_item=077e29b11be80ab57e1a2ecabb7da330&_wpnonce=ab1cfdf163&add-to-cart=249 HTTP/1.1" 200 86892 "-" "Mozilla/5.0 (compatible; MJ12bot/v1.4.8; http://mj12bot.com/)"
51.75.128.89 - - [18/Sep/2026:23:17:56 +0330] "GET /flash-cart/cart/?remove_item=077e29b11be80ab57e1a2ecabb7da330&_wpnonce=abae78aea3 HTTP/1.1" 200 83747 "-" "Mozilla/5.0 (compatible; MJ12bot/v1.4.8; http://mj12bot.com/)"
51.75.128.89 - - [18/Sep/2026:23:18:00 +0330] "GET /flash-cart/cart/?remove_item=077e29b11be80ab57e1a2ecabb7da330&_wpnonce=abd966b3fb&add-to-cart=243 HTTP/1.1" 200 86923 "-" "Mozilla/5.0 (compatible; MJ12bot/v1.4.8; http://mj12bot.com/)"
78.110.123.2 - - [18/Sep/2026:23:18:02 +0330] "POST /flash-cart/wp-cron.php?doing_wp_cron=1789760882.3467020988464355468750 HTTP/1.1" 200 20 "-" "WordPress/7.1.1; https://themes.proac.ir/flash-cart"
51.75.128.89 - - [18/Sep/2026:23:18:06 +0330] "GET /flash-cart/cart/?remove_item=077e29b11be80ab57e1a2ecabb7da330&_wpnonce=abd966b3fb&add-to-cart=247 HTTP/1.1" 200 86860 "-" "Mozilla/5.0 (compatible; MJ12bot/v1.4.8; http://mj12bot.com/)"
51.75.128.89 - - [18/Sep/2026:23:18:11 +0330] "GET /flash-cart/cart/?remove_item=077e29b11be80ab57e1a2ecabb7da330&_wpnonce=abd966b3fb&add-to-cart=248 HTTP/1.1" 200 86981 "-" "Mozilla/5.0 (compatible; MJ12bot/v1.4.8; http://mj12bot.com/)"
51.75.128.89 - - [18/Sep/2026:23:18:18 +0330] "GET /flash-cart/cart/?remove_item=077e29b11be80ab57e1a2ecabb7da330&_wpnonce=abd966b3fb&add-to-cart=249 HTTP/1.1" 200 86894 "-" "Mozilla/5.0 (compatible; MJ12bot/v1.4.8; http://mj12bot.com/)"
51.75.128.89 - - [18/Sep/2026:23:18:27 +0330] "GET /flash-cart/cart/?remove_item=077e29b11be80ab57e1a2ecabb7da330&_wpnonce=ac03a7c303&add-to-cart=247 HTTP/1.1" 200 86856 "-" "Mozilla/5.0 (compatible; MJ12bot/v1.4.8; http://mj12bot.com/)"
51.75.128.89 - - [18/Sep/2026:23:18:31 +0330] "GET /flash-cart/cart/?remove_item=077e29b11be80ab57e1a2ecabb7da330&_wpnonce=ac03a7c303&add-to-cart=248 HTTP/1.1" 200 86978 "-" "Mozilla/5.0 (compatible; MJ12bot/v1.4.8; http://mj12bot.com/)"
51.75.128.89 - - [18/Sep/2026:23:18:35 +0330] "GET /flash-cart/cart/?remove_item=077e29b11be80ab57e1a2ecabb7da330&_wpnonce=ac03a7c303&add-to-cart=249 HTTP/1.1" 200 86889 "-" "Mozilla/5.0 (compatible; MJ12bot/v1.4.8; http://mj12bot.com/)"
51.75.128.89 - - [18/Sep/2026:23:18:39 +0330] "GET /flash-cart/cart/?remove_item=077e29b11be80ab57e1a2ecabb7da330&_wpnonce=ac83897281&add-to-cart=243 HTTP/1.1" 200 86925 "-" "Mozilla/5.0 (compatible; MJ12bot/v1.4.8; http://mj12bot.com/)"
51.75.128.89 - - [18/Sep/2026:23:18:43 +0330] "GET /flash-cart/cart/?remove_item=077e29b11be80ab57e1a2ecabb7da330&_wpnonce=ac83897281&add-to-cart=247 HTTP/1.1" 200 86860 "-" "Mozilla/5.0 (compatible; MJ12bot/v1.4.8; http://mj12bot.com/)"
51.75.128.89 - - [18/Sep/2026:23:18:48 +0330] "GET /flash-cart/cart/?remove_item=077e29b11be80ab57e1a2ecabb7da330&_wpnonce=ac83897281&add-to-cart=248 HTTP/1.1" 200 86980 "-" "Mozilla/5.0 (compatible; MJ12bot/v1.4.8; http://mj12bot.com/)"
51.75.128.89 - - [18/Sep/2026:23:18:52 +0330] "GET /flash-cart/cart/?remove_item=077e29b11be80ab57e1a2ecabb7da330&_wpnonce=ac83897281&add-to-cart=249 HTTP/1.1" 200 86891 "-" "Mozilla/5.0 (compatible; MJ12bot/v1.4.8; http://mj12bot.com/)"
51.75.128.89 - - [18/Sep/2026:23:18:57 +0330] "GET /flash-cart/cart/?remove_item=077e29b11be80ab57e1a2ecabb7da330&_wpnonce=ad3a1ab812&add-to-cart=243 HTTP/1.1" 200 86928 "-" "Mozilla/5.0 (compatible; MJ12bot/v1.4.8; http://mj12bot.com/)"
51.75.128.89 - - [18/Sep/2026:23:19:02 +0330] "GET /flash-cart/cart/?remove_item=077e29b11be80ab57e1a2ecabb7da330&_wpnonce=ad9d884862&add-to-cart=243 HTTP/1.1" 200 86928 "-" "Mozilla/5.0 (compatible; MJ12bot/v1.4.8; http://mj12bot.com/)"
78.110.123.2 - - [18/Sep/2026:23:19:06 +0330] "POST /flash-cart/wp-cron.php?doing_wp_cron=1789760946.3093640804290771484375 HTTP/1.1" 200 20 "-" "WordPress/7.1.1; https://themes.proac.ir/flash-cart"
51.75.128.89 - - [18/Sep/2026:23:19:10 +0330] "GET /flash-cart/cart/?remove_item=077e29b11be80ab57e1a2ecabb7da330&_wpnonce=ad9d884862&add-to-cart=247 HTTP/1.1" 200 86859 "-" "Mozilla/5.0 (compatible; MJ12bot/v1.4.8; http://mj12bot.com/)"
51.75.128.89 - - [18/Sep/2026:23:19:16 +0330] "GET /flash-cart/cart/?remove_item=077e29b11be80ab57e1a2ecabb7da330&_wpnonce=ad9d884862&add-to-cart=248 HTTP/1.1" 200 86982 "-" "Mozilla/5.0 (compatible; MJ12bot/v1.4.8; http://mj12bot.com/)"
51.75.128.89 - - [18/Sep/2026:23:19:22 +0330] "GET /flash-cart/cart/?remove_item=077e29b11be80ab57e1a2ecabb7da330&_wpnonce=ad9d884862&add-to-cart=249 HTTP/1.1" 200 86894 "-" "Mozilla/5.0 (compatible; MJ12bot/v1.4.8; http://mj12bot.com/)"
51.75.128.89 - - [18/Sep/2026:23:19:27 +0330] "GET /flash-cart/cart/?remove_item=077e29b11be80ab57e1a2ecabb7da330&_wpnonce=adc52ca9a6&add-to-cart=243 HTTP/1.1" 200 86926 "-" "Mozilla/5.0 (compatible; MJ12bot/v1.4.8; http://mj12bot.com/)"
51.75.128.89 - - [18/Sep/2026:23:19:32 +0330] "GET /flash-cart/cart/?remove_item=077e29b11be80ab57e1a2ecabb7da330&_wpnonce=adc52ca9a6&add-to-cart=247 HTTP/1.1" 200 86859 "-" "Mozilla/5.0 (compatible; MJ12bot/v1.4.8; http://mj12bot.com/)"
51.75.128.89 - - [18/Sep/2026:23:19:38 +0330] "GET /flash-cart/cart/?remove_item=077e29b11be80ab57e1a2ecabb7da330&_wpnonce=adc52ca9a6&add-to-cart=248 HTTP/1.1" 200 86977 "-" "Mozilla/5.0 (compatible; MJ12bot/v1.4.8; http://mj12bot.com/)"
51.75.128.89 - - [18/Sep/2026:23:19:46 +0330] "GET /flash-cart/cart/?remove_item=077e29b11be80ab57e1a2ecabb7da330&_wpnonce=adc52ca9a6&add-to-cart=249 HTTP/1.1" 200 86892 "-" "Mozilla/5.0 (compatible; MJ12bot/v1.4.8; http://mj12bot.com/)"
51.75.128.89 - - [18/Sep/2026:23:19:51 +0330] "GET /flash-cart/cart/?remove_item=077e29b11be80ab57e1a2ecabb7da330&_wpnonce=ade53689fb HTTP/1.1" 200 83743 "-" "Mozilla/5.0 (compatible; MJ12bot/v1.4.8; http://mj12bot.com/)"
51.75.128.89 - - [18/Sep/2026:23:19:55 +0330] "GET /flash-cart/cart/?remove_item=077e29b11be80ab57e1a2ecabb7da330&_wpnonce=ae4e240b09&add-to-cart=243 HTTP/1.1" 200 86929 "-" "Mozilla/5.0 (compatible; MJ12bot/v1.4.8; http://mj12bot.com/)"
51.75.128.89 - - [18/Sep/2026:23:19:59 +0330] "GET /flash-cart/cart/?remove_item=077e29b11be80ab57e1a2ecabb7da330&_wpnonce=ae4e240b09&add-to-cart=247 HTTP/1.1" 200 86855 "-" "Mozilla/5.0 (compatible; MJ12bot/v1.4.8; http://mj12bot.com/)"
78.110.123.2 - - [18/Sep/2026:23:20:01 +0330] "POST /flash-cart/wp-cron.php?doing_wp_cron=1789761001.2767329216003417968750 HTTP/1.1" 200 20 "-" "WordPress/7.1.1; https://themes.proac.ir/flash-cart"
51.75.128.89 - - [18/Sep/2026:23:20:06 +0330] "GET /flash-cart/cart/?remove_item=077e29b11be80ab57e1a2ecabb7da330&_wpnonce=ae4e240b09&add-to-cart=248 HTTP/1.1" 200 86982 "-" "Mozilla/5.0 (compatible; MJ12bot/v1.4.8; http://mj12bot.com/)"
51.75.128.89 - - [18/Sep/2026:23:20:10 +0330] "GET /flash-cart/cart/?remove_item=077e29b11be80ab57e1a2ecabb7da330&_wpnonce=ae4e240b09&add-to-cart=249 HTTP/1.1" 200 86894 "-" "Mozilla/5.0 (compatible; MJ12bot/v1.4.8; http://mj12bot.com/)"
51.75.128.89 - - [18/Sep/2026:23:20:15 +0330] "GET /flash-cart/cart/?remove_item=077e29b11be80ab57e1a2ecabb7da330&_wpnonce=af109d2b7a&add-to-cart=243 HTTP/1.1" 200 86928 "-" "Mozilla/5.0 (compatible; MJ12bot/v1.4.8; http://mj12bot.com/)"
51.75.128.89 - - [18/Sep/2026:23:20:25 +0330] "GET /flash-cart/cart/?remove_item=077e29b11be80ab57e1a2ecabb7da330&_wpnonce=af109d2b7a&add-to-cart=247 HTTP/1.1" 200 86859 "-" "Mozilla/5.0 (compatible; MJ12bot/v1.4.8; http://mj12bot.com/)"
51.75.128.89 - - [18/Sep/2026:23:20:30 +0330] "GET /flash-cart/cart/?remove_item=077e29b11be80ab57e1a2ecabb7da330&_wpnonce=af109d2b7a&add-to-cart=248 HTTP/1.1" 200 86978 "-" "Mozilla/5.0 (compatible; MJ12bot/v1.4.8; http://mj12bot.com/)"
51.75.128.89 - - [18/Sep/2026:23:20:35 +0330] "GET /flash-cart/cart/?remove_item=077e29b11be80ab57e1a2ecabb7da330&_wpnonce=af109d2b7a&add-to-cart=249 HTTP/1.1" 200 86889 "-" "Mozilla/5.0 (compatible; MJ12bot/v1.4.8; http://mj12bot.com/)"
51.75.128.89 - - [18/Sep/2026:23:20:40 +0330] "GET /flash-cart/cart/?remove_item=077e29b11be80ab57e1a2ecabb7da330&_wpnonce=af5de394a3 HTTP/1.1" 200 83746 "-" "Mozilla/5.0 (compatible; MJ12bot/v1.4.8; http://mj12bot.com/)"
51.75.128.89 - - [18/Sep/2026:23:20:44 +0330] "GET /flash-cart/cart/?remove_item=077e29b11be80ab57e1a2ecabb7da330&_wpnonce=b0ef60e6db HTTP/1.1" 200 83751 "-" "Mozilla/5.0 (compatible; MJ12bot/v1.4.8; http://mj12bot.com/)"
51.75.128.89 - - [18/Sep/2026:23:20:49 +0330] "GET /flash-cart/cart/?remove_item=077e29b11be80ab57e1a2ecabb7da330&_wpnonce=b134561a11&add-to-cart=243 HTTP/1.1" 200 86922 "-" "Mozilla/5.0 (compatible; MJ12bot/v1.4.8; http://mj12bot.com/)"
51.75.128.89 - - [18/Sep/2026:23:20:53 +0330] "GET /flash-cart/cart/?remove_item=077e29b11be80ab57e1a2ecabb7da330&_wpnonce=b134561a11&add-to-cart=247 HTTP/1.1" 200 86859 "-" "Mozilla/5.0 (compatible; MJ12bot/v1.4.8; http://mj12bot.com/)"
51.75.128.89 - - [18/Sep/2026:23:20:58 +0330] "GET /flash-cart/cart/?remove_item=077e29b11be80ab57e1a2ecabb7da330&_wpnonce=b134561a11&add-to-cart=248 HTTP/1.1" 200 86981 "-" "Mozilla/5.0 (compatible; MJ12bot/v1.4.8; http://mj12bot.com/)"
78.110.123.2 - - [18/Sep/2026:23:21:05 +0330] "POST /flash-cart/wp-cron.php?doing_wp_cron=1789761065.7515990734100341796875 HTTP/1.1" 200 20 "-" "WordPress/7.1.1; https://themes.proac.ir/flash-cart"
51.75.128.89 - - [18/Sep/2026:23:21:02 +0330] "GET /flash-cart/cart/?remove_item=077e29b11be80ab57e1a2ecabb7da330&_wpnonce=b134561a11&add-to-cart=249 HTTP/1.1" 200 86890 "-" "Mozilla/5.0 (compatible; MJ12bot/v1.4.8; http://mj12bot.com/)"
51.75.128.89 - - [18/Sep/2026:23:21:09 +0330] "GET /flash-cart/cart/?remove_item=077e29b11be80ab57e1a2ecabb7da330&_wpnonce=b2587eb749&add-to-cart=248 HTTP/1.1" 200 86981 "-" "Mozilla/5.0 (compatible; MJ12bot/v1.4.8; http://mj12bot.com/)"
51.75.128.89 - - [18/Sep/2026:23:21:13 +0330] "GET /flash-cart/cart/?remove_item=077e29b11be80ab57e1a2ecabb7da330&_wpnonce=b2587eb749&add-to-cart=249 HTTP/1.1" 200 86895 "-" "Mozilla/5.0 (compatible; MJ12bot/v1.4.8; http://mj12bot.com/)"
78.110.123.2 - - [18/Sep/2026:23:21:19 +0330] "POST /agency-startup/wp-cron.php?doing_wp_cron=1789761079.0654931068420410156250 HTTP/1.1" 200 20 "-" "WordPress/7.1.1; https://themes.proac.ir/agency-startup"
186.233.115.75 - - [18/Sep/2026:23:21:17 +0330] "GET /agency-startup/ HTTP/1.1" 200 25106 "-" "Mozilla/5.0 (Android 12; Mobile; rv:150.0) Gecko/150.0 Firefox/150.0"
51.75.128.89 - - [18/Sep/2026:23:21:18 +0330] "GET /flash-cart/cart/?remove_item=077e29b11be80ab57e1a2ecabb7da330&_wpnonce=b29b58a468&add-to-cart=243 HTTP/1.1" 200 86921 "-" "Mozilla/5.0 (compatible; MJ12bot/v1.4.8; http://mj12bot.com/)"
51.75.128.89 - - [18/Sep/2026:23:21:22 +0330] "GET /flash-cart/cart/?remove_item=077e29b11be80ab57e1a2ecabb7da330&_wpnonce=b29b58a468&add-to-cart=247 HTTP/1.1" 200 86857 "-" "Mozilla/5.0 (compatible; MJ12bot/v1.4.8; http://mj12bot.com/)"
