116.179.37.2 - - [19/Sep/2026:03:18:29 +0330] "GET /topx/wp-content/themes/faratheme/inc/elementor/assets/vendor/js/vanilla-tilt.min.js?ver=1.7.0 HTTP/1.1" 200 8940 "https://themes.proac.ir/topx/blogs/" "Mozilla/5.0 (compatible; Baiduspider-render/2.0; +http://www.baidu.com/search/spider.html)"
116.179.37.3 - - [19/Sep/2026:03:18:29 +0330] "GET /topx/wp-content/themes/faratheme/inc/elementor/modules/swatches/assets/js/frontend.js?ver=1.0.0 HTTP/1.1" 200 1493 "https://themes.proac.ir/topx/blogs/" "Mozilla/5.0 (compatible; Baiduspider-render/2.0; +http://www.baidu.com/search/spider.html)"
116.179.37.202 - - [19/Sep/2026:03:18:29 +0330] "GET /topx/wp-content/plugins/elementor/assets/js/frontend-modules.min.js?ver=3.31.2 HTTP/1.1" 200 49432 "https://themes.proac.ir/topx/blogs/" "Mozilla/5.0 (compatible; Baiduspider-render/2.0; +http://www.baidu.com/search/spider.html)"
116.179.37.136 - - [19/Sep/2026:03:18:29 +0330] "GET /topx/wp-content/themes/faratheme/inc/elementor/inc/controls/assets/js/widgetarea-editor.js?ver=1.0.0 HTTP/1.1" 200 1299 "https://themes.proac.ir/topx/blogs/" "Mozilla/5.0 (compatible; Baiduspider-render/2.0; +http://www.baidu.com/search/spider.html)"
116.179.37.171 - - [19/Sep/2026:03:18:29 +0330] "GET /topx/wp-content/themes/faratheme/inc/elementor/modules/background-particles/js/background-particles.min.js?ver=1.0.0 HTTP/1.1" 200 1189 "https://themes.proac.ir/topx/blogs/" "Mozilla/5.0 (compatible; Baiduspider-render/2.0; +http://www.baidu.com/search/spider.html)"
116.179.37.81 - - [19/Sep/2026:03:18:29 +0330] "GET /topx/wp-content/themes/faratheme/inc/elementor/assets/vendor/js/particles.min.js?ver=2.0.0 HTTP/1.1" 200 23372 "https://themes.proac.ir/topx/blogs/" "Mozilla/5.0 (compatible; Baiduspider-render/2.0; +http://www.baidu.com/search/spider.html)"
116.179.37.98 - - [19/Sep/2026:03:18:29 +0330] "GET /topx/wp-content/plugins/elementor/assets/js/frontend.min.js?ver=3.31.2 HTTP/1.1" 200 32879 "https://themes.proac.ir/topx/blogs/" "Mozilla/5.0 (compatible; Baiduspider-render/2.0; +http://www.baidu.com/search/spider.html)"
116.179.37.83 - - [19/Sep/2026:03:18:29 +0330] "GET /topx/wp-content/plugins/elementor/assets/js/webpack.runtime.min.js?ver=3.31.2 HTTP/1.1" 200 5707 "https://themes.proac.ir/topx/blogs/" "Mozilla/5.0 (compatible; Baiduspider-render/2.0; +http://www.baidu.com/search/spider.html)"
116.179.37.4 - - [19/Sep/2026:03:18:29 +0330] "GET /topx/wp-content/plugins/woocommerce/assets/js/jquery-blockui/jquery.blockUI.min.js?ver=2.7.0-wc.10.1.3 HTTP/1.1" 200 9636 "https://themes.proac.ir/topx/blogs/" "Mozilla/5.0 (compatible; Baiduspider-render/2.0; +http://www.baidu.com/search/spider.html)"
116.179.37.39 - - [19/Sep/2026:03:18:29 +0330] "GET /topx/wp-content/plugins/woocommerce/assets/js/frontend/add-to-cart.min.js?ver=10.1.3 HTTP/1.1" 200 4035 "https://themes.proac.ir/topx/blogs/" "Mozilla/5.0 (compatible; Baiduspider-render/2.0; +http://www.baidu.com/search/spider.html)"
116.179.37.196 - - [19/Sep/2026:03:18:29 +0330] "GET /topx/wp-content/themes/faratheme/inc/elementor/assets/vendor/js/lottie.min.js?ver=1.0.0 HTTP/1.1" 200 252287 "https://themes.proac.ir/topx/blogs/" "Mozilla/5.0 (compatible; Baiduspider-render/2.0; +http://www.baidu.com/search/spider.html)"
116.179.37.83 - - [19/Sep/2026:03:18:30 +0330] "GET /topx/wp-content/plugins/woocommerce/assets/js/js-cookie/js.cookie.min.js?ver=2.1.4-wc.10.1.3 HTTP/1.1" 200 1720 "https://themes.proac.ir/topx/blogs/" "Mozilla/5.0 (compatible; Baiduspider-render/2.0; +http://www.baidu.com/search/spider.html)"
116.179.37.253 - - [19/Sep/2026:03:18:30 +0330] "GET /topx/wp-content/plugins/woocommerce/assets/js/frontend/woocommerce.min.js?ver=10.1.3 HTTP/1.1" 200 3915 "https://themes.proac.ir/topx/blogs/" "Mozilla/5.0 (compatible; Baiduspider-render/2.0; +http://www.baidu.com/search/spider.html)"
116.179.37.152 - - [19/Sep/2026:03:18:30 +0330] "GET /topx/wp-content/themes/faratheme/assets/fonts/YekanBakhFaNum-Regular.woff HTTP/1.1" 200 43984 "https://themes.proac.ir/topx/wp-content/themes/faratheme/assets/css/style.min.css?ver=1.0.0" "Mozilla/5.0 (compatible; Baiduspider-render/2.0; +http://www.baidu.com/search/spider.html)"
116.179.37.36 - - [19/Sep/2026:03:18:30 +0330] "GET /topx/wp-content/plugins/woocommerce/assets/css/woocommerce-smallscreen-rtl.css?ver=10.1.3 HTTP/1.1" 200 7533 "https://themes.proac.ir/topx/blogs/" "Mozilla/5.0 (compatible; Baiduspider-render/2.0; +http://www.baidu.com/search/spider.html)"
116.179.37.113 - - [19/Sep/2026:03:18:30 +0330] "GET /topx/wp-content/themes/faratheme/assets/fonts/YekanBakhFaNum-Bold.woff HTTP/1.1" 200 46504 "https://themes.proac.ir/topx/wp-content/themes/faratheme/assets/css/style.min.css?ver=1.0.0" "Mozilla/5.0 (compatible; Baiduspider-render/2.0; +http://www.baidu.com/search/spider.html)"
116.179.37.83 - - [19/Sep/2026:03:18:30 +0330] "GET /topx/wp-content/uploads/2023/09/Rectangle-3495-8-300x224.png HTTP/1.1" 200 57448 "https://themes.proac.ir/topx/blogs/" "Mozilla/5.0 (compatible; Baiduspider-render/2.0; +http://www.baidu.com/search/spider.html)"
116.179.37.241 - - [19/Sep/2026:03:18:30 +0330] "GET /topx/wp-content/uploads/2023/09/Rectangle-3495-7-300x224.png HTTP/1.1" 200 59166 "https://themes.proac.ir/topx/blogs/" "Mozilla/5.0 (compatible; Baiduspider-render/2.0; +http://www.baidu.com/search/spider.html)"
116.179.37.239 - - [19/Sep/2026:03:18:30 +0330] "GET /topx/wp-content/uploads/2023/09/Rectangle-3495-6-300x224.png HTTP/1.1" 200 61155 "https://themes.proac.ir/topx/blogs/" "Mozilla/5.0 (compatible; Baiduspider-render/2.0; +http://www.baidu.com/search/spider.html)"
116.179.37.2 - - [19/Sep/2026:03:18:30 +0330] "GET /topx/wp-content/uploads/2023/09/Rectangle-3495-9-300x224.png HTTP/1.1" 200 86699 "https://themes.proac.ir/topx/blogs/" "Mozilla/5.0 (compatible; Baiduspider-render/2.0; +http://www.baidu.com/search/spider.html)"
116.179.37.39 - - [19/Sep/2026:03:18:30 +0330] "GET /topx/wp-content/uploads/2023/09/Rectangle-3495-5-300x224.png HTTP/1.1" 200 85241 "https://themes.proac.ir/topx/blogs/" "Mozilla/5.0 (compatible; Baiduspider-render/2.0; +http://www.baidu.com/search/spider.html)"
116.179.37.13 - - [19/Sep/2026:03:18:31 +0330] "GET /topx/wp-content/uploads/2023/11/Rectangle-459-2048x231.png HTTP/1.1" 200 97945 "https://themes.proac.ir/topx/blogs/" "Mozilla/5.0 (compatible; Baiduspider-render/2.0; +http://www.baidu.com/search/spider.html)"
116.179.37.115 - - [19/Sep/2026:03:18:31 +0330] "GET /topx/wp-includes/js/wp-emoji-release.min.js?ver=7.1.1 HTTP/1.1" 200 22752 "https://themes.proac.ir/topx/blogs/" "Mozilla/5.0 (compatible; Baiduspider-render/2.0; +http://www.baidu.com/search/spider.html)"
116.179.37.7 - - [19/Sep/2026:03:18:30 +0330] "GET /topx/wp-content/themes/faratheme/inc/elementor/assets/fonts/fa-brands-400.woff2 HTTP/1.1" 404 14767 "https://themes.proac.ir/topx/wp-content/themes/faratheme/inc/elementor/assets/css/all.css?ver=7.0.0" "Mozilla/5.0 (compatible; Baiduspider-render/2.0; +http://www.baidu.com/search/spider.html)"
116.179.37.212 - - [19/Sep/2026:03:18:30 +0330] "GET /topx/wp-content/uploads/2024/08/Group-1485698-min-1.png HTTP/1.1" 200 5807368 "https://themes.proac.ir/topx/wp-content/uploads/elementor/css/post-261.css?ver=1736284226" "Mozilla/5.0 (compatible; Baiduspider-render/2.0; +http://www.baidu.com/search/spider.html)"
194.247.173.99 - - [19/Sep/2026:03:18:31 +0330] "GET /flash-cart/cart/?remove_item=077e29b11be80ab57e1a2ecabb7da330&_wpnonce=0276aa5243&add-to-cart=247 HTTP/1.1" 200 86856 "-" "Mozilla/5.0 (compatible; MJ12bot/v1.4.8; http://mj12bot.com/)"
117.11.88.51 - - [19/Sep/2026:03:18:37 +0330] "GET /ipfs/bafkreicyqcbhpicbos7ev4mrxofwqx6hvvge7pahpta6xuspr44crai5by HTTP/1.1" 404 - "-" "Mozilla/4.038533357 Mozilla/4.0 (compatible; MSIE 7.0; Windows NT 5.1) QQBrowser/6.0"
194.247.173.99 - - [19/Sep/2026:03:18:35 +0330] "GET /flash-cart/cart/?remove_item=077e29b11be80ab57e1a2ecabb7da330&_wpnonce=056cbc048c&add-to-cart=243 HTTP/1.1" 200 86925 "-" "Mozilla/5.0 (compatible; MJ12bot/v1.4.8; http://mj12bot.com/)"
78.110.123.2 - - [19/Sep/2026:03:18:32 +0330] "POST /flash-cart/wp-cron.php?doing_wp_cron=1789775312.8475899696350097656250 HTTP/1.1" 200 20 "-" "WordPress/7.1.1; https://themes.proac.ir/flash-cart"
194.247.173.99 - - [19/Sep/2026:03:18:40 +0330] "GET /flash-cart/cart/?remove_item=077e29b11be80ab57e1a2ecabb7da330&_wpnonce=05d7c712e3&add-to-cart=247 HTTP/1.1" 200 86854 "-" "Mozilla/5.0 (compatible; MJ12bot/v1.4.8; http://mj12bot.com/)"
194.247.173.99 - - [19/Sep/2026:03:18:45 +0330] "GET /flash-cart/cart/?remove_item=077e29b11be80ab57e1a2ecabb7da330&_wpnonce=099444ac4a&add-to-cart=248 HTTP/1.1" 200 86979 "-" "Mozilla/5.0 (compatible; MJ12bot/v1.4.8; http://mj12bot.com/)"
194.247.173.99 - - [19/Sep/2026:03:18:50 +0330] "GET /flash-cart/cart/?remove_item=077e29b11be80ab57e1a2ecabb7da330&_wpnonce=0a4b129ade&add-to-cart=243 HTTP/1.1" 200 86920 "-" "Mozilla/5.0 (compatible; MJ12bot/v1.4.8; http://mj12bot.com/)"
194.247.173.99 - - [19/Sep/2026:03:18:55 +0330] "GET /flash-cart/cart/?remove_item=077e29b11be80ab57e1a2ecabb7da330&_wpnonce=0e542eb4dd&add-to-cart=249 HTTP/1.1" 200 86888 "-" "Mozilla/5.0 (compatible; MJ12bot/v1.4.8; http://mj12bot.com/)"
194.247.173.99 - - [19/Sep/2026:03:19:00 +0330] "GET /flash-cart/cart/?remove_item=077e29b11be80ab57e1a2ecabb7da330&_wpnonce=10650446ba&add-to-cart=249 HTTP/1.1" 200 86889 "-" "Mozilla/5.0 (compatible; MJ12bot/v1.4.8; http://mj12bot.com/)"
78.110.123.2 - - [19/Sep/2026:03:19:02 +0330] "POST /flash-cart/wp-cron.php?doing_wp_cron=1789775342.8955099582672119140625 HTTP/1.1" 200 20 "-" "WordPress/7.1.1; https://themes.proac.ir/flash-cart"
194.247.173.99 - - [19/Sep/2026:03:19:07 +0330] "GET /flash-cart/cart/?remove_item=077e29b11be80ab57e1a2ecabb7da330&_wpnonce=1473af9406&add-to-cart=243 HTTP/1.1" 200 86923 "-" "Mozilla/5.0 (compatible; MJ12bot/v1.4.8; http://mj12bot.com/)"
194.247.173.99 - - [19/Sep/2026:03:19:13 +0330] "GET /flash-cart/cart/?remove_item=077e29b11be80ab57e1a2ecabb7da330&_wpnonce=1473af9406&add-to-cart=247 HTTP/1.1" 200 86857 "-" "Mozilla/5.0 (compatible; MJ12bot/v1.4.8; http://mj12bot.com/)"
194.247.173.99 - - [19/Sep/2026:03:19:18 +0330] "GET /flash-cart/cart/?remove_item=077e29b11be80ab57e1a2ecabb7da330&_wpnonce=1473af9406&add-to-cart=248 HTTP/1.1" 200 86978 "-" "Mozilla/5.0 (compatible; MJ12bot/v1.4.8; http://mj12bot.com/)"
194.247.173.99 - - [19/Sep/2026:03:19:24 +0330] "GET /flash-cart/cart/?remove_item=077e29b11be80ab57e1a2ecabb7da330&_wpnonce=1473af9406&add-to-cart=249 HTTP/1.1" 200 86891 "-" "Mozilla/5.0 (compatible; MJ12bot/v1.4.8; http://mj12bot.com/)"
194.247.173.99 - - [19/Sep/2026:03:19:29 +0330] "GET /flash-cart/cart/?remove_item=077e29b11be80ab57e1a2ecabb7da330&_wpnonce=1635d8a445 HTTP/1.1" 200 83750 "-" "Mozilla/5.0 (compatible; MJ12bot/v1.4.8; http://mj12bot.com/)"
194.247.173.99 - - [19/Sep/2026:03:19:34 +0330] "GET /flash-cart/cart/?remove_item=077e29b11be80ab57e1a2ecabb7da330&_wpnonce=18f5292b9d&add-to-cart=243 HTTP/1.1" 200 86925 "-" "Mozilla/5.0 (compatible; MJ12bot/v1.4.8; http://mj12bot.com/)"
194.247.173.99 - - [19/Sep/2026:03:19:39 +0330] "GET /flash-cart/cart/?remove_item=077e29b11be80ab57e1a2ecabb7da330&_wpnonce=1a740dbad3 HTTP/1.1" 200 83751 "-" "Mozilla/5.0 (compatible; MJ12bot/v1.4.8; http://mj12bot.com/)"
194.247.173.99 - - [19/Sep/2026:03:19:43 +0330] "GET /flash-cart/cart/?remove_item=077e29b11be80ab57e1a2ecabb7da330&_wpnonce=1b356f8532&add-to-cart=243 HTTP/1.1" 200 86923 "-" "Mozilla/5.0 (compatible; MJ12bot/v1.4.8; http://mj12bot.com/)"
194.247.173.99 - - [19/Sep/2026:03:19:47 +0330] "GET /flash-cart/cart/?remove_item=077e29b11be80ab57e1a2ecabb7da330&_wpnonce=1b356f8532&add-to-cart=247 HTTP/1.1" 200 86857 "-" "Mozilla/5.0 (compatible; MJ12bot/v1.4.8; http://mj12bot.com/)"
194.247.173.99 - - [19/Sep/2026:03:19:52 +0330] "GET /flash-cart/cart/?remove_item=077e29b11be80ab57e1a2ecabb7da330&_wpnonce=1b356f8532&add-to-cart=248 HTTP/1.1" 200 86983 "-" "Mozilla/5.0 (compatible; MJ12bot/v1.4.8; http://mj12bot.com/)"
194.247.173.99 - - [19/Sep/2026:03:19:57 +0330] "GET /flash-cart/cart/?remove_item=077e29b11be80ab57e1a2ecabb7da330&_wpnonce=1b356f8532&add-to-cart=249 HTTP/1.1" 200 86893 "-" "Mozilla/5.0 (compatible; MJ12bot/v1.4.8; http://mj12bot.com/)"
78.110.123.2 - - [19/Sep/2026:03:20:05 +0330] "POST /flash-cart/wp-cron.php?doing_wp_cron=1789775405.1991629600524902343750 HTTP/1.1" 200 20 "-" "WordPress/7.1.1; https://themes.proac.ir/flash-cart"
194.247.173.99 - - [19/Sep/2026:03:20:01 +0330] "GET /flash-cart/cart/?remove_item=077e29b11be80ab57e1a2ecabb7da330&_wpnonce=1df31bcd34&add-to-cart=243 HTTP/1.1" 200 86924 "-" "Mozilla/5.0 (compatible; MJ12bot/v1.4.8; http://mj12bot.com/)"
194.247.173.99 - - [19/Sep/2026:03:20:07 +0330] "GET /flash-cart/cart/?remove_item=077e29b11be80ab57e1a2ecabb7da330&_wpnonce=1df31bcd34&add-to-cart=247 HTTP/1.1" 200 86857 "-" "Mozilla/5.0 (compatible; MJ12bot/v1.4.8; http://mj12bot.com/)"
194.247.173.99 - - [19/Sep/2026:03:20:11 +0330] "GET /flash-cart/cart/?remove_item=077e29b11be80ab57e1a2ecabb7da330&_wpnonce=1df31bcd34&add-to-cart=248 HTTP/1.1" 200 86981 "-" "Mozilla/5.0 (compatible; MJ12bot/v1.4.8; http://mj12bot.com/)"
194.247.173.99 - - [19/Sep/2026:03:20:16 +0330] "GET /flash-cart/cart/?remove_item=077e29b11be80ab57e1a2ecabb7da330&_wpnonce=1df31bcd34&add-to-cart=249 HTTP/1.1" 200 86890 "-" "Mozilla/5.0 (compatible; MJ12bot/v1.4.8; http://mj12bot.com/)"
194.247.173.99 - - [19/Sep/2026:03:20:20 +0330] "GET /flash-cart/cart/?remove_item=077e29b11be80ab57e1a2ecabb7da330&_wpnonce=23bd25e0f0&add-to-cart=243 HTTP/1.1" 200 86920 "-" "Mozilla/5.0 (compatible; MJ12bot/v1.4.8; http://mj12bot.com/)"
194.247.173.99 - - [19/Sep/2026:03:20:24 +0330] "GET /flash-cart/cart/?remove_item=077e29b11be80ab57e1a2ecabb7da330&_wpnonce=23bd25e0f0&add-to-cart=247 HTTP/1.1" 200 86857 "-" "Mozilla/5.0 (compatible; MJ12bot/v1.4.8; http://mj12bot.com/)"
194.247.173.99 - - [19/Sep/2026:03:20:28 +0330] "GET /flash-cart/cart/?remove_item=077e29b11be80ab57e1a2ecabb7da330&_wpnonce=23bd25e0f0&add-to-cart=248 HTTP/1.1" 200 86980 "-" "Mozilla/5.0 (compatible; MJ12bot/v1.4.8; http://mj12bot.com/)"
194.247.173.99 - - [19/Sep/2026:03:20:32 +0330] "GET /flash-cart/cart/?remove_item=077e29b11be80ab57e1a2ecabb7da330&_wpnonce=23bd25e0f0&add-to-cart=249 HTTP/1.1" 200 86889 "-" "Mozilla/5.0 (compatible; MJ12bot/v1.4.8; http://mj12bot.com/)"
194.247.173.99 - - [19/Sep/2026:03:20:35 +0330] "GET /flash-cart/cart/?remove_item=077e29b11be80ab57e1a2ecabb7da330&_wpnonce=2483ab7ea1&add-to-cart=243 HTTP/1.1" 200 86921 "-" "Mozilla/5.0 (compatible; MJ12bot/v1.4.8; http://mj12bot.com/)"
194.247.173.99 - - [19/Sep/2026:03:20:39 +0330] "GET /flash-cart/cart/?remove_item=077e29b11be80ab57e1a2ecabb7da330&_wpnonce=2483ab7ea1&add-to-cart=247 HTTP/1.1" 200 86850 "-" "Mozilla/5.0 (compatible; MJ12bot/v1.4.8; http://mj12bot.com/)"
194.247.173.99 - - [19/Sep/2026:03:20:44 +0330] "GET /flash-cart/cart/?remove_item=077e29b11be80ab57e1a2ecabb7da330&_wpnonce=2483ab7ea1&add-to-cart=248 HTTP/1.1" 200 86975 "-" "Mozilla/5.0 (compatible; MJ12bot/v1.4.8; http://mj12bot.com/)"
194.247.173.99 - - [19/Sep/2026:03:20:48 +0330] "GET /flash-cart/cart/?remove_item=077e29b11be80ab57e1a2ecabb7da330&_wpnonce=2483ab7ea1&add-to-cart=249 HTTP/1.1" 200 86886 "-" "Mozilla/5.0 (compatible; MJ12bot/v1.4.8; http://mj12bot.com/)"
194.247.173.99 - - [19/Sep/2026:03:20:52 +0330] "GET /flash-cart/cart/?remove_item=077e29b11be80ab57e1a2ecabb7da330&_wpnonce=24be53703b HTTP/1.1" 200 83747 "-" "Mozilla/5.0 (compatible; MJ12bot/v1.4.8; http://mj12bot.com/)"
194.247.173.99 - - [19/Sep/2026:03:20:56 +0330] "GET /flash-cart/cart/?remove_item=077e29b11be80ab57e1a2ecabb7da330&_wpnonce=2bacd86b98 HTTP/1.1" 200 83750 "-" "Mozilla/5.0 (compatible; MJ12bot/v1.4.8; http://mj12bot.com/)"
194.247.173.99 - - [19/Sep/2026:03:20:59 +0330] "GET /flash-cart/cart/?remove_item=077e29b11be80ab57e1a2ecabb7da330&_wpnonce=2d13cf6b74&add-to-cart=243 HTTP/1.1" 200 86921 "-" "Mozilla/5.0 (compatible; MJ12bot/v1.4.8; http://mj12bot.com/)"
78.110.123.2 - - [19/Sep/2026:03:21:01 +0330] "POST /flash-cart/wp-cron.php?doing_wp_cron=1789775461.5260679721832275390625 HTTP/1.1" 200 20 "-" "WordPress/7.1.1; https://themes.proac.ir/flash-cart"
194.247.173.99 - - [19/Sep/2026:03:21:04 +0330] "GET /flash-cart/cart/?remove_item=077e29b11be80ab57e1a2ecabb7da330&_wpnonce=2d13cf6b74&add-to-cart=247 HTTP/1.1" 200 86858 "-" "Mozilla/5.0 (compatible; MJ12bot/v1.4.8; http://mj12bot.com/)"
194.247.173.99 - - [19/Sep/2026:03:21:08 +0330] "GET /flash-cart/cart/?remove_item=077e29b11be80ab57e1a2ecabb7da330&_wpnonce=2d13cf6b74&add-to-cart=248 HTTP/1.1" 200 86980 "-" "Mozilla/5.0 (compatible; MJ12bot/v1.4.8; http://mj12bot.com/)"
194.247.173.99 - - [19/Sep/2026:03:21:12 +0330] "GET /flash-cart/cart/?remove_item=077e29b11be80ab57e1a2ecabb7da330&_wpnonce=2d36ccf52e&add-to-cart=247 HTTP/1.1" 200 86854 "-" "Mozilla/5.0 (compatible; MJ12bot/v1.4.8; http://mj12bot.com/)"
194.247.173.99 - - [19/Sep/2026:03:21:16 +0330] "GET /flash-cart/cart/?remove_item=077e29b11be80ab57e1a2ecabb7da330&_wpnonce=2d36ccf52e&add-to-cart=248 HTTP/1.1" 200 86977 "-" "Mozilla/5.0 (compatible; MJ12bot/v1.4.8; http://mj12bot.com/)"
194.247.173.99 - - [19/Sep/2026:03:21:20 +0330] "GET /flash-cart/cart/?remove_item=077e29b11be80ab57e1a2ecabb7da330&_wpnonce=2d36ccf52e&add-to-cart=249 HTTP/1.1" 200 86892 "-" "Mozilla/5.0 (compatible; MJ12bot/v1.4.8; http://mj12bot.com/)"
194.247.173.99 - - [19/Sep/2026:03:22:53 +0330] "GET /flash-cart/cart/?remove_item=077e29b11be80ab57e1a2ecabb7da330&_wpnonce=328acd8393&add-to-cart=243 HTTP/1.1" 200 86924 "-" "Mozilla/5.0 (compatible; MJ12bot/v1.4.8; http://mj12bot.com/)"
78.110.123.2 - - [19/Sep/2026:03:22:55 +0330] "POST /flash-cart/wp-cron.php?doing_wp_cron=1789775575.7010219097137451171875 HTTP/1.1" 200 20 "-" "WordPress/7.1.1; https://themes.proac.ir/flash-cart"
194.247.173.99 - - [19/Sep/2026:03:22:58 +0330] "GET /flash-cart/cart/?remove_item=077e29b11be80ab57e1a2ecabb7da330&_wpnonce=328acd8393&add-to-cart=247 HTTP/1.1" 200 86859 "-" "Mozilla/5.0 (compatible; MJ12bot/v1.4.8; http://mj12bot.com/)"
78.110.123.2 - - [19/Sep/2026:03:23:05 +0330] "POST /flash-cart/wp-cron.php?doing_wp_cron=1789775585.3390040397644042968750 HTTP/1.1" 200 20 "-" "WordPress/7.1.1; https://themes.proac.ir/flash-cart"
194.247.173.99 - - [19/Sep/2026:03:23:01 +0330] "GET /flash-cart/cart/?remove_item=077e29b11be80ab57e1a2ecabb7da330&_wpnonce=328acd8393&add-to-cart=248 HTTP/1.1" 200 86983 "-" "Mozilla/5.0 (compatible; MJ12bot/v1.4.8; http://mj12bot.com/)"
194.247.173.99 - - [19/Sep/2026:03:23:07 +0330] "GET /flash-cart/cart/?remove_item=077e29b11be80ab57e1a2ecabb7da330&_wpnonce=328acd8393&add-to-cart=249 HTTP/1.1" 200 86893 "-" "Mozilla/5.0 (compatible; MJ12bot/v1.4.8; http://mj12bot.com/)"
194.247.173.99 - - [19/Sep/2026:03:23:11 +0330] "GET /flash-cart/cart/?remove_item=077e29b11be80ab57e1a2ecabb7da330&_wpnonce=339027e0e3&add-to-cart=243 HTTP/1.1" 200 86919 "-" "Mozilla/5.0 (compatible; MJ12bot/v1.4.8; http://mj12bot.com/)"
194.247.173.99 - - [19/Sep/2026:03:23:14 +0330] "GET /flash-cart/cart/?remove_item=077e29b11be80ab57e1a2ecabb7da330&_wpnonce=339027e0e3&add-to-cart=247 HTTP/1.1" 200 86859 "-" "Mozilla/5.0 (compatible; MJ12bot/v1.4.8; http://mj12bot.com/)"
194.247.173.99 - - [19/Sep/2026:03:23:19 +0330] "GET /flash-cart/cart/?remove_item=077e29b11be80ab57e1a2ecabb7da330&_wpnonce=339027e0e3&add-to-cart=248 HTTP/1.1" 200 86981 "-" "Mozilla/5.0 (compatible; MJ12bot/v1.4.8; http://mj12bot.com/)"
194.247.173.99 - - [19/Sep/2026:03:23:24 +0330] "GET /flash-cart/cart/?remove_item=077e29b11be80ab57e1a2ecabb7da330&_wpnonce=339027e0e3&add-to-cart=249 HTTP/1.1" 200 86890 "-" "Mozilla/5.0 (compatible; MJ12bot/v1.4.8; http://mj12bot.com/)"
194.247.173.99 - - [19/Sep/2026:03:23:28 +0330] "GET /flash-cart/cart/?remove_item=077e29b11be80ab57e1a2ecabb7da330&_wpnonce=39bb723475&add-to-cart=243 HTTP/1.1" 200 86922 "-" "Mozilla/5.0 (compatible; MJ12bot/v1.4.8; http://mj12bot.com/)"
194.247.173.99 - - [19/Sep/2026:03:23:32 +0330] "GET /flash-cart/cart/?remove_item=077e29b11be80ab57e1a2ecabb7da330&_wpnonce=39bb723475&add-to-cart=247 HTTP/1.1" 200 86859 "-" "Mozilla/5.0 (compatible; MJ12bot/v1.4.8; http://mj12bot.com/)"
194.247.173.99 - - [19/Sep/2026:03:23:36 +0330] "GET /flash-cart/cart/?remove_item=077e29b11be80ab57e1a2ecabb7da330&_wpnonce=39bb723475&add-to-cart=248 HTTP/1.1" 200 86985 "-" "Mozilla/5.0 (compatible; MJ12bot/v1.4.8; http://mj12bot.com/)"
194.247.173.99 - - [19/Sep/2026:03:23:40 +0330] "GET /flash-cart/cart/?remove_item=077e29b11be80ab57e1a2ecabb7da330&_wpnonce=39bb723475&add-to-cart=249 HTTP/1.1" 200 86891 "-" "Mozilla/5.0 (compatible; MJ12bot/v1.4.8; http://mj12bot.com/)"
194.247.173.99 - - [19/Sep/2026:03:23:44 +0330] "GET /flash-cart/cart/?remove_item=077e29b11be80ab57e1a2ecabb7da330&_wpnonce=3e8f35005b&add-to-cart=243 HTTP/1.1" 200 86923 "-" "Mozilla/5.0 (compatible; MJ12bot/v1.4.8; http://mj12bot.com/)"
194.247.173.99 - - [19/Sep/2026:03:23:47 +0330] "GET /flash-cart/cart/?remove_item=077e29b11be80ab57e1a2ecabb7da330&_wpnonce=3e8f35005b&add-to-cart=247 HTTP/1.1" 200 86859 "-" "Mozilla/5.0 (compatible; MJ12bot/v1.4.8; http://mj12bot.com/)"
194.247.173.99 - - [19/Sep/2026:03:23:51 +0330] "GET /flash-cart/cart/?remove_item=077e29b11be80ab57e1a2ecabb7da330&_wpnonce=3e8f35005b&add-to-cart=248 HTTP/1.1" 200 86982 "-" "Mozilla/5.0 (compatible; MJ12bot/v1.4.8; http://mj12bot.com/)"
194.247.173.99 - - [19/Sep/2026:03:23:55 +0330] "GET /flash-cart/cart/?remove_item=077e29b11be80ab57e1a2ecabb7da330&_wpnonce=3e8f35005b&add-to-cart=249 HTTP/1.1" 200 86898 "-" "Mozilla/5.0 (compatible; MJ12bot/v1.4.8; http://mj12bot.com/)"
194.247.173.99 - - [19/Sep/2026:03:23:58 +0330] "GET /flash-cart/cart/?remove_item=077e29b11be80ab57e1a2ecabb7da330&_wpnonce=3ea2478112 HTTP/1.1" 200 83749 "-" "Mozilla/5.0 (compatible; MJ12bot/v1.4.8; http://mj12bot.com/)"
78.110.123.2 - - [19/Sep/2026:03:24:05 +0330] "POST /flash-cart/wp-cron.php?doing_wp_cron=1789775645.8465180397033691406250 HTTP/1.1" 200 20 "-" "WordPress/7.1.1; https://themes.proac.ir/flash-cart"
194.247.173.99 - - [19/Sep/2026:03:24:02 +0330] "GET /flash-cart/cart/?remove_item=077e29b11be80ab57e1a2ecabb7da330&_wpnonce=3f1dfff529 HTTP/1.1" 200 83752 "-" "Mozilla/5.0 (compatible; MJ12bot/v1.4.8; http://mj12bot.com/)"
194.247.173.99 - - [19/Sep/2026:03:24:08 +0330] "GET /flash-cart/cart/?remove_item=077e29b11be80ab57e1a2ecabb7da330&_wpnonce=3f4498d362&add-to-cart=243 HTTP/1.1" 200 86921 "-" "Mozilla/5.0 (compatible; MJ12bot/v1.4.8; http://mj12bot.com/)"
194.247.173.99 - - [19/Sep/2026:03:24:11 +0330] "GET /flash-cart/cart/?remove_item=077e29b11be80ab57e1a2ecabb7da330&_wpnonce=3f4498d362&add-to-cart=247 HTTP/1.1" 200 86864 "-" "Mozilla/5.0 (compatible; MJ12bot/v1.4.8; http://mj12bot.com/)"
194.247.173.99 - - [19/Sep/2026:03:24:15 +0330] "GET /flash-cart/cart/?remove_item=077e29b11be80ab57e1a2ecabb7da330&_wpnonce=3f4498d362&add-to-cart=248 HTTP/1.1" 200 86979 "-" "Mozilla/5.0 (compatible; MJ12bot/v1.4.8; http://mj12bot.com/)"
194.247.173.99 - - [19/Sep/2026:03:24:20 +0330] "GET /flash-cart/cart/?remove_item=077e29b11be80ab57e1a2ecabb7da330&_wpnonce=3f4498d362&add-to-cart=249 HTTP/1.1" 200 86892 "-" "Mozilla/5.0 (compatible; MJ12bot/v1.4.8; http://mj12bot.com/)"
194.247.173.99 - - [19/Sep/2026:03:24:24 +0330] "GET /flash-cart/cart/?remove_item=077e29b11be80ab57e1a2ecabb7da330&_wpnonce=42679f5902 HTTP/1.1" 200 83753 "-" "Mozilla/5.0 (compatible; MJ12bot/v1.4.8; http://mj12bot.com/)"
194.247.173.99 - - [19/Sep/2026:03:24:27 +0330] "GET /flash-cart/cart/?remove_item=077e29b11be80ab57e1a2ecabb7da330&_wpnonce=42fda9ad34&add-to-cart=243 HTTP/1.1" 200 86923 "-" "Mozilla/5.0 (compatible; MJ12bot/v1.4.8; http://mj12bot.com/)"
194.247.173.99 - - [19/Sep/2026:03:24:31 +0330] "GET /flash-cart/cart/?remove_item=077e29b11be80ab57e1a2ecabb7da330&_wpnonce=42fda9ad34&add-to-cart=247 HTTP/1.1" 200 86856 "-" "Mozilla/5.0 (compatible; MJ12bot/v1.4.8; http://mj12bot.com/)"
194.247.173.99 - - [19/Sep/2026:03:24:34 +0330] "GET /flash-cart/cart/?remove_item=077e29b11be80ab57e1a2ecabb7da330&_wpnonce=42fda9ad34&add-to-cart=248 HTTP/1.1" 200 86980 "-" "Mozilla/5.0 (compatible; MJ12bot/v1.4.8; http://mj12bot.com/)"
194.247.173.99 - - [19/Sep/2026:03:24:38 +0330] "GET /flash-cart/cart/?remove_item=077e29b11be80ab57e1a2ecabb7da330&_wpnonce=42fda9ad34&add-to-cart=249 HTTP/1.1" 200 86894 "-" "Mozilla/5.0 (compatible; MJ12bot/v1.4.8; http://mj12bot.com/)"
194.247.173.99 - - [19/Sep/2026:03:24:42 +0330] "GET /flash-cart/cart/?remove_item=077e29b11be80ab57e1a2ecabb7da330&_wpnonce=4384fe9e05 HTTP/1.1" 200 83752 "-" "Mozilla/5.0 (compatible; MJ12bot/v1.4.8; http://mj12bot.com/)"
194.247.173.99 - - [19/Sep/2026:03:24:45 +0330] "GET /flash-cart/cart/?remove_item=077e29b11be80ab57e1a2ecabb7da330&_wpnonce=47d2858cdf&add-to-cart=243 HTTP/1.1" 200 86918 "-" "Mozilla/5.0 (compatible; MJ12bot/v1.4.8; http://mj12bot.com/)"
194.247.173.99 - - [19/Sep/2026:03:24:49 +0330] "GET /flash-cart/cart/?remove_item=077e29b11be80ab57e1a2ecabb7da330&_wpnonce=47d2858cdf&add-to-cart=247 HTTP/1.1" 200 86852 "-" "Mozilla/5.0 (compatible; MJ12bot/v1.4.8; http://mj12bot.com/)"
194.247.173.99 - - [19/Sep/2026:03:24:52 +0330] "GET /flash-cart/cart/?remove_item=077e29b11be80ab57e1a2ecabb7da330&_wpnonce=47d2858cdf&add-to-cart=248 HTTP/1.1" 200 86981 "-" "Mozilla/5.0 (compatible; MJ12bot/v1.4.8; http://mj12bot.com/)"
194.247.173.99 - - [19/Sep/2026:03:24:56 +0330] "GET /flash-cart/cart/?remove_item=077e29b11be80ab57e1a2ecabb7da330&_wpnonce=47d2858cdf&add-to-cart=249 HTTP/1.1" 200 86891 "-" "Mozilla/5.0 (compatible; MJ12bot/v1.4.8; http://mj12bot.com/)"
194.247.173.99 - - [19/Sep/2026:03:25:00 +0330] "GET /flash-cart/cart/?remove_item=077e29b11be80ab57e1a2ecabb7da330&_wpnonce=4942ec39ad&add-to-cart=243 HTTP/1.1" 200 86922 "-" "Mozilla/5.0 (compatible; MJ12bot/v1.4.8; http://mj12bot.com/)"
78.110.123.2 - - [19/Sep/2026:03:25:02 +0330] "POST /flash-cart/wp-cron.php?doing_wp_cron=1789775702.0974791049957275390625 HTTP/1.1" 200 20 "-" "WordPress/7.1.1; https://themes.proac.ir/flash-cart"
194.247.173.99 - - [19/Sep/2026:03:25:04 +0330] "GET /flash-cart/cart/?remove_item=077e29b11be80ab57e1a2ecabb7da330&_wpnonce=4942ec39ad&add-to-cart=247 HTTP/1.1" 200 86854 "-" "Mozilla/5.0 (compatible; MJ12bot/v1.4.8; http://mj12bot.com/)"
194.247.173.99 - - [19/Sep/2026:03:25:08 +0330] "GET /flash-cart/cart/?remove_item=077e29b11be80ab57e1a2ecabb7da330&_wpnonce=4942ec39ad&add-to-cart=248 HTTP/1.1" 200 86980 "-" "Mozilla/5.0 (compatible; MJ12bot/v1.4.8; http://mj12bot.com/)"
194.247.173.99 - - [19/Sep/2026:03:25:12 +0330] "GET /flash-cart/cart/?remove_item=077e29b11be80ab57e1a2ecabb7da330&_wpnonce=4942ec39ad&add-to-cart=249 HTTP/1.1" 200 86894 "-" "Mozilla/5.0 (compatible; MJ12bot/v1.4.8; http://mj12bot.com/)"
194.247.173.99 - - [19/Sep/2026:03:25:15 +0330] "GET /flash-cart/cart/?remove_item=077e29b11be80ab57e1a2ecabb7da330&_wpnonce=4b3fd319f8&add-to-cart=243 HTTP/1.1" 200 86925 "-" "Mozilla/5.0 (compatible; MJ12bot/v1.4.8; http://mj12bot.com/)"
194.247.173.99 - - [19/Sep/2026:03:25:19 +0330] "GET /flash-cart/cart/?remove_item=077e29b11be80ab57e1a2ecabb7da330&_wpnonce=4b3fd319f8&add-to-cart=247 HTTP/1.1" 200 86857 "-" "Mozilla/5.0 (compatible; MJ12bot/v1.4.8; http://mj12bot.com/)"
194.247.173.99 - - [19/Sep/2026:03:25:22 +0330] "GET /flash-cart/cart/?remove_item=077e29b11be80ab57e1a2ecabb7da330&_wpnonce=4b3fd319f8&add-to-cart=248 HTTP/1.1" 200 86980 "-" "Mozilla/5.0 (compatible; MJ12bot/v1.4.8; http://mj12bot.com/)"
194.247.173.99 - - [19/Sep/2026:03:25:26 +0330] "GET /flash-cart/cart/?remove_item=077e29b11be80ab57e1a2ecabb7da330&_wpnonce=4b3fd319f8&add-to-cart=249 HTTP/1.1" 200 86890 "-" "Mozilla/5.0 (compatible; MJ12bot/v1.4.8; http://mj12bot.com/)"
194.247.173.99 - - [19/Sep/2026:03:25:29 +0330] "GET /flash-cart/cart/?remove_item=077e29b11be80ab57e1a2ecabb7da330&_wpnonce=4b5a77c47e HTTP/1.1" 200 83750 "-" "Mozilla/5.0 (compatible; MJ12bot/v1.4.8; http://mj12bot.com/)"
194.247.173.99 - - [19/Sep/2026:03:25:34 +0330] "GET /flash-cart/cart/?remove_item=077e29b11be80ab57e1a2ecabb7da330&_wpnonce=4eb5f66e83&add-to-cart=243 HTTP/1.1" 200 86924 "-" "Mozilla/5.0 (compatible; MJ12bot/v1.4.8; http://mj12bot.com/)"
194.247.173.99 - - [19/Sep/2026:03:25:37 +0330] "GET /flash-cart/cart/?remove_item=077e29b11be80ab57e1a2ecabb7da330&_wpnonce=4eb5f66e83&add-to-cart=247 HTTP/1.1" 200 86859 "-" "Mozilla/5.0 (compatible; MJ12bot/v1.4.8; http://mj12bot.com/)"
194.247.173.99 - - [19/Sep/2026:03:25:41 +0330] "GET /flash-cart/cart/?remove_item=077e29b11be80ab57e1a2ecabb7da330&_wpnonce=4eb5f66e83&add-to-cart=248 HTTP/1.1" 200 86976 "-" "Mozilla/5.0 (compatible; MJ12bot/v1.4.8; http://mj12bot.com/)"
194.247.173.99 - - [19/Sep/2026:03:25:44 +0330] "GET /flash-cart/cart/?remove_item=077e29b11be80ab57e1a2ecabb7da330&_wpnonce=4eb5f66e83&add-to-cart=249 HTTP/1.1" 200 86894 "-" "Mozilla/5.0 (compatible; MJ12bot/v1.4.8; http://mj12bot.com/)"
54.156.248.117 - - [19/Sep/2026:03:25:47 +0330] "GET /flash-cart/product/echo-dot-4th-gen-2020-release-smart-speaker/ HTTP/1.1" 200 24765 "-" "Mozilla/5.0 AppleWebKit/537.36 (KHTML, like Gecko; compatible; Amazonbot/0.1; +https://developer.amazon.com/support/amazonbot) Chrome/119.0.6045.214 Safari/537.36"
194.247.173.99 - - [19/Sep/2026:03:25:48 +0330] "GET /flash-cart/cart/?remove_item=077e29b11be80ab57e1a2ecabb7da330&_wpnonce=50ab94001a&add-to-cart=243 HTTP/1.1" 200 86920 "-" "Mozilla/5.0 (compatible; MJ12bot/v1.4.8; http://mj12bot.com/)"
18.213.102.186 - - [19/Sep/2026:03:25:51 +0330] "GET /affinityx/wp-content/plugins/elementor/modules/nested-tabs/ HTTP/1.1" 200 1142 "-" "Mozilla/5.0 AppleWebKit/537.36 (KHTML, like Gecko; compatible; Amazonbot/0.1; +https://developer.amazon.com/support/amazonbot) Chrome/119.0.6045.214 Safari/537.36"
194.247.173.99 - - [19/Sep/2026:03:25:51 +0330] "GET /flash-cart/cart/?remove_item=077e29b11be80ab57e1a2ecabb7da330&_wpnonce=50ab94001a&add-to-cart=247 HTTP/1.1" 200 86858 "-" "Mozilla/5.0 (compatible; MJ12bot/v1.4.8; http://mj12bot.com/)"
194.247.173.99 - - [19/Sep/2026:03:25:55 +0330] "GET /flash-cart/cart/?remove_item=077e29b11be80ab57e1a2ecabb7da330&_wpnonce=50ab94001a&add-to-cart=248 HTTP/1.1" 200 86975 "-" "Mozilla/5.0 (compatible; MJ12bot/v1.4.8; http://mj12bot.com/)"
194.247.173.99 - - [19/Sep/2026:03:25:59 +0330] "GET /flash-cart/cart/?remove_item=077e29b11be80ab57e1a2ecabb7da330&_wpnonce=50ab94001a&add-to-cart=249 HTTP/1.1" 200 86891 "-" "Mozilla/5.0 (compatible; MJ12bot/v1.4.8; http://mj12bot.com/)"
78.110.123.2 - - [19/Sep/2026:03:26:01 +0330] "POST /flash-cart/wp-cron.php?doing_wp_cron=1789775761.0302848815917968750000 HTTP/1.1" 200 20 "-" "WordPress/7.1.1; https://themes.proac.ir/flash-cart"
194.247.173.99 - - [19/Sep/2026:03:26:03 +0330] "GET /flash-cart/cart/?remove_item=077e29b11be80ab57e1a2ecabb7da330&_wpnonce=55d84047fe&add-to-cart=243 HTTP/1.1" 200 86921 "-" "Mozilla/5.0 (compatible; MJ12bot/v1.4.8; http://mj12bot.com/)"
194.247.173.99 - - [19/Sep/2026:03:26:08 +0330] "GET /flash-cart/cart/?remove_item=077e29b11be80ab57e1a2ecabb7da330&_wpnonce=55d84047fe&add-to-cart=247 HTTP/1.1" 200 86859 "-" "Mozilla/5.0 (compatible; MJ12bot/v1.4.8; http://mj12bot.com/)"
194.247.173.99 - - [19/Sep/2026:03:26:11 +0330] "GET /flash-cart/cart/?remove_item=077e29b11be80ab57e1a2ecabb7da330&_wpnonce=55d84047fe&add-to-cart=248 HTTP/1.1" 200 86981 "-" "Mozilla/5.0 (compatible; MJ12bot/v1.4.8; http://mj12bot.com/)"
194.247.173.99 - - [19/Sep/2026:03:26:15 +0330] "GET /flash-cart/cart/?remove_item=077e29b11be80ab57e1a2ecabb7da330&_wpnonce=55d84047fe&add-to-cart=249 HTTP/1.1" 200 86892 "-" "Mozilla/5.0 (compatible; MJ12bot/v1.4.8; http://mj12bot.com/)"
194.247.173.99 - - [19/Sep/2026:03:26:20 +0330] "GET /flash-cart/cart/?remove_item=077e29b11be80ab57e1a2ecabb7da330&_wpnonce=561f5e6b65&add-to-cart=243 HTTP/1.1" 200 86919 "-" "Mozilla/5.0 (compatible; MJ12bot/v1.4.8; http://mj12bot.com/)"
194.247.173.99 - - [19/Sep/2026:03:26:24 +0330] "GET /flash-cart/cart/?remove_item=077e29b11be80ab57e1a2ecabb7da330&_wpnonce=561f5e6b65&add-to-cart=247 HTTP/1.1" 200 86859 "-" "Mozilla/5.0 (compatible; MJ12bot/v1.4.8; http://mj12bot.com/)"
194.247.173.99 - - [19/Sep/2026:03:26:27 +0330] "GET /flash-cart/cart/?remove_item=077e29b11be80ab57e1a2ecabb7da330&_wpnonce=561f5e6b65&add-to-cart=248 HTTP/1.1" 200 86978 "-" "Mozilla/5.0 (compatible; MJ12bot/v1.4.8; http://mj12bot.com/)"
194.247.173.99 - - [19/Sep/2026:03:26:31 +0330] "GET /flash-cart/cart/?remove_item=077e29b11be80ab57e1a2ecabb7da330&_wpnonce=561f5e6b65&add-to-cart=249 HTTP/1.1" 200 86890 "-" "Mozilla/5.0 (compatible; MJ12bot/v1.4.8; http://mj12bot.com/)"
194.247.173.99 - - [19/Sep/2026:03:26:34 +0330] "GET /flash-cart/cart/?remove_item=077e29b11be80ab57e1a2ecabb7da330&_wpnonce=5effc9b4f0 HTTP/1.1" 200 83753 "-" "Mozilla/5.0 (compatible; MJ12bot/v1.4.8; http://mj12bot.com/)"
194.247.173.99 - - [19/Sep/2026:03:26:38 +0330] "GET /flash-cart/cart/?remove_item=077e29b11be80ab57e1a2ecabb7da330&_wpnonce=5fe809d90f HTTP/1.1" 200 83747 "-" "Mozilla/5.0 (compatible; MJ12bot/v1.4.8; http://mj12bot.com/)"
194.247.173.99 - - [19/Sep/2026:03:26:42 +0330] "GET /flash-cart/cart/?remove_item=077e29b11be80ab57e1a2ecabb7da330&_wpnonce=64ac7a590f&add-to-cart=243 HTTP/1.1" 200 86919 "-" "Mozilla/5.0 (compatible; MJ12bot/v1.4.8; http://mj12bot.com/)"
194.247.173.99 - - [19/Sep/2026:03:26:45 +0330] "GET /flash-cart/cart/?remove_item=077e29b11be80ab57e1a2ecabb7da330&_wpnonce=64ac7a590f&add-to-cart=247 HTTP/1.1" 200 86855 "-" "Mozilla/5.0 (compatible; MJ12bot/v1.4.8; http://mj12bot.com/)"
194.247.173.99 - - [19/Sep/2026:03:26:49 +0330] "GET /flash-cart/cart/?remove_item=077e29b11be80ab57e1a2ecabb7da330&_wpnonce=64ac7a590f&add-to-cart=248 HTTP/1.1" 200 86979 "-" "Mozilla/5.0 (compatible; MJ12bot/v1.4.8; http://mj12bot.com/)"
194.247.173.99 - - [19/Sep/2026:03:26:53 +0330] "GET /flash-cart/cart/?remove_item=077e29b11be80ab57e1a2ecabb7da330&_wpnonce=64ac7a590f&add-to-cart=249 HTTP/1.1" 200 86892 "-" "Mozilla/5.0 (compatible; MJ12bot/v1.4.8; http://mj12bot.com/)"
194.247.173.99 - - [19/Sep/2026:03:26:56 +0330] "GET /flash-cart/cart/?remove_item=077e29b11be80ab57e1a2ecabb7da330&_wpnonce=66c70c4cec&add-to-cart=243 HTTP/1.1" 200 86920 "-" "Mozilla/5.0 (compatible; MJ12bot/v1.4.8; http://mj12bot.com/)"
194.247.173.99 - - [19/Sep/2026:03:27:00 +0330] "GET /flash-cart/cart/?remove_item=077e29b11be80ab57e1a2ecabb7da330&_wpnonce=66c70c4cec&add-to-cart=247 HTTP/1.1" 200 86863 "-" "Mozilla/5.0 (compatible; MJ12bot/v1.4.8; http://mj12bot.com/)"
78.110.123.2 - - [19/Sep/2026:03:27:02 +0330] "POST /flash-cart/wp-cron.php?doing_wp_cron=1789775822.1617310047149658203125 HTTP/1.1" 200 20 "-" "WordPress/7.1.1; https://themes.proac.ir/flash-cart"
194.247.173.99 - - [19/Sep/2026:03:27:04 +0330] "GET /flash-cart/cart/?remove_item=077e29b11be80ab57e1a2ecabb7da330&_wpnonce=66c70c4cec&add-to-cart=248 HTTP/1.1" 200 86976 "-" "Mozilla/5.0 (compatible; MJ12bot/v1.4.8; http://mj12bot.com/)"
194.247.173.99 - - [19/Sep/2026:03:27:08 +0330] "GET /flash-cart/cart/?remove_item=077e29b11be80ab57e1a2ecabb7da330&_wpnonce=66c70c4cec&add-to-cart=249 HTTP/1.1" 200 86891 "-" "Mozilla/5.0 (compatible; MJ12bot/v1.4.8; http://mj12bot.com/)"
194.247.173.99 - - [19/Sep/2026:03:27:12 +0330] "GET /flash-cart/cart/?remove_item=077e29b11be80ab57e1a2ecabb7da330&_wpnonce=6779a1befc&add-to-cart=243 HTTP/1.1" 200 86924 "-" "Mozilla/5.0 (compatible; MJ12bot/v1.4.8; http://mj12bot.com/)"
194.247.173.99 - - [19/Sep/2026:03:27:16 +0330] "GET /flash-cart/cart/?remove_item=077e29b11be80ab57e1a2ecabb7da330&_wpnonce=6779a1befc&add-to-cart=247 HTTP/1.1" 200 86858 "-" "Mozilla/5.0 (compatible; MJ12bot/v1.4.8; http://mj12bot.com/)"
194.247.173.99 - - [19/Sep/2026:03:27:20 +0330] "GET /flash-cart/cart/?remove_item=077e29b11be80ab57e1a2ecabb7da330&_wpnonce=6779a1befc&add-to-cart=248 HTTP/1.1" 200 86979 "-" "Mozilla/5.0 (compatible; MJ12bot/v1.4.8; http://mj12bot.com/)"
194.247.173.99 - - [19/Sep/2026:03:27:23 +0330] "GET /flash-cart/cart/?remove_item=077e29b11be80ab57e1a2ecabb7da330&_wpnonce=6779a1befc&add-to-cart=249 HTTP/1.1" 200 86892 "-" "Mozilla/5.0 (compatible; MJ12bot/v1.4.8; http://mj12bot.com/)"
194.247.173.99 - - [19/Sep/2026:03:27:26 +0330] "GET /flash-cart/cart/?remove_item=077e29b11be80ab57e1a2ecabb7da330&_wpnonce=6e556b2632&add-to-cart=243 HTTP/1.1" 200 86923 "-" "Mozilla/5.0 (compatible; MJ12bot/v1.4.8; http://mj12bot.com/)"
194.247.173.99 - - [19/Sep/2026:03:27:30 +0330] "GET /flash-cart/cart/?remove_item=077e29b11be80ab57e1a2ecabb7da330&_wpnonce=6e556b2632&add-to-cart=247 HTTP/1.1" 200 86855 "-" "Mozilla/5.0 (compatible; MJ12bot/v1.4.8; http://mj12bot.com/)"
194.247.173.99 - - [19/Sep/2026:03:27:34 +0330] "GET /flash-cart/cart/?remove_item=077e29b11be80ab57e1a2ecabb7da330&_wpnonce=6e556b2632&add-to-cart=248 HTTP/1.1" 200 86980 "-" "Mozilla/5.0 (compatible; MJ12bot/v1.4.8; http://mj12bot.com/)"
194.247.173.99 - - [19/Sep/2026:03:27:37 +0330] "GET /flash-cart/cart/?remove_item=077e29b11be80ab57e1a2ecabb7da330&_wpnonce=6e556b2632&add-to-cart=249 HTTP/1.1" 200 86890 "-" "Mozilla/5.0 (compatible; MJ12bot/v1.4.8; http://mj12bot.com/)"
194.247.173.99 - - [19/Sep/2026:03:27:41 +0330] "GET /flash-cart/cart/?remove_item=077e29b11be80ab57e1a2ecabb7da330&_wpnonce=71ab2d19c2&add-to-cart=243 HTTP/1.1" 200 86920 "-" "Mozilla/5.0 (compatible; MJ12bot/v1.4.8; http://mj12bot.com/)"
194.247.173.99 - - [19/Sep/2026:03:27:44 +0330] "GET /flash-cart/cart/?remove_item=077e29b11be80ab57e1a2ecabb7da330&_wpnonce=71ab2d19c2&add-to-cart=247 HTTP/1.1" 200 86857 "-" "Mozilla/5.0 (compatible; MJ12bot/v1.4.8; http://mj12bot.com/)"
194.247.173.99 - - [19/Sep/2026:03:27:48 +0330] "GET /flash-cart/cart/?remove_item=077e29b11be80ab57e1a2ecabb7da330&_wpnonce=71ab2d19c2&add-to-cart=248 HTTP/1.1" 200 86981 "-" "Mozilla/5.0 (compatible; MJ12bot/v1.4.8; http://mj12bot.com/)"
194.247.173.99 - - [19/Sep/2026:03:27:52 +0330] "GET /flash-cart/cart/?remove_item=077e29b11be80ab57e1a2ecabb7da330&_wpnonce=71ab2d19c2&add-to-cart=249 HTTP/1.1" 200 86894 "-" "Mozilla/5.0 (compatible; MJ12bot/v1.4.8; http://mj12bot.com/)"
194.247.173.99 - - [19/Sep/2026:03:27:55 +0330] "GET /flash-cart/cart/?remove_item=077e29b11be80ab57e1a2ecabb7da330&_wpnonce=75165968af HTTP/1.1" 200 83751 "-" "Mozilla/5.0 (compatible; MJ12bot/v1.4.8; http://mj12bot.com/)"
194.247.173.99 - - [19/Sep/2026:03:27:59 +0330] "GET /flash-cart/cart/?remove_item=077e29b11be80ab57e1a2ecabb7da330&_wpnonce=7659ebe00e&add-to-cart=243 HTTP/1.1" 200 86921 "-" "Mozilla/5.0 (compatible; MJ12bot/v1.4.8; http://mj12bot.com/)"
78.110.123.2 - - [19/Sep/2026:03:28:01 +0330] "POST /flash-cart/wp-cron.php?doing_wp_cron=1789775881.3393290042877197265625 HTTP/1.1" 200 20 "-" "WordPress/7.1.1; https://themes.proac.ir/flash-cart"
194.247.173.99 - - [19/Sep/2026:03:28:03 +0330] "GET /flash-cart/cart/?remove_item=077e29b11be80ab57e1a2ecabb7da330&_wpnonce=7659ebe00e&add-to-cart=247 HTTP/1.1" 200 86857 "-" "Mozilla/5.0 (compatible; MJ12bot/v1.4.8; http://mj12bot.com/)"
194.247.173.99 - - [19/Sep/2026:03:28:07 +0330] "GET /flash-cart/cart/?remove_item=077e29b11be80ab57e1a2ecabb7da330&_wpnonce=7659ebe00e&add-to-cart=248 HTTP/1.1" 200 86978 "-" "Mozilla/5.0 (compatible; MJ12bot/v1.4.8; http://mj12bot.com/)"
194.247.173.99 - - [19/Sep/2026:03:28:11 +0330] "GET /flash-cart/cart/?remove_item=077e29b11be80ab57e1a2ecabb7da330&_wpnonce=7659ebe00e&add-to-cart=249 HTTP/1.1" 200 86892 "-" "Mozilla/5.0 (compatible; MJ12bot/v1.4.8; http://mj12bot.com/)"
194.247.173.99 - - [19/Sep/2026:03:28:14 +0330] "GET /flash-cart/cart/?remove_item=077e29b11be80ab57e1a2ecabb7da330&_wpnonce=76f81b43b0&add-to-cart=243 HTTP/1.1" 200 86920 "-" "Mozilla/5.0 (compatible; MJ12bot/v1.4.8; http://mj12bot.com/)"
194.247.173.99 - - [19/Sep/2026:03:28:19 +0330] "GET /flash-cart/cart/?remove_item=077e29b11be80ab57e1a2ecabb7da330&_wpnonce=76f81b43b0&add-to-cart=247 HTTP/1.1" 200 86856 "-" "Mozilla/5.0 (compatible; MJ12bot/v1.4.8; http://mj12bot.com/)"
194.247.173.99 - - [19/Sep/2026:03:28:22 +0330] "GET /flash-cart/cart/?remove_item=077e29b11be80ab57e1a2ecabb7da330&_wpnonce=76f81b43b0&add-to-cart=248 HTTP/1.1" 200 86983 "-" "Mozilla/5.0 (compatible; MJ12bot/v1.4.8; http://mj12bot.com/)"
194.247.173.99 - - [19/Sep/2026:03:28:26 +0330] "GET /flash-cart/cart/?remove_item=077e29b11be80ab57e1a2ecabb7da330&_wpnonce=76f81b43b0&add-to-cart=249 HTTP/1.1" 200 86891 "-" "Mozilla/5.0 (compatible; MJ12bot/v1.4.8; http://mj12bot.com/)"
194.247.173.99 - - [19/Sep/2026:03:28:29 +0330] "GET /flash-cart/cart/?remove_item=077e29b11be80ab57e1a2ecabb7da330&_wpnonce=79256169b8 HTTP/1.1" 200 83754 "-" "Mozilla/5.0 (compatible; MJ12bot/v1.4.8; http://mj12bot.com/)"
194.247.173.99 - - [19/Sep/2026:03:28:33 +0330] "GET /flash-cart/cart/?remove_item=077e29b11be80ab57e1a2ecabb7da330&_wpnonce=7a2c052f8c&add-to-cart=243 HTTP/1.1" 200 86922 "-" "Mozilla/5.0 (compatible; MJ12bot/v1.4.8; http://mj12bot.com/)"
194.247.173.99 - - [19/Sep/2026:03:28:36 +0330] "GET /flash-cart/cart/?remove_item=077e29b11be80ab57e1a2ecabb7da330&_wpnonce=7a2c052f8c&add-to-cart=247 HTTP/1.1" 200 86856 "-" "Mozilla/5.0 (compatible; MJ12bot/v1.4.8; http://mj12bot.com/)"
194.247.173.99 - - [19/Sep/2026:03:28:40 +0330] "GET /flash-cart/cart/?remove_item=077e29b11be80ab57e1a2ecabb7da330&_wpnonce=7a2c052f8c&add-to-cart=248 HTTP/1.1" 200 86977 "-" "Mozilla/5.0 (compatible; MJ12bot/v1.4.8; http://mj12bot.com/)"
194.247.173.99 - - [19/Sep/2026:03:28:43 +0330] "GET /flash-cart/cart/?remove_item=077e29b11be80ab57e1a2ecabb7da330&_wpnonce=7a2c052f8c&add-to-cart=249 HTTP/1.1" 200 86891 "-" "Mozilla/5.0 (compatible; MJ12bot/v1.4.8; http://mj12bot.com/)"
194.247.173.99 - - [19/Sep/2026:03:28:47 +0330] "GET /flash-cart/cart/?remove_item=077e29b11be80ab57e1a2ecabb7da330&_wpnonce=7c262fdcb7&add-to-cart=243 HTTP/1.1" 200 86923 "-" "Mozilla/5.0 (compatible; MJ12bot/v1.4.8; http://mj12bot.com/)"
194.247.173.99 - - [19/Sep/2026:03:28:50 +0330] "GET /flash-cart/cart/?remove_item=077e29b11be80ab57e1a2ecabb7da330&_wpnonce=7c262fdcb7&add-to-cart=247 HTTP/1.1" 200 86854 "-" "Mozilla/5.0 (compatible; MJ12bot/v1.4.8; http://mj12bot.com/)"
94.101.179.184 - - [19/Sep/2026:03:30:23 +0330] "GET /proactive HTTP/1.1" 301 282 "-" "GuzzleHttp/7"
94.101.179.184 - - [19/Sep/2026:03:30:23 +0330] "GET /proactive/ HTTP/1.1" 200 405 "-" "GuzzleHttp/7"
3.211.181.86 - - [19/Sep/2026:03:32:55 +0330] "GET /taskify/wp-content/plugins/elementor/core/base/elements-iteration-actions/ HTTP/1.1" 200 1172 "-" "Mozilla/5.0 AppleWebKit/537.36 (KHTML, like Gecko; compatible; Amazonbot/0.1; +https://developer.amazon.com/support/amazonbot) Chrome/119.0.6045.214 Safari/537.36"
23.21.204.95 - - [19/Sep/2026:03:37:18 +0330] "GET /vip/prosite/wp-content/uploads/elementor/tmp/?C=N;O%3DD HTTP/1.1" 200 754 "-" "Mozilla/5.0 AppleWebKit/537.36 (KHTML, like Gecko; compatible; Amazonbot/0.1; +https://developer.amazon.com/support/amazonbot) Chrome/119.0.6045.214 Safari/537.36"
3.215.221.125 - - [19/Sep/2026:03:37:23 +0330] "GET /blissspa/wp-content/plugins/elementor/includes/shapes.php HTTP/1.1" 200 20 "-" "Mozilla/5.0 AppleWebKit/537.36 (KHTML, like Gecko; compatible; Amazonbot/0.1; +https://developer.amazon.com/support/amazonbot) Chrome/119.0.6045.214 Safari/537.36"
52.70.123.241 - - [19/Sep/2026:03:37:28 +0330] "GET /blissspa/wp-content/uploads/2025/06/?C=N;O%3DD HTTP/1.1" 200 728 "-" "Mozilla/5.0 AppleWebKit/537.36 (KHTML, like Gecko; compatible; Amazonbot/0.1; +https://developer.amazon.com/support/amazonbot) Chrome/119.0.6045.214 Safari/537.36"
34.196.114.170 - - [19/Sep/2026:03:37:31 +0330] "GET /blissspa/wp-content/plugins/elementor/includes/template-library/ HTTP/1.1" 200 1676 "-" "Mozilla/5.0 AppleWebKit/537.36 (KHTML, like Gecko; compatible; Amazonbot/0.1; +https://developer.amazon.com/support/amazonbot) Chrome/119.0.6045.214 Safari/537.36"
107.20.224.184 - - [19/Sep/2026:03:37:35 +0330] "GET /blissspa/wp-content/plugins/elementor/assets/lib/dom-to-image/?C=N;O%3DD HTTP/1.1" 200 967 "-" "Mozilla/5.0 AppleWebKit/537.36 (KHTML, like Gecko; compatible; Amazonbot/0.1; +https://developer.amazon.com/support/amazonbot) Chrome/119.0.6045.214 Safari/537.36"
52.204.174.139 - - [19/Sep/2026:03:37:39 +0330] "GET /vip/prosite/%D8%A8%D9%87-%D8%B1%D9%88%D8%B2-%D8%AA%D8%B1%DB%8C%D9%86-%D9%85%D9%88%D8%A8%D8%A7%DB%8C%D9%84-%D9%87%D8%A7%DB%8C-%D8%B3%D8%A7%D9%84/frame-6970-2/ HTTP/1.1" 301 20 "-" "Mozilla/5.0 AppleWebKit/537.36 (KHTML, like Gecko; compatible; Amazonbot/0.1; +https://developer.amazon.com/support/amazonbot) Chrome/119.0.6045.214 Safari/537.36"
50.16.216.166 - - [19/Sep/2026:03:37:43 +0330] "GET /blissspa/wp-content/uploads/2024/11/?C=S;O%3DA HTTP/1.1" 200 728 "-" "Mozilla/5.0 AppleWebKit/537.36 (KHTML, like Gecko; compatible; Amazonbot/0.1; +https://developer.amazon.com/support/amazonbot) Chrome/119.0.6045.214 Safari/537.36"
78.110.123.2 - - [19/Sep/2026:03:37:40 +0330] "POST /vip/prosite/wp-cron.php?doing_wp_cron=1789776460.0668869018554687500000 HTTP/1.1" 200 20 "-" "WordPress/7.1.1; https://themes.proac.ir/vip/prosite"
44.221.105.234 - - [19/Sep/2026:03:37:47 +0330] "GET /blissspa/wp-content/uploads/2024/08/?C=N;O%3DD HTTP/1.1" 200 26390 "-" "Mozilla/5.0 AppleWebKit/537.36 (KHTML, like Gecko; compatible; Amazonbot/0.1; +https://developer.amazon.com/support/amazonbot) Chrome/119.0.6045.214 Safari/537.36"
52.3.156.186 - - [19/Sep/2026:03:37:52 +0330] "GET /vip/prosite/wp-content/plugins/elementor/assets/svg-paths/wave.svg HTTP/1.1" 200 231 "-" "Mozilla/5.0 AppleWebKit/537.36 (KHTML, like Gecko; compatible; Amazonbot/0.1; +https://developer.amazon.com/support/amazonbot) Chrome/119.0.6045.214 Safari/537.36"
23.23.104.107 - - [19/Sep/2026:03:37:55 +0330] "GET /blissspa/wp-content/plugins/elementor/modules/?C=S;O%3DA HTTP/1.1" 200 10346 "-" "Mozilla/5.0 AppleWebKit/537.36 (KHTML, like Gecko; compatible; Amazonbot/0.1; +https://developer.amazon.com/support/amazonbot) Chrome/119.0.6045.214 Safari/537.36"
23.22.59.87 - - [19/Sep/2026:03:37:59 +0330] "GET /blissspa/wp-content/plugins/elementor/modules/content-sanitizer/ HTTP/1.1" 200 1154 "-" "Mozilla/5.0 AppleWebKit/537.36 (KHTML, like Gecko; compatible; Amazonbot/0.1; +https://developer.amazon.com/support/amazonbot) Chrome/119.0.6045.214 Safari/537.36"
18.215.77.19 - - [19/Sep/2026:03:38:03 +0330] "GET /blissspa/wp-content/plugins/elementor/modules/container-converter/ HTTP/1.1" 200 979 "-" "Mozilla/5.0 AppleWebKit/537.36 (KHTML, like Gecko; compatible; Amazonbot/0.1; +https://developer.amazon.com/support/amazonbot) Chrome/119.0.6045.214 Safari/537.36"
52.202.233.37 - - [19/Sep/2026:03:38:07 +0330] "GET /blissspa/wp-content/plugins/elementor/modules/usage/ HTTP/1.1" 200 1326 "-" "Mozilla/5.0 AppleWebKit/537.36 (KHTML, like Gecko; compatible; Amazonbot/0.1; +https://developer.amazon.com/support/amazonbot) Chrome/119.0.6045.214 Safari/537.36"
18.215.77.19 - - [19/Sep/2026:03:38:11 +0330] "GET /blissspa/wp-content/plugins/elementor/assets/images/app/?C=M;O%3DA HTTP/1.1" 200 1317 "-" "Mozilla/5.0 AppleWebKit/537.36 (KHTML, like Gecko; compatible; Amazonbot/0.1; +https://developer.amazon.com/support/amazonbot) Chrome/119.0.6045.214 Safari/537.36"
52.203.237.170 - - [19/Sep/2026:03:38:16 +0330] "GET /blissspa/wp-content/plugins/elementor/assets/images/app/?C=N;O%3DD HTTP/1.1" 200 1317 "-" "Mozilla/5.0 AppleWebKit/537.36 (KHTML, like Gecko; compatible; Amazonbot/0.1; +https://developer.amazon.com/support/amazonbot) Chrome/119.0.6045.214 Safari/537.36"
187.101.31.96 - - [19/Sep/2026:03:38:22 +0330] "GET /oniox HTTP/1.1" 301 278 "-" "Mozilla/5.0 (iPhone; CPU iPhone OS 18_6_1 like Mac OS X) AppleWebKit/605.1.15 (KHTML, like Gecko) FxiOS/151.0 Mobile/15E148 Safari/604.1"
54.90.244.132 - - [19/Sep/2026:03:38:23 +0330] "GET /vip/prosite/wp-content/uploads/2025/04/ HTTP/1.1" 200 737 "-" "Mozilla/5.0 AppleWebKit/537.36 (KHTML, like Gecko; compatible; Amazonbot/0.1; +https://developer.amazon.com/support/amazonbot) Chrome/119.0.6045.214 Safari/537.36"
187.101.31.96 - - [19/Sep/2026:03:38:24 +0330] "GET /oniox/ HTTP/1.1" 200 24524 "https://themes.proac.ir/oniox" "Mozilla/5.0 (iPhone; CPU iPhone OS 18_6_1 like Mac OS X) AppleWebKit/605.1.15 (KHTML, like Gecko) FxiOS/151.0 Mobile/15E148 Safari/604.1"
78.110.123.2 - - [19/Sep/2026:03:38:26 +0330] "POST /oniox/wp-cron.php?doing_wp_cron=1789776506.1332879066467285156250 HTTP/1.1" 200 20 "-" "WordPress/7.1.1; https://themes.proac.ir/oniox"
54.147.80.137 - - [19/Sep/2026:03:51:11 +0330] "GET /blissspa/wp-content/uploads/2023/09/?C=D;O%3DA HTTP/1.1" 200 4011 "-" "Mozilla/5.0 AppleWebKit/537.36 (KHTML, like Gecko; compatible; Amazonbot/0.1; +https://developer.amazon.com/support/amazonbot) Chrome/119.0.6045.214 Safari/537.36"
54.84.102.81 - - [19/Sep/2026:03:51:36 +0330] "GET /app-landing/wp-content/plugins/elementor/core/base/background-process/?C=N;O%3DA HTTP/1.1" 200 1198 "-" "Mozilla/5.0 AppleWebKit/537.36 (KHTML, like Gecko; compatible; Amazonbot/0.1; +https://developer.amazon.com/support/amazonbot) Chrome/119.0.6045.214 Safari/537.36"
220.181.108.84 - - [19/Sep/2026:03:58:17 +0330] "GET /letsgo/product/%DB%8C%DA%A9-%D9%87%D9%81%D8%AA%D9%87-%D8%AF%D8%B1-%D9%81%D8%B1%D8%A7%D9%86%D8%B3%D9%87-%D9%88%D9%86%DB%8C%D8%B2%D8%8C-%D9%81%D9%84%D9%88%D8%B1%D8%A7%D9%86%D8%B3-%D9%88-%D8%B1%D9%85-2/ HTTP/1.1" 200 17919 "-" "Mozilla/5.0 (compatible; Baiduspider/2.0; +http://www.baidu.com/search/spider.html)"
116.179.37.144 - - [19/Sep/2026:03:58:22 +0330] "GET /letsgo/wp-content/themes/faratheme/inc//dashboard/assets/css/plugins.min.css?ver=7.1.1 HTTP/1.1" 200 10286 "https://themes.proac.ir/letsgo/product/%DB%8C%DA%A9-%D9%87%D9%81%D8%AA%D9%87-%D8%AF%D8%B1-%D9%81%D8%B1%D8%A7%D9%86%D8%B3%D9%87-%D9%88%D9%86%DB%8C%D8%B2%D8%8C-%D9%81%D9%84%D9%88%D8%B1%D8%A7%D9%86%D8%B3-%D9%88-%D8%B1%D9%85-2/" "Mozilla/5.0 (compatible; Baiduspider-render/2.0; +http://www.baidu.com/search/spider.html)"
