78.110.123.2 - - [19/Sep/2026:04:48:32 +0330] "POST /wedding/wp-cron.php?doing_wp_cron=1789780712.3303339481353759765625 HTTP/1.1" 200 20 "-" "WordPress/7.1.1; https://themes.proac.ir/wedding"
85.215.100.160 - - [19/Sep/2026:04:48:31 +0330] "GET /wedding/wp-login.php HTTP/1.1" 200 3625 "www.google.com" "Mozilla/5.0 (Windows NT 10.0; Win64; x64) AppleWebKit/537.36 (KHTML, like Gecko) Chrome/91.0.4472.124 Safari/537.36"
85.215.100.160 - - [19/Sep/2026:04:48:33 +0330] "POST /wedding/wp-login.php HTTP/1.1" 302 20 "https://themes.proac.ir/wedding/wp-admin/" "Mozilla/5.0 (Windows NT 10.0; Win64; x64) AppleWebKit/537.36 (KHTML, like Gecko) Chrome/91.0.4472.124 Safari/537.36"
85.215.100.160 - - [19/Sep/2026:04:48:34 +0330] "GET /wedding/wp-login.php?redirect_to=https%3A%2F%2Fthemes.proac.ir%2Fwedding%2Fwp-admin%2F&action=confirm_admin_email&wp_lang=fa_IR HTTP/1.1" 200 1875 "https://themes.proac.ir/wedding/wp-admin/" "Mozilla/5.0 (Windows NT 10.0; Win64; x64) AppleWebKit/537.36 (KHTML, like Gecko) Chrome/91.0.4472.124 Safari/537.36"
79.137.67.84 - - [19/Sep/2026:04:48:34 +0330] "GET /flash-cart/cart/?remove_item=077e29b11be80ab57e1a2ecabb7da330&_wpnonce=2bacd86b98&add-to-cart=249 HTTP/1.1" 200 86893 "-" "Mozilla/5.0 (compatible; MJ12bot/v1.4.8; http://mj12bot.com/)"
85.215.100.160 - - [19/Sep/2026:04:48:34 +0330] "GET /wedding/wp-admin/ HTTP/1.1" 200 95733 "www.google.com" "Mozilla/5.0 (Windows NT 10.0; Win64; x64) AppleWebKit/537.36 (KHTML, like Gecko) Chrome/91.0.4472.124 Safari/537.36"
85.215.100.160 - - [19/Sep/2026:04:48:37 +0330] "GET /wedding/wp-admin/plugin-install.php?tab=upload HTTP/1.1" 200 85334 "www.google.com" "Mozilla/5.0 (Windows NT 10.0; Win64; x64) AppleWebKit/537.36 (KHTML, like Gecko) Chrome/91.0.4472.124 Safari/537.36"
79.137.67.84 - - [19/Sep/2026:04:48:38 +0330] "GET /flash-cart/cart/?remove_item=077e29b11be80ab57e1a2ecabb7da330&_wpnonce=2d13cf6b74&add-to-cart=249 HTTP/1.1" 200 86897 "-" "Mozilla/5.0 (compatible; MJ12bot/v1.4.8; http://mj12bot.com/)"
85.215.100.160 - - [19/Sep/2026:04:48:39 +0330] "POST /wedding/wp-admin/update.php?action=upload-plugin HTTP/1.1" 200 87855 "www.google.com" "Mozilla/5.0 (Windows NT 10.0; Win64; x64) AppleWebKit/537.36 (KHTML, like Gecko) Chrome/91.0.4472.124 Safari/537.36"
79.137.67.84 - - [19/Sep/2026:04:48:41 +0330] "GET /flash-cart/cart/?remove_item=077e29b11be80ab57e1a2ecabb7da330&_wpnonce=2d36ccf52e&add-to-cart=243 HTTP/1.1" 200 86925 "-" "Mozilla/5.0 (compatible; MJ12bot/v1.4.8; http://mj12bot.com/)"
85.215.100.160 - - [19/Sep/2026:04:48:43 +0330] "GET /wedding/wp-content/plugins/sobqsth/index.php HTTP/1.1" 200 81 "www.google.com" "Mozilla/5.0 (Windows NT 10.0; Win64; x64) AppleWebKit/537.36 (KHTML, like Gecko) Chrome/91.0.4472.124 Safari/537.36"
79.137.67.84 - - [19/Sep/2026:04:48:45 +0330] "GET /flash-cart/cart/?remove_item=077e29b11be80ab57e1a2ecabb7da330&_wpnonce=332b6dc7cc HTTP/1.1" 200 83756 "-" "Mozilla/5.0 (compatible; MJ12bot/v1.4.8; http://mj12bot.com/)"
79.137.67.84 - - [19/Sep/2026:04:48:48 +0330] "GET /flash-cart/cart/?remove_item=077e29b11be80ab57e1a2ecabb7da330&_wpnonce=346617b411 HTTP/1.1" 200 83754 "-" "Mozilla/5.0 (compatible; MJ12bot/v1.4.8; http://mj12bot.com/)"
79.137.67.84 - - [19/Sep/2026:04:48:52 +0330] "GET /flash-cart/cart/?remove_item=077e29b11be80ab57e1a2ecabb7da330&_wpnonce=3ea2478112&add-to-cart=243 HTTP/1.1" 200 86922 "-" "Mozilla/5.0 (compatible; MJ12bot/v1.4.8; http://mj12bot.com/)"
79.137.67.84 - - [19/Sep/2026:04:48:55 +0330] "GET /flash-cart/cart/?remove_item=077e29b11be80ab57e1a2ecabb7da330&_wpnonce=3ea2478112&add-to-cart=247 HTTP/1.1" 200 86856 "-" "Mozilla/5.0 (compatible; MJ12bot/v1.4.8; http://mj12bot.com/)"
79.137.67.84 - - [19/Sep/2026:04:48:59 +0330] "GET /flash-cart/cart/?remove_item=077e29b11be80ab57e1a2ecabb7da330&_wpnonce=3ea2478112&add-to-cart=248 HTTP/1.1" 200 86983 "-" "Mozilla/5.0 (compatible; MJ12bot/v1.4.8; http://mj12bot.com/)"
78.110.123.2 - - [19/Sep/2026:04:49:01 +0330] "POST /flash-cart/wp-cron.php?doing_wp_cron=1789780741.1950399875640869140625 HTTP/1.1" 200 20 "-" "WordPress/7.1.1; https://themes.proac.ir/flash-cart"
79.137.67.84 - - [19/Sep/2026:04:49:03 +0330] "GET /flash-cart/cart/?remove_item=077e29b11be80ab57e1a2ecabb7da330&_wpnonce=3ea2478112&add-to-cart=249 HTTP/1.1" 200 86891 "-" "Mozilla/5.0 (compatible; MJ12bot/v1.4.8; http://mj12bot.com/)"
79.137.67.84 - - [19/Sep/2026:04:49:07 +0330] "GET /flash-cart/cart/?remove_item=077e29b11be80ab57e1a2ecabb7da330&_wpnonce=3f1dfff529&add-to-cart=243 HTTP/1.1" 200 86928 "-" "Mozilla/5.0 (compatible; MJ12bot/v1.4.8; http://mj12bot.com/)"
79.137.67.84 - - [19/Sep/2026:04:49:11 +0330] "GET /flash-cart/cart/?remove_item=077e29b11be80ab57e1a2ecabb7da330&_wpnonce=3f1dfff529&add-to-cart=247 HTTP/1.1" 200 86858 "-" "Mozilla/5.0 (compatible; MJ12bot/v1.4.8; http://mj12bot.com/)"
79.137.67.84 - - [19/Sep/2026:04:49:15 +0330] "GET /flash-cart/cart/?remove_item=077e29b11be80ab57e1a2ecabb7da330&_wpnonce=42679f5902&add-to-cart=243 HTTP/1.1" 200 86927 "-" "Mozilla/5.0 (compatible; MJ12bot/v1.4.8; http://mj12bot.com/)"
79.137.67.84 - - [19/Sep/2026:04:49:19 +0330] "GET /flash-cart/cart/?remove_item=077e29b11be80ab57e1a2ecabb7da330&_wpnonce=42679f5902&add-to-cart=247 HTTP/1.1" 200 86854 "-" "Mozilla/5.0 (compatible; MJ12bot/v1.4.8; http://mj12bot.com/)"
79.137.67.84 - - [19/Sep/2026:04:49:22 +0330] "GET /flash-cart/cart/?remove_item=077e29b11be80ab57e1a2ecabb7da330&_wpnonce=42679f5902&add-to-cart=248 HTTP/1.1" 200 86982 "-" "Mozilla/5.0 (compatible; MJ12bot/v1.4.8; http://mj12bot.com/)"
79.137.67.84 - - [19/Sep/2026:04:49:26 +0330] "GET /flash-cart/cart/?remove_item=077e29b11be80ab57e1a2ecabb7da330&_wpnonce=42679f5902&add-to-cart=249 HTTP/1.1" 200 86892 "-" "Mozilla/5.0 (compatible; MJ12bot/v1.4.8; http://mj12bot.com/)"
79.137.67.84 - - [19/Sep/2026:04:49:30 +0330] "GET /flash-cart/cart/?remove_item=077e29b11be80ab57e1a2ecabb7da330&_wpnonce=4384fe9e05&add-to-cart=243 HTTP/1.1" 200 86923 "-" "Mozilla/5.0 (compatible; MJ12bot/v1.4.8; http://mj12bot.com/)"
79.137.67.84 - - [19/Sep/2026:04:49:35 +0330] "GET /flash-cart/cart/?remove_item=077e29b11be80ab57e1a2ecabb7da330&_wpnonce=4384fe9e05&add-to-cart=247 HTTP/1.1" 200 86862 "-" "Mozilla/5.0 (compatible; MJ12bot/v1.4.8; http://mj12bot.com/)"
4.43.184.113 - - [19/Sep/2026:04:49:39 +0330] "GET / HTTP/1.1" 301 20 "-" "Mozilla/5.0 (X11; Linux x86_64) AppleWebKit/537.36 (KHTML, like Gecko) Chrome/44.0.2403.157 Safari/537.36"
79.137.67.84 - - [19/Sep/2026:04:49:39 +0330] "GET /flash-cart/cart/?remove_item=077e29b11be80ab57e1a2ecabb7da330&_wpnonce=4384fe9e05&add-to-cart=248 HTTP/1.1" 200 86980 "-" "Mozilla/5.0 (compatible; MJ12bot/v1.4.8; http://mj12bot.com/)"
79.137.67.84 - - [19/Sep/2026:04:49:42 +0330] "GET /flash-cart/cart/?remove_item=077e29b11be80ab57e1a2ecabb7da330&_wpnonce=4384fe9e05&add-to-cart=249 HTTP/1.1" 200 86892 "-" "Mozilla/5.0 (compatible; MJ12bot/v1.4.8; http://mj12bot.com/)"
79.137.67.84 - - [19/Sep/2026:04:49:46 +0330] "GET /flash-cart/cart/?remove_item=077e29b11be80ab57e1a2ecabb7da330&_wpnonce=4b5a77c47e&add-to-cart=243 HTTP/1.1" 200 86922 "-" "Mozilla/5.0 (compatible; MJ12bot/v1.4.8; http://mj12bot.com/)"
79.137.67.84 - - [19/Sep/2026:04:49:49 +0330] "GET /flash-cart/cart/?remove_item=077e29b11be80ab57e1a2ecabb7da330&_wpnonce=4b5a77c47e&add-to-cart=247 HTTP/1.1" 200 86863 "-" "Mozilla/5.0 (compatible; MJ12bot/v1.4.8; http://mj12bot.com/)"
79.137.67.84 - - [19/Sep/2026:04:49:53 +0330] "GET /flash-cart/cart/?remove_item=077e29b11be80ab57e1a2ecabb7da330&_wpnonce=4b5a77c47e&add-to-cart=248 HTTP/1.1" 200 86984 "-" "Mozilla/5.0 (compatible; MJ12bot/v1.4.8; http://mj12bot.com/)"
79.137.67.84 - - [19/Sep/2026:04:49:56 +0330] "GET /flash-cart/cart/?remove_item=077e29b11be80ab57e1a2ecabb7da330&_wpnonce=4b5a77c47e&add-to-cart=249 HTTP/1.1" 200 86891 "-" "Mozilla/5.0 (compatible; MJ12bot/v1.4.8; http://mj12bot.com/)"
79.137.67.84 - - [19/Sep/2026:04:50:00 +0330] "GET /flash-cart/cart/?remove_item=077e29b11be80ab57e1a2ecabb7da330&_wpnonce=4f23facf46 HTTP/1.1" 200 83755 "-" "Mozilla/5.0 (compatible; MJ12bot/v1.4.8; http://mj12bot.com/)"
78.110.123.2 - - [19/Sep/2026:04:50:02 +0330] "POST /flash-cart/wp-cron.php?doing_wp_cron=1789780802.0992529392242431640625 HTTP/1.1" 200 20 "-" "WordPress/7.1.1; https://themes.proac.ir/flash-cart"
79.137.67.84 - - [19/Sep/2026:04:50:04 +0330] "GET /flash-cart/cart/?remove_item=077e29b11be80ab57e1a2ecabb7da330&_wpnonce=5effc9b4f0&add-to-cart=243 HTTP/1.1" 200 86925 "-" "Mozilla/5.0 (compatible; MJ12bot/v1.4.8; http://mj12bot.com/)"
79.137.67.84 - - [19/Sep/2026:04:50:08 +0330] "GET /flash-cart/cart/?remove_item=077e29b11be80ab57e1a2ecabb7da330&_wpnonce=5effc9b4f0&add-to-cart=247 HTTP/1.1" 200 86860 "-" "Mozilla/5.0 (compatible; MJ12bot/v1.4.8; http://mj12bot.com/)"
79.137.67.84 - - [19/Sep/2026:04:50:11 +0330] "GET /flash-cart/cart/?remove_item=077e29b11be80ab57e1a2ecabb7da330&_wpnonce=5effc9b4f0&add-to-cart=248 HTTP/1.1" 200 86981 "-" "Mozilla/5.0 (compatible; MJ12bot/v1.4.8; http://mj12bot.com/)"
79.137.67.84 - - [19/Sep/2026:04:50:15 +0330] "GET /flash-cart/cart/?remove_item=077e29b11be80ab57e1a2ecabb7da330&_wpnonce=5effc9b4f0&add-to-cart=249 HTTP/1.1" 200 86891 "-" "Mozilla/5.0 (compatible; MJ12bot/v1.4.8; http://mj12bot.com/)"
79.137.67.84 - - [19/Sep/2026:04:50:19 +0330] "GET /flash-cart/cart/?remove_item=077e29b11be80ab57e1a2ecabb7da330&_wpnonce=5fe809d90f&add-to-cart=243 HTTP/1.1" 200 86922 "-" "Mozilla/5.0 (compatible; MJ12bot/v1.4.8; http://mj12bot.com/)"
79.137.67.84 - - [19/Sep/2026:04:50:22 +0330] "GET /flash-cart/cart/?remove_item=077e29b11be80ab57e1a2ecabb7da330&_wpnonce=5fe809d90f&add-to-cart=247 HTTP/1.1" 200 86864 "-" "Mozilla/5.0 (compatible; MJ12bot/v1.4.8; http://mj12bot.com/)"
79.137.67.84 - - [19/Sep/2026:04:50:26 +0330] "GET /flash-cart/cart/?remove_item=077e29b11be80ab57e1a2ecabb7da330&_wpnonce=5fe809d90f&add-to-cart=248 HTTP/1.1" 200 86978 "-" "Mozilla/5.0 (compatible; MJ12bot/v1.4.8; http://mj12bot.com/)"
79.137.67.84 - - [19/Sep/2026:04:50:29 +0330] "GET /flash-cart/cart/?remove_item=077e29b11be80ab57e1a2ecabb7da330&_wpnonce=5fe809d90f&add-to-cart=249 HTTP/1.1" 200 86889 "-" "Mozilla/5.0 (compatible; MJ12bot/v1.4.8; http://mj12bot.com/)"
79.137.67.84 - - [19/Sep/2026:04:50:32 +0330] "GET /flash-cart/cart/?remove_item=077e29b11be80ab57e1a2ecabb7da330&_wpnonce=6b6df7102a HTTP/1.1" 200 83757 "-" "Mozilla/5.0 (compatible; MJ12bot/v1.4.8; http://mj12bot.com/)"
79.137.67.84 - - [19/Sep/2026:04:50:36 +0330] "GET /flash-cart/cart/?remove_item=077e29b11be80ab57e1a2ecabb7da330&_wpnonce=6e72c04557 HTTP/1.1" 200 83755 "-" "Mozilla/5.0 (compatible; MJ12bot/v1.4.8; http://mj12bot.com/)"
79.137.67.84 - - [19/Sep/2026:04:50:40 +0330] "GET /flash-cart/cart/?remove_item=077e29b11be80ab57e1a2ecabb7da330&_wpnonce=709c69ca2f HTTP/1.1" 200 83757 "-" "Mozilla/5.0 (compatible; MJ12bot/v1.4.8; http://mj12bot.com/)"
79.137.67.84 - - [19/Sep/2026:04:50:43 +0330] "GET /flash-cart/cart/?remove_item=077e29b11be80ab57e1a2ecabb7da330&_wpnonce=75165968af&add-to-cart=243 HTTP/1.1" 200 86923 "-" "Mozilla/5.0 (compatible; MJ12bot/v1.4.8; http://mj12bot.com/)"
79.137.67.84 - - [19/Sep/2026:04:50:46 +0330] "GET /flash-cart/cart/?remove_item=077e29b11be80ab57e1a2ecabb7da330&_wpnonce=75165968af&add-to-cart=247 HTTP/1.1" 200 86860 "-" "Mozilla/5.0 (compatible; MJ12bot/v1.4.8; http://mj12bot.com/)"
79.137.67.84 - - [19/Sep/2026:04:50:50 +0330] "GET /flash-cart/cart/?remove_item=077e29b11be80ab57e1a2ecabb7da330&_wpnonce=75165968af&add-to-cart=248 HTTP/1.1" 200 86979 "-" "Mozilla/5.0 (compatible; MJ12bot/v1.4.8; http://mj12bot.com/)"
79.137.67.84 - - [19/Sep/2026:04:50:54 +0330] "GET /flash-cart/cart/?remove_item=077e29b11be80ab57e1a2ecabb7da330&_wpnonce=75165968af&add-to-cart=249 HTTP/1.1" 200 86891 "-" "Mozilla/5.0 (compatible; MJ12bot/v1.4.8; http://mj12bot.com/)"
79.137.67.84 - - [19/Sep/2026:04:50:58 +0330] "GET /flash-cart/cart/?remove_item=077e29b11be80ab57e1a2ecabb7da330&_wpnonce=78723f8969 HTTP/1.1" 200 83753 "-" "Mozilla/5.0 (compatible; MJ12bot/v1.4.8; http://mj12bot.com/)"
78.110.123.2 - - [19/Sep/2026:04:51:05 +0330] "POST /flash-cart/wp-cron.php?doing_wp_cron=1789780865.8509199619293212890625 HTTP/1.1" 200 20 "-" "WordPress/7.1.1; https://themes.proac.ir/flash-cart"
79.137.67.84 - - [19/Sep/2026:04:51:02 +0330] "GET /flash-cart/cart/?remove_item=077e29b11be80ab57e1a2ecabb7da330&_wpnonce=79256169b8&add-to-cart=243 HTTP/1.1" 200 86926 "-" "Mozilla/5.0 (compatible; MJ12bot/v1.4.8; http://mj12bot.com/)"
79.137.67.84 - - [19/Sep/2026:04:51:10 +0330] "GET /flash-cart/cart/?remove_item=077e29b11be80ab57e1a2ecabb7da330&_wpnonce=79256169b8&add-to-cart=247 HTTP/1.1" 200 86860 "-" "Mozilla/5.0 (compatible; MJ12bot/v1.4.8; http://mj12bot.com/)"
79.137.67.84 - - [19/Sep/2026:04:51:13 +0330] "GET /flash-cart/cart/?remove_item=077e29b11be80ab57e1a2ecabb7da330&_wpnonce=79256169b8&add-to-cart=248 HTTP/1.1" 200 86982 "-" "Mozilla/5.0 (compatible; MJ12bot/v1.4.8; http://mj12bot.com/)"
79.137.67.84 - - [19/Sep/2026:04:51:17 +0330] "GET /flash-cart/cart/?remove_item=077e29b11be80ab57e1a2ecabb7da330&_wpnonce=79256169b8&add-to-cart=249 HTTP/1.1" 200 86895 "-" "Mozilla/5.0 (compatible; MJ12bot/v1.4.8; http://mj12bot.com/)"
79.137.67.84 - - [19/Sep/2026:04:51:21 +0330] "GET /flash-cart/cart/?remove_item=077e29b11be80ab57e1a2ecabb7da330&_wpnonce=7c262fdcb7&add-to-cart=248 HTTP/1.1" 200 86979 "-" "Mozilla/5.0 (compatible; MJ12bot/v1.4.8; http://mj12bot.com/)"
79.137.67.84 - - [19/Sep/2026:04:51:25 +0330] "GET /flash-cart/cart/?remove_item=077e29b11be80ab57e1a2ecabb7da330&_wpnonce=7c262fdcb7&add-to-cart=249 HTTP/1.1" 200 86896 "-" "Mozilla/5.0 (compatible; MJ12bot/v1.4.8; http://mj12bot.com/)"
79.137.67.84 - - [19/Sep/2026:04:51:28 +0330] "GET /flash-cart/cart/?remove_item=077e29b11be80ab57e1a2ecabb7da330&_wpnonce=7d89c17c5b HTTP/1.1" 200 83755 "-" "Mozilla/5.0 (compatible; MJ12bot/v1.4.8; http://mj12bot.com/)"
79.137.67.84 - - [19/Sep/2026:04:51:32 +0330] "GET /flash-cart/cart/?remove_item=077e29b11be80ab57e1a2ecabb7da330&_wpnonce=808b8fc848 HTTP/1.1" 200 83759 "-" "Mozilla/5.0 (compatible; MJ12bot/v1.4.8; http://mj12bot.com/)"
78.110.123.2 - - [19/Sep/2026:04:51:34 +0330] "POST /flash-cart/wp-cron.php?doing_wp_cron=1789780894.0458719730377197265625 HTTP/1.1" 200 20 "-" "WordPress/7.1.1; https://themes.proac.ir/flash-cart"
79.137.67.84 - - [19/Sep/2026:04:51:36 +0330] "GET /flash-cart/cart/?remove_item=077e29b11be80ab57e1a2ecabb7da330&_wpnonce=809bb15127&add-to-cart=243 HTTP/1.1" 200 86925 "-" "Mozilla/5.0 (compatible; MJ12bot/v1.4.8; http://mj12bot.com/)"
79.137.67.84 - - [19/Sep/2026:04:51:40 +0330] "GET /flash-cart/cart/?remove_item=077e29b11be80ab57e1a2ecabb7da330&_wpnonce=809bb15127&add-to-cart=247 HTTP/1.1" 200 86859 "-" "Mozilla/5.0 (compatible; MJ12bot/v1.4.8; http://mj12bot.com/)"
79.137.67.84 - - [19/Sep/2026:04:51:43 +0330] "GET /flash-cart/cart/?remove_item=077e29b11be80ab57e1a2ecabb7da330&_wpnonce=809bb15127&add-to-cart=248 HTTP/1.1" 200 86985 "-" "Mozilla/5.0 (compatible; MJ12bot/v1.4.8; http://mj12bot.com/)"
79.137.67.84 - - [19/Sep/2026:04:51:47 +0330] "GET /flash-cart/cart/?remove_item=077e29b11be80ab57e1a2ecabb7da330&_wpnonce=809bb15127&add-to-cart=249 HTTP/1.1" 200 86895 "-" "Mozilla/5.0 (compatible; MJ12bot/v1.4.8; http://mj12bot.com/)"
79.137.67.84 - - [19/Sep/2026:04:51:51 +0330] "GET /flash-cart/cart/?remove_item=077e29b11be80ab57e1a2ecabb7da330&_wpnonce=81ed78d252&add-to-cart=243 HTTP/1.1" 200 86922 "-" "Mozilla/5.0 (compatible; MJ12bot/v1.4.8; http://mj12bot.com/)"
79.137.67.84 - - [19/Sep/2026:04:51:55 +0330] "GET /flash-cart/cart/?remove_item=077e29b11be80ab57e1a2ecabb7da330&_wpnonce=81ed78d252&add-to-cart=247 HTTP/1.1" 200 86855 "-" "Mozilla/5.0 (compatible; MJ12bot/v1.4.8; http://mj12bot.com/)"
79.137.67.84 - - [19/Sep/2026:04:51:59 +0330] "GET /flash-cart/cart/?remove_item=077e29b11be80ab57e1a2ecabb7da330&_wpnonce=81ed78d252&add-to-cart=248 HTTP/1.1" 200 86980 "-" "Mozilla/5.0 (compatible; MJ12bot/v1.4.8; http://mj12bot.com/)"
78.110.123.2 - - [19/Sep/2026:04:52:05 +0330] "POST /flash-cart/wp-cron.php?doing_wp_cron=1789780925.3785860538482666015625 HTTP/1.1" 200 20 "-" "WordPress/7.1.1; https://themes.proac.ir/flash-cart"
79.137.67.84 - - [19/Sep/2026:04:52:02 +0330] "GET /flash-cart/cart/?remove_item=077e29b11be80ab57e1a2ecabb7da330&_wpnonce=81ed78d252&add-to-cart=249 HTTP/1.1" 200 86895 "-" "Mozilla/5.0 (compatible; MJ12bot/v1.4.8; http://mj12bot.com/)"
78.110.123.2 - - [19/Sep/2026:04:52:09 +0330] "POST /flash-cart/wp-cron.php?doing_wp_cron=1789780929.9126529693603515625000 HTTP/1.1" 200 20 "-" "WordPress/7.1.1; https://themes.proac.ir/flash-cart"
79.137.67.84 - - [19/Sep/2026:04:52:07 +0330] "GET /flash-cart/cart/?remove_item=077e29b11be80ab57e1a2ecabb7da330&_wpnonce=8325a7c689 HTTP/1.1" 200 83752 "-" "Mozilla/5.0 (compatible; MJ12bot/v1.4.8; http://mj12bot.com/)"
79.137.67.84 - - [19/Sep/2026:04:52:12 +0330] "GET /flash-cart/cart/?remove_item=077e29b11be80ab57e1a2ecabb7da330&_wpnonce=84132a5709&add-to-cart=243 HTTP/1.1" 200 86926 "-" "Mozilla/5.0 (compatible; MJ12bot/v1.4.8; http://mj12bot.com/)"
79.137.67.84 - - [19/Sep/2026:04:52:16 +0330] "GET /flash-cart/cart/?remove_item=077e29b11be80ab57e1a2ecabb7da330&_wpnonce=84132a5709&add-to-cart=247 HTTP/1.1" 200 86861 "-" "Mozilla/5.0 (compatible; MJ12bot/v1.4.8; http://mj12bot.com/)"
79.137.67.84 - - [19/Sep/2026:04:52:20 +0330] "GET /flash-cart/cart/?remove_item=077e29b11be80ab57e1a2ecabb7da330&_wpnonce=84132a5709&add-to-cart=248 HTTP/1.1" 200 86976 "-" "Mozilla/5.0 (compatible; MJ12bot/v1.4.8; http://mj12bot.com/)"
79.137.67.84 - - [19/Sep/2026:04:52:23 +0330] "GET /flash-cart/cart/?remove_item=077e29b11be80ab57e1a2ecabb7da330&_wpnonce=84132a5709&add-to-cart=249 HTTP/1.1" 200 86896 "-" "Mozilla/5.0 (compatible; MJ12bot/v1.4.8; http://mj12bot.com/)"
79.137.67.84 - - [19/Sep/2026:04:52:27 +0330] "GET /flash-cart/cart/?remove_item=077e29b11be80ab57e1a2ecabb7da330&_wpnonce=8c9dba377d HTTP/1.1" 200 83755 "-" "Mozilla/5.0 (compatible; MJ12bot/v1.4.8; http://mj12bot.com/)"
79.137.67.84 - - [19/Sep/2026:04:52:30 +0330] "GET /flash-cart/cart/?remove_item=077e29b11be80ab57e1a2ecabb7da330&_wpnonce=90724570d0 HTTP/1.1" 200 83750 "-" "Mozilla/5.0 (compatible; MJ12bot/v1.4.8; http://mj12bot.com/)"
79.137.67.84 - - [19/Sep/2026:04:52:34 +0330] "GET /flash-cart/cart/?remove_item=077e29b11be80ab57e1a2ecabb7da330&_wpnonce=9358bfa6ef HTTP/1.1" 200 83756 "-" "Mozilla/5.0 (compatible; MJ12bot/v1.4.8; http://mj12bot.com/)"
79.137.67.84 - - [19/Sep/2026:04:52:37 +0330] "GET /flash-cart/cart/?remove_item=077e29b11be80ab57e1a2ecabb7da330&_wpnonce=95386cd9dd HTTP/1.1" 200 83755 "-" "Mozilla/5.0 (compatible; MJ12bot/v1.4.8; http://mj12bot.com/)"
78.110.123.2 - - [19/Sep/2026:04:52:39 +0330] "POST /flash-cart/wp-cron.php?doing_wp_cron=1789780959.7657489776611328125000 HTTP/1.1" 200 20 "-" "WordPress/7.1.1; https://themes.proac.ir/flash-cart"
79.137.67.84 - - [19/Sep/2026:04:52:42 +0330] "GET /flash-cart/cart/?remove_item=077e29b11be80ab57e1a2ecabb7da330&_wpnonce=9b49666fdc HTTP/1.1" 200 83754 "-" "Mozilla/5.0 (compatible; MJ12bot/v1.4.8; http://mj12bot.com/)"
79.137.67.84 - - [19/Sep/2026:04:52:45 +0330] "GET /flash-cart/cart/?remove_item=077e29b11be80ab57e1a2ecabb7da330&_wpnonce=9d67068506&add-to-cart=243 HTTP/1.1" 200 86925 "-" "Mozilla/5.0 (compatible; MJ12bot/v1.4.8; http://mj12bot.com/)"
79.137.67.84 - - [19/Sep/2026:04:52:49 +0330] "GET /flash-cart/cart/?remove_item=077e29b11be80ab57e1a2ecabb7da330&_wpnonce=9d67068506&add-to-cart=247 HTTP/1.1" 200 86861 "-" "Mozilla/5.0 (compatible; MJ12bot/v1.4.8; http://mj12bot.com/)"
79.137.67.84 - - [19/Sep/2026:04:52:52 +0330] "GET /flash-cart/cart/?remove_item=077e29b11be80ab57e1a2ecabb7da330&_wpnonce=9d67068506&add-to-cart=248 HTTP/1.1" 200 86982 "-" "Mozilla/5.0 (compatible; MJ12bot/v1.4.8; http://mj12bot.com/)"
79.137.67.84 - - [19/Sep/2026:04:52:56 +0330] "GET /flash-cart/cart/?remove_item=077e29b11be80ab57e1a2ecabb7da330&_wpnonce=9d67068506&add-to-cart=249 HTTP/1.1" 200 86893 "-" "Mozilla/5.0 (compatible; MJ12bot/v1.4.8; http://mj12bot.com/)"
79.137.67.84 - - [19/Sep/2026:04:52:59 +0330] "GET /flash-cart/cart/?remove_item=077e29b11be80ab57e1a2ecabb7da330&_wpnonce=9d6acfa8d3&add-to-cart=243 HTTP/1.1" 200 86922 "-" "Mozilla/5.0 (compatible; MJ12bot/v1.4.8; http://mj12bot.com/)"
78.110.123.2 - - [19/Sep/2026:04:53:01 +0330] "POST /flash-cart/wp-cron.php?doing_wp_cron=1789780981.4694700241088867187500 HTTP/1.1" 200 20 "-" "WordPress/7.1.1; https://themes.proac.ir/flash-cart"
79.137.67.84 - - [19/Sep/2026:04:53:04 +0330] "GET /flash-cart/cart/?remove_item=077e29b11be80ab57e1a2ecabb7da330&_wpnonce=9d6acfa8d3&add-to-cart=247 HTTP/1.1" 200 86860 "-" "Mozilla/5.0 (compatible; MJ12bot/v1.4.8; http://mj12bot.com/)"
79.137.67.84 - - [19/Sep/2026:04:53:08 +0330] "GET /flash-cart/cart/?remove_item=077e29b11be80ab57e1a2ecabb7da330&_wpnonce=9d6acfa8d3&add-to-cart=248 HTTP/1.1" 200 86978 "-" "Mozilla/5.0 (compatible; MJ12bot/v1.4.8; http://mj12bot.com/)"
79.137.67.84 - - [19/Sep/2026:04:53:11 +0330] "GET /flash-cart/cart/?remove_item=077e29b11be80ab57e1a2ecabb7da330&_wpnonce=9d6acfa8d3&add-to-cart=249 HTTP/1.1" 200 86890 "-" "Mozilla/5.0 (compatible; MJ12bot/v1.4.8; http://mj12bot.com/)"
79.137.67.84 - - [19/Sep/2026:04:53:15 +0330] "GET /flash-cart/cart/?remove_item=077e29b11be80ab57e1a2ecabb7da330&_wpnonce=a1dee6fcad&add-to-cart=243 HTTP/1.1" 200 86919 "-" "Mozilla/5.0 (compatible; MJ12bot/v1.4.8; http://mj12bot.com/)"
79.137.67.84 - - [19/Sep/2026:04:53:19 +0330] "GET /flash-cart/cart/?remove_item=077e29b11be80ab57e1a2ecabb7da330&_wpnonce=a1dee6fcad&add-to-cart=247 HTTP/1.1" 200 86861 "-" "Mozilla/5.0 (compatible; MJ12bot/v1.4.8; http://mj12bot.com/)"
79.137.67.84 - - [19/Sep/2026:04:53:22 +0330] "GET /flash-cart/cart/?remove_item=077e29b11be80ab57e1a2ecabb7da330&_wpnonce=a1dee6fcad&add-to-cart=248 HTTP/1.1" 200 86981 "-" "Mozilla/5.0 (compatible; MJ12bot/v1.4.8; http://mj12bot.com/)"
79.137.67.84 - - [19/Sep/2026:04:53:26 +0330] "GET /flash-cart/cart/?remove_item=077e29b11be80ab57e1a2ecabb7da330&_wpnonce=a1dee6fcad&add-to-cart=249 HTTP/1.1" 200 86892 "-" "Mozilla/5.0 (compatible; MJ12bot/v1.4.8; http://mj12bot.com/)"
79.137.67.84 - - [19/Sep/2026:04:53:29 +0330] "GET /flash-cart/cart/?remove_item=077e29b11be80ab57e1a2ecabb7da330&_wpnonce=a1e789ac7d HTTP/1.1" 200 83755 "-" "Mozilla/5.0 (compatible; MJ12bot/v1.4.8; http://mj12bot.com/)"
79.137.67.84 - - [19/Sep/2026:04:53:33 +0330] "GET /flash-cart/cart/?remove_item=077e29b11be80ab57e1a2ecabb7da330&_wpnonce=a27df2fa4e&add-to-cart=243 HTTP/1.1" 200 86917 "-" "Mozilla/5.0 (compatible; MJ12bot/v1.4.8; http://mj12bot.com/)"
79.137.67.84 - - [19/Sep/2026:04:53:36 +0330] "GET /flash-cart/cart/?remove_item=077e29b11be80ab57e1a2ecabb7da330&_wpnonce=a27df2fa4e&add-to-cart=247 HTTP/1.1" 200 86859 "-" "Mozilla/5.0 (compatible; MJ12bot/v1.4.8; http://mj12bot.com/)"
79.137.67.84 - - [19/Sep/2026:04:53:40 +0330] "GET /flash-cart/cart/?remove_item=077e29b11be80ab57e1a2ecabb7da330&_wpnonce=a27df2fa4e&add-to-cart=248 HTTP/1.1" 200 86979 "-" "Mozilla/5.0 (compatible; MJ12bot/v1.4.8; http://mj12bot.com/)"
79.137.67.84 - - [19/Sep/2026:04:53:43 +0330] "GET /flash-cart/cart/?remove_item=077e29b11be80ab57e1a2ecabb7da330&_wpnonce=a27df2fa4e&add-to-cart=249 HTTP/1.1" 200 86892 "-" "Mozilla/5.0 (compatible; MJ12bot/v1.4.8; http://mj12bot.com/)"
79.137.67.84 - - [19/Sep/2026:04:53:47 +0330] "GET /flash-cart/cart/?remove_item=077e29b11be80ab57e1a2ecabb7da330&_wpnonce=a27fbb8021 HTTP/1.1" 200 83755 "-" "Mozilla/5.0 (compatible; MJ12bot/v1.4.8; http://mj12bot.com/)"
79.137.67.84 - - [19/Sep/2026:04:53:50 +0330] "GET /flash-cart/cart/?remove_item=077e29b11be80ab57e1a2ecabb7da330&_wpnonce=a309b8f812&add-to-cart=243 HTTP/1.1" 200 86923 "-" "Mozilla/5.0 (compatible; MJ12bot/v1.4.8; http://mj12bot.com/)"
79.137.67.84 - - [19/Sep/2026:04:53:54 +0330] "GET /flash-cart/cart/?remove_item=077e29b11be80ab57e1a2ecabb7da330&_wpnonce=a309b8f812&add-to-cart=247 HTTP/1.1" 200 86859 "-" "Mozilla/5.0 (compatible; MJ12bot/v1.4.8; http://mj12bot.com/)"
79.137.67.84 - - [19/Sep/2026:04:53:57 +0330] "GET /flash-cart/cart/?remove_item=077e29b11be80ab57e1a2ecabb7da330&_wpnonce=a309b8f812&add-to-cart=248 HTTP/1.1" 200 86980 "-" "Mozilla/5.0 (compatible; MJ12bot/v1.4.8; http://mj12bot.com/)"
79.137.67.84 - - [19/Sep/2026:04:54:01 +0330] "GET /flash-cart/cart/?remove_item=077e29b11be80ab57e1a2ecabb7da330&_wpnonce=a309b8f812&add-to-cart=249 HTTP/1.1" 200 86894 "-" "Mozilla/5.0 (compatible; MJ12bot/v1.4.8; http://mj12bot.com/)"
78.110.123.2 - - [19/Sep/2026:04:54:04 +0330] "POST /flash-cart/wp-cron.php?doing_wp_cron=1789781044.5082399845123291015625 HTTP/1.1" 200 20 "-" "WordPress/7.1.1; https://themes.proac.ir/flash-cart"
79.137.67.84 - - [19/Sep/2026:04:54:07 +0330] "GET /flash-cart/cart/?remove_item=077e29b11be80ab57e1a2ecabb7da330&_wpnonce=a3322b055b&add-to-cart=243 HTTP/1.1" 200 86923 "-" "Mozilla/5.0 (compatible; MJ12bot/v1.4.8; http://mj12bot.com/)"
79.137.67.84 - - [19/Sep/2026:04:54:10 +0330] "GET /flash-cart/cart/?remove_item=077e29b11be80ab57e1a2ecabb7da330&_wpnonce=a3322b055b&add-to-cart=247 HTTP/1.1" 200 86854 "-" "Mozilla/5.0 (compatible; MJ12bot/v1.4.8; http://mj12bot.com/)"
79.137.67.84 - - [19/Sep/2026:04:54:14 +0330] "GET /flash-cart/cart/?remove_item=077e29b11be80ab57e1a2ecabb7da330&_wpnonce=a3322b055b&add-to-cart=248 HTTP/1.1" 200 86979 "-" "Mozilla/5.0 (compatible; MJ12bot/v1.4.8; http://mj12bot.com/)"
79.137.67.84 - - [19/Sep/2026:04:54:17 +0330] "GET /flash-cart/cart/?remove_item=077e29b11be80ab57e1a2ecabb7da330&_wpnonce=a3322b055b&add-to-cart=249 HTTP/1.1" 200 86894 "-" "Mozilla/5.0 (compatible; MJ12bot/v1.4.8; http://mj12bot.com/)"
79.137.67.84 - - [19/Sep/2026:04:54:21 +0330] "GET /flash-cart/cart/?remove_item=077e29b11be80ab57e1a2ecabb7da330&_wpnonce=a3b7325aac&add-to-cart=243 HTTP/1.1" 200 86922 "-" "Mozilla/5.0 (compatible; MJ12bot/v1.4.8; http://mj12bot.com/)"
79.137.67.84 - - [19/Sep/2026:04:54:24 +0330] "GET /flash-cart/cart/?remove_item=077e29b11be80ab57e1a2ecabb7da330&_wpnonce=a3b7325aac&add-to-cart=247 HTTP/1.1" 200 86861 "-" "Mozilla/5.0 (compatible; MJ12bot/v1.4.8; http://mj12bot.com/)"
79.137.67.84 - - [19/Sep/2026:04:54:28 +0330] "GET /flash-cart/cart/?remove_item=077e29b11be80ab57e1a2ecabb7da330&_wpnonce=a3b7325aac&add-to-cart=248 HTTP/1.1" 200 86980 "-" "Mozilla/5.0 (compatible; MJ12bot/v1.4.8; http://mj12bot.com/)"
79.137.67.84 - - [19/Sep/2026:04:54:31 +0330] "GET /flash-cart/cart/?remove_item=077e29b11be80ab57e1a2ecabb7da330&_wpnonce=a3b7325aac&add-to-cart=249 HTTP/1.1" 200 86893 "-" "Mozilla/5.0 (compatible; MJ12bot/v1.4.8; http://mj12bot.com/)"
79.137.67.84 - - [19/Sep/2026:04:54:35 +0330] "GET /flash-cart/cart/?remove_item=077e29b11be80ab57e1a2ecabb7da330&_wpnonce=a43f93cabd&add-to-cart=243 HTTP/1.1" 200 86922 "-" "Mozilla/5.0 (compatible; MJ12bot/v1.4.8; http://mj12bot.com/)"
79.137.67.84 - - [19/Sep/2026:04:54:38 +0330] "GET /flash-cart/cart/?remove_item=077e29b11be80ab57e1a2ecabb7da330&_wpnonce=a43f93cabd&add-to-cart=247 HTTP/1.1" 200 86859 "-" "Mozilla/5.0 (compatible; MJ12bot/v1.4.8; http://mj12bot.com/)"
79.137.67.84 - - [19/Sep/2026:04:54:42 +0330] "GET /flash-cart/cart/?remove_item=077e29b11be80ab57e1a2ecabb7da330&_wpnonce=a43f93cabd&add-to-cart=248 HTTP/1.1" 200 86980 "-" "Mozilla/5.0 (compatible; MJ12bot/v1.4.8; http://mj12bot.com/)"
79.137.67.84 - - [19/Sep/2026:04:54:45 +0330] "GET /flash-cart/cart/?remove_item=077e29b11be80ab57e1a2ecabb7da330&_wpnonce=a43f93cabd&add-to-cart=249 HTTP/1.1" 200 86889 "-" "Mozilla/5.0 (compatible; MJ12bot/v1.4.8; http://mj12bot.com/)"
79.137.67.84 - - [19/Sep/2026:04:54:49 +0330] "GET /flash-cart/cart/?remove_item=077e29b11be80ab57e1a2ecabb7da330&_wpnonce=a50eac12fb&add-to-cart=243 HTTP/1.1" 200 86923 "-" "Mozilla/5.0 (compatible; MJ12bot/v1.4.8; http://mj12bot.com/)"
79.137.67.84 - - [19/Sep/2026:04:54:52 +0330] "GET /flash-cart/cart/?remove_item=077e29b11be80ab57e1a2ecabb7da330&_wpnonce=a50eac12fb&add-to-cart=247 HTTP/1.1" 200 86858 "-" "Mozilla/5.0 (compatible; MJ12bot/v1.4.8; http://mj12bot.com/)"
79.137.67.84 - - [19/Sep/2026:04:54:56 +0330] "GET /flash-cart/cart/?remove_item=077e29b11be80ab57e1a2ecabb7da330&_wpnonce=a50eac12fb&add-to-cart=248 HTTP/1.1" 200 86978 "-" "Mozilla/5.0 (compatible; MJ12bot/v1.4.8; http://mj12bot.com/)"
79.137.67.84 - - [19/Sep/2026:04:55:00 +0330] "GET /flash-cart/cart/?remove_item=077e29b11be80ab57e1a2ecabb7da330&_wpnonce=a50eac12fb&add-to-cart=249 HTTP/1.1" 200 86892 "-" "Mozilla/5.0 (compatible; MJ12bot/v1.4.8; http://mj12bot.com/)"
78.110.123.2 - - [19/Sep/2026:04:55:02 +0330] "POST /flash-cart/wp-cron.php?doing_wp_cron=1789781102.1751170158386230468750 HTTP/1.1" 200 20 "-" "WordPress/7.1.1; https://themes.proac.ir/flash-cart"
79.137.67.84 - - [19/Sep/2026:04:55:04 +0330] "GET /flash-cart/cart/?remove_item=077e29b11be80ab57e1a2ecabb7da330&_wpnonce=a5fe573930&add-to-cart=243 HTTP/1.1" 200 86923 "-" "Mozilla/5.0 (compatible; MJ12bot/v1.4.8; http://mj12bot.com/)"
79.137.67.84 - - [19/Sep/2026:04:55:08 +0330] "GET /flash-cart/cart/?remove_item=077e29b11be80ab57e1a2ecabb7da330&_wpnonce=a5fe573930&add-to-cart=247 HTTP/1.1" 200 86856 "-" "Mozilla/5.0 (compatible; MJ12bot/v1.4.8; http://mj12bot.com/)"
79.137.67.84 - - [19/Sep/2026:04:55:11 +0330] "GET /flash-cart/cart/?remove_item=077e29b11be80ab57e1a2ecabb7da330&_wpnonce=a5fe573930&add-to-cart=248 HTTP/1.1" 200 86979 "-" "Mozilla/5.0 (compatible; MJ12bot/v1.4.8; http://mj12bot.com/)"
79.137.67.84 - - [19/Sep/2026:04:55:15 +0330] "GET /flash-cart/cart/?remove_item=077e29b11be80ab57e1a2ecabb7da330&_wpnonce=a5fe573930&add-to-cart=249 HTTP/1.1" 200 86889 "-" "Mozilla/5.0 (compatible; MJ12bot/v1.4.8; http://mj12bot.com/)"
79.137.67.84 - - [19/Sep/2026:04:55:19 +0330] "GET /flash-cart/cart/?remove_item=077e29b11be80ab57e1a2ecabb7da330&_wpnonce=a6dbca6723&add-to-cart=248 HTTP/1.1" 200 86978 "-" "Mozilla/5.0 (compatible; MJ12bot/v1.4.8; http://mj12bot.com/)"
103.148.23.200 - - [19/Sep/2026:04:55:39 +0330] "GET /restaurant HTTP/1.1" 301 283 "-" "Mozilla/5.0 (Android 11; Mobile; rv:150.0) Gecko/150.0 Firefox/150.0"
103.148.23.200 - - [19/Sep/2026:04:55:41 +0330] "GET /restaurant/ HTTP/1.1" 200 18210 "https://themes.proac.ir/restaurant" "Mozilla/5.0 (Android 11; Mobile; rv:150.0) Gecko/150.0 Firefox/150.0"
23.21.175.228 - - [19/Sep/2026:05:06:39 +0330] "GET /vip/prosite/wp-content/plugins/elementor/assets/lib/eicons/css/ HTTP/1.1" 200 1186 "-" "Mozilla/5.0 AppleWebKit/537.36 (KHTML, like Gecko; compatible; Amazonbot/0.1; +https://developer.amazon.com/support/amazonbot) Chrome/119.0.6045.214 Safari/537.36"
54.89.90.224 - - [19/Sep/2026:05:06:43 +0330] "GET /vip/prosite/wp-content/plugins/elementor/vendor/?C=N;O%3DD HTTP/1.1" 200 1117 "-" "Mozilla/5.0 AppleWebKit/537.36 (KHTML, like Gecko; compatible; Amazonbot/0.1; +https://developer.amazon.com/support/amazonbot) Chrome/119.0.6045.214 Safari/537.36"
3.94.40.182 - - [19/Sep/2026:05:06:47 +0330] "GET /blissspa/wp-content/plugins/elementor/assets/js/packages/env/?C=M;O%3DA HTTP/1.1" 200 1703 "-" "Mozilla/5.0 AppleWebKit/537.36 (KHTML, like Gecko; compatible; Amazonbot/0.1; +https://developer.amazon.com/support/amazonbot) Chrome/119.0.6045.214 Safari/537.36"
52.200.93.170 - - [19/Sep/2026:05:06:52 +0330] "GET /vip/prosite/wp-content/plugins/elementor/assets/shapes/?C=N;O%3DA HTTP/1.1" 200 6122 "-" "Mozilla/5.0 AppleWebKit/537.36 (KHTML, like Gecko; compatible; Amazonbot/0.1; +https://developer.amazon.com/support/amazonbot) Chrome/119.0.6045.214 Safari/537.36"
54.159.98.248 - - [19/Sep/2026:05:06:56 +0330] "GET /blissspa/wp-content/plugins/elementor/assets/js/packages/editor-panels/?C=M;O%3DA HTTP/1.1" 200 1779 "-" "Mozilla/5.0 AppleWebKit/537.36 (KHTML, like Gecko; compatible; Amazonbot/0.1; +https://developer.amazon.com/support/amazonbot) Chrome/119.0.6045.214 Safari/537.36"
54.90.8.255 - - [19/Sep/2026:05:07:03 +0330] "GET /blissspa/wp-content/plugins/elementor/assets/js/?C=S;O%3DD HTTP/1.1" 200 40613 "-" "Mozilla/5.0 AppleWebKit/537.36 (KHTML, like Gecko; compatible; Amazonbot/0.1; +https://developer.amazon.com/support/amazonbot) Chrome/119.0.6045.214 Safari/537.36"
52.200.58.199 - - [19/Sep/2026:05:07:06 +0330] "GET /blissspa/wp-content/plugins/elementor/assets/lib/flatpickr/?C=D;O%3DA HTTP/1.1" 200 1520 "-" "Mozilla/5.0 AppleWebKit/537.36 (KHTML, like Gecko; compatible; Amazonbot/0.1; +https://developer.amazon.com/support/amazonbot) Chrome/119.0.6045.214 Safari/537.36"
54.166.126.132 - - [19/Sep/2026:05:07:11 +0330] "GET /vip/prosite/wp-content/plugins/elementor/assets/svg-paths/?C=S;O%3DA HTTP/1.1" 200 1846 "-" "Mozilla/5.0 AppleWebKit/537.36 (KHTML, like Gecko; compatible; Amazonbot/0.1; +https://developer.amazon.com/support/amazonbot) Chrome/119.0.6045.214 Safari/537.36"
54.159.18.27 - - [19/Sep/2026:05:07:14 +0330] "GET /blissspa/wp-content/plugins/elementor/assets/lib/jquery-easing/?C=D;O%3DA HTTP/1.1" 200 1170 "-" "Mozilla/5.0 AppleWebKit/537.36 (KHTML, like Gecko; compatible; Amazonbot/0.1; +https://developer.amazon.com/support/amazonbot) Chrome/119.0.6045.214 Safari/537.36"
3.218.103.254 - - [19/Sep/2026:05:07:19 +0330] "GET /vip/prosite/wp-content/uploads/2025/06/ HTTP/1.1" 200 737 "-" "Mozilla/5.0 AppleWebKit/537.36 (KHTML, like Gecko; compatible; Amazonbot/0.1; +https://developer.amazon.com/support/amazonbot) Chrome/119.0.6045.214 Safari/537.36"
18.208.11.93 - - [19/Sep/2026:05:08:35 +0330] "GET /spa/wp-content/uploads/faratheme/fonts/IRANSansXFaNum/ HTTP/1.1" 200 770 "-" "Mozilla/5.0 AppleWebKit/537.36 (KHTML, like Gecko; compatible; Amazonbot/0.1; +https://developer.amazon.com/support/amazonbot) Chrome/119.0.6045.214 Safari/537.36"
3.212.205.90 - - [19/Sep/2026:05:09:07 +0330] "GET /app-landing/wp-content/plugins/elementor/assets/svg-paths/ HTTP/1.1" 200 1846 "-" "Mozilla/5.0 AppleWebKit/537.36 (KHTML, like Gecko; compatible; Amazonbot/0.1; +https://developer.amazon.com/support/amazonbot) Chrome/119.0.6045.214 Safari/537.36"
78.110.123.2 - - [19/Sep/2026:05:09:07 +0330] "POST /fish/wp-cron.php?doing_wp_cron=1789781947.9059379100799560546875 HTTP/1.1" 200 20 "-" "WordPress/7.1.1; https://themes.proac.ir/fish"
35.171.117.160 - - [19/Sep/2026:05:09:03 +0330] "GET /fish/tom-yum-soup-recipe/ HTTP/1.1" 200 17688 "-" "Mozilla/5.0 AppleWebKit/537.36 (KHTML, like Gecko; compatible; Amazonbot/0.1; +https://developer.amazon.com/support/amazonbot) Chrome/119.0.6045.214 Safari/537.36"
85.215.100.160 - - [19/Sep/2026:05:09:53 +0330] "GET /studio/wp-login.php HTTP/1.1" 200 3697 "www.google.com" "Mozilla/5.0 (Windows NT 10.0; Win64; x64) AppleWebKit/537.36 (KHTML, like Gecko) Chrome/91.0.4472.124 Safari/537.36"
85.215.100.160 - - [19/Sep/2026:05:09:53 +0330] "POST /studio/wp-login.php HTTP/1.1" 302 20 "https://themes.proac.ir/studio/wp-admin/" "Mozilla/5.0 (Windows NT 10.0; Win64; x64) AppleWebKit/537.36 (KHTML, like Gecko) Chrome/91.0.4472.124 Safari/537.36"
85.215.100.160 - - [19/Sep/2026:05:09:54 +0330] "GET /studio/wp-login.php?redirect_to=https%3A%2F%2Fthemes.proac.ir%2Fstudio%2Fwp-admin%2F&action=confirm_admin_email&wp_lang=fa_IR HTTP/1.1" 200 1883 "https://themes.proac.ir/studio/wp-admin/" "Mozilla/5.0 (Windows NT 10.0; Win64; x64) AppleWebKit/537.36 (KHTML, like Gecko) Chrome/91.0.4472.124 Safari/537.36"
85.215.100.160 - - [19/Sep/2026:05:09:55 +0330] "GET /studio/wp-admin/ HTTP/1.1" 200 102031 "www.google.com" "Mozilla/5.0 (Windows NT 10.0; Win64; x64) AppleWebKit/537.36 (KHTML, like Gecko) Chrome/91.0.4472.124 Safari/537.36"
85.215.100.160 - - [19/Sep/2026:05:09:59 +0330] "GET /studio/wp-admin/plugin-install.php?tab=upload HTTP/1.1" 200 91708 "www.google.com" "Mozilla/5.0 (Windows NT 10.0; Win64; x64) AppleWebKit/537.36 (KHTML, like Gecko) Chrome/91.0.4472.124 Safari/537.36"
85.215.100.160 - - [19/Sep/2026:05:10:00 +0330] "POST /studio/wp-admin/update.php?action=upload-plugin HTTP/1.1" 200 87346 "www.google.com" "Mozilla/5.0 (Windows NT 10.0; Win64; x64) AppleWebKit/537.36 (KHTML, like Gecko) Chrome/91.0.4472.124 Safari/537.36"
85.215.100.160 - - [19/Sep/2026:05:10:03 +0330] "GET /studio/wp-content/plugins/phiosht/index.php HTTP/1.1" 200 81 "www.google.com" "Mozilla/5.0 (Windows NT 10.0; Win64; x64) AppleWebKit/537.36 (KHTML, like Gecko) Chrome/91.0.4472.124 Safari/537.36"
181.230.67.53 - - [19/Sep/2026:05:10:04 +0330] "GET /blissspa HTTP/1.1" 301 281 "-" "Mozilla/5.0 (Android 12; Mobile; rv:150.0) Gecko/150.0 Firefox/150.0"
85.215.100.160 - - [19/Sep/2026:05:10:03 +0330] "GET /taskify/wp-login.php HTTP/1.1" 200 3694 "www.google.com" "Mozilla/5.0 (Windows NT 10.0; Win64; x64) AppleWebKit/537.36 (KHTML, like Gecko) Chrome/91.0.4472.124 Safari/537.36"
85.215.100.160 - - [19/Sep/2026:05:10:05 +0330] "POST /taskify/wp-login.php HTTP/1.1" 302 20 "https://themes.proac.ir/taskify/wp-admin/" "Mozilla/5.0 (Windows NT 10.0; Win64; x64) AppleWebKit/537.36 (KHTML, like Gecko) Chrome/91.0.4472.124 Safari/537.36"
85.215.100.160 - - [19/Sep/2026:05:10:06 +0330] "GET /taskify/wp-login.php?redirect_to=https%3A%2F%2Fthemes.proac.ir%2Ftaskify%2Fwp-admin%2F&action=confirm_admin_email&wp_lang=fa_IR HTTP/1.1" 200 1876 "https://themes.proac.ir/taskify/wp-admin/" "Mozilla/5.0 (Windows NT 10.0; Win64; x64) AppleWebKit/537.36 (KHTML, like Gecko) Chrome/91.0.4472.124 Safari/537.36"
78.110.123.2 - - [19/Sep/2026:05:10:07 +0330] "POST /blissspa/wp-cron.php?doing_wp_cron=1789782007.8395180702209472656250 HTTP/1.1" 200 20 "-" "WordPress/7.1.1; https://themes.proac.ir/blissspa"
181.230.67.53 - - [19/Sep/2026:05:10:06 +0330] "GET /blissspa/ HTTP/1.1" 200 18723 "https://themes.proac.ir/blissspa" "Mozilla/5.0 (Android 12; Mobile; rv:150.0) Gecko/150.0 Firefox/150.0"
85.215.100.160 - - [19/Sep/2026:05:10:06 +0330] "GET /taskify/wp-admin/ HTTP/1.1" 200 101972 "www.google.com" "Mozilla/5.0 (Windows NT 10.0; Win64; x64) AppleWebKit/537.36 (KHTML, like Gecko) Chrome/91.0.4472.124 Safari/537.36"
85.215.100.160 - - [19/Sep/2026:05:10:09 +0330] "GET /taskify/wp-admin/plugin-install.php?tab=upload HTTP/1.1" 200 91723 "www.google.com" "Mozilla/5.0 (Windows NT 10.0; Win64; x64) AppleWebKit/537.36 (KHTML, like Gecko) Chrome/91.0.4472.124 Safari/537.36"
85.215.100.160 - - [19/Sep/2026:05:10:10 +0330] "POST /taskify/wp-admin/update.php?action=upload-plugin HTTP/1.1" 200 87428 "www.google.com" "Mozilla/5.0 (Windows NT 10.0; Win64; x64) AppleWebKit/537.36 (KHTML, like Gecko) Chrome/91.0.4472.124 Safari/537.36"
85.215.100.160 - - [19/Sep/2026:05:10:13 +0330] "GET /taskify/wp-content/plugins/ckgdkez/index.php HTTP/1.1" 200 81 "www.google.com" "Mozilla/5.0 (Windows NT 10.0; Win64; x64) AppleWebKit/537.36 (KHTML, like Gecko) Chrome/91.0.4472.124 Safari/537.36"
85.215.100.160 - - [19/Sep/2026:05:10:13 +0330] "GET /topx/wp-login.php HTTP/1.1" 200 3746 "www.google.com" "Mozilla/5.0 (Windows NT 10.0; Win64; x64) AppleWebKit/537.36 (KHTML, like Gecko) Chrome/91.0.4472.124 Safari/537.36"
78.110.123.2 - - [19/Sep/2026:05:10:14 +0330] "POST /topx/wp-cron.php?doing_wp_cron=1789782014.8987998962402343750000 HTTP/1.1" 200 20 "-" "WordPress/7.1.1; https://themes.proac.ir/topx"
85.215.100.160 - - [19/Sep/2026:05:10:16 +0330] "POST /topx/wp-login.php HTTP/1.1" 302 20 "https://themes.proac.ir/topx/wp-admin/" "Mozilla/5.0 (Windows NT 10.0; Win64; x64) AppleWebKit/537.36 (KHTML, like Gecko) Chrome/91.0.4472.124 Safari/537.36"
85.215.100.160 - - [19/Sep/2026:05:10:18 +0330] "GET /topx/wp-login.php?redirect_to=https%3A%2F%2Fthemes.proac.ir%2Ftopx%2Fwp-admin%2F&action=confirm_admin_email&wp_lang=fa_IR HTTP/1.1" 200 1923 "https://themes.proac.ir/topx/wp-admin/" "Mozilla/5.0 (Windows NT 10.0; Win64; x64) AppleWebKit/537.36 (KHTML, like Gecko) Chrome/91.0.4472.124 Safari/537.36"
85.215.100.160 - - [19/Sep/2026:05:10:19 +0330] "GET /topx/wp-admin/ HTTP/1.1" 200 106935 "www.google.com" "Mozilla/5.0 (Windows NT 10.0; Win64; x64) AppleWebKit/537.36 (KHTML, like Gecko) Chrome/91.0.4472.124 Safari/537.36"
85.215.100.160 - - [19/Sep/2026:05:10:22 +0330] "GET /topx/wp-admin/plugin-install.php?tab=upload HTTP/1.1" 200 96005 "www.google.com" "Mozilla/5.0 (Windows NT 10.0; Win64; x64) AppleWebKit/537.36 (KHTML, like Gecko) Chrome/91.0.4472.124 Safari/537.36"
85.215.100.160 - - [19/Sep/2026:05:10:24 +0330] "POST /topx/wp-admin/update.php?action=upload-plugin HTTP/1.1" 200 91782 "www.google.com" "Mozilla/5.0 (Windows NT 10.0; Win64; x64) AppleWebKit/537.36 (KHTML, like Gecko) Chrome/91.0.4472.124 Safari/537.36"
85.215.100.160 - - [19/Sep/2026:05:10:28 +0330] "GET /topx/wp-content/plugins/kkbwnsx/index.php HTTP/1.1" 200 81 "www.google.com" "Mozilla/5.0 (Windows NT 10.0; Win64; x64) AppleWebKit/537.36 (KHTML, like Gecko) Chrome/91.0.4472.124 Safari/537.36"
78.110.123.2 - - [19/Sep/2026:05:10:27 +0330] "POST /topx/wp-cron.php?doing_wp_cron=1789782027.5376389026641845703125 HTTP/1.1" 200 20 "-" "WordPress/7.1.1; https://themes.proac.ir/topx"
85.215.100.160 - - [19/Sep/2026:05:10:29 +0330] "GET /vip/amoozesh/wp-login.php HTTP/1.1" 200 3902 "www.google.com" "Mozilla/5.0 (Windows NT 10.0; Win64; x64) AppleWebKit/537.36 (KHTML, like Gecko) Chrome/91.0.4472.124 Safari/537.36"
85.215.100.160 - - [19/Sep/2026:05:10:31 +0330] "POST /vip/amoozesh/wp-login.php HTTP/1.1" 302 20 "https://themes.proac.ir/vip/amoozesh/wp-admin/" "Mozilla/5.0 (Windows NT 10.0; Win64; x64) AppleWebKit/537.36 (KHTML, like Gecko) Chrome/91.0.4472.124 Safari/537.36"
78.110.123.2 - - [19/Sep/2026:05:10:33 +0330] "POST /vip/amoozesh/wp-cron.php HTTP/1.1" 200 20 "-" "WordPress/7.1.1; https://themes.proac.ir/vip/amoozesh"
85.215.100.160 - - [19/Sep/2026:05:10:32 +0330] "GET /vip/amoozesh/wp-login.php?redirect_to=https%3A%2F%2Fthemes.proac.ir%2Fvip%2Famoozesh%2Fwp-admin%2F&action=confirm_admin_email&wp_lang=fa_IR HTTP/1.1" 200 1933 "https://themes.proac.ir/vip/amoozesh/wp-admin/" "Mozilla/5.0 (Windows NT 10.0; Win64; x64) AppleWebKit/537.36 (KHTML, like Gecko) Chrome/91.0.4472.124 Safari/537.36"
78.110.123.2 - - [19/Sep/2026:05:10:33 +0330] "GET /vip/amoozesh/ HTTP/1.1" 200 48745 "-" "WordPress/7.1.1; https://themes.proac.ir/vip/amoozesh"
85.215.100.160 - - [19/Sep/2026:05:10:34 +0330] "GET /vip/amoozesh/wp-admin/ HTTP/1.1" 200 104530 "www.google.com" "Mozilla/5.0 (Windows NT 10.0; Win64; x64) AppleWebKit/537.36 (KHTML, like Gecko) Chrome/91.0.4472.124 Safari/537.36"
78.110.123.2 - - [19/Sep/2026:05:10:35 +0330] "GET /vip/amoozesh/ HTTP/1.1" 200 48745 "-" "WordPress/7.1.1; https://themes.proac.ir/vip/amoozesh"
85.215.100.160 - - [19/Sep/2026:05:10:36 +0330] "GET /vip/amoozesh/wp-admin/plugin-install.php?tab=upload HTTP/1.1" 200 94311 "www.google.com" "Mozilla/5.0 (Windows NT 10.0; Win64; x64) AppleWebKit/537.36 (KHTML, like Gecko) Chrome/91.0.4472.124 Safari/537.36"
78.110.123.2 - - [19/Sep/2026:05:10:37 +0330] "GET /vip/amoozesh/ HTTP/1.1" 200 48745 "-" "WordPress/7.1.1; https://themes.proac.ir/vip/amoozesh"
78.110.123.2 - - [19/Sep/2026:05:10:39 +0330] "GET /vip/amoozesh/ HTTP/1.1" 200 48745 "-" "WordPress/7.1.1; https://themes.proac.ir/vip/amoozesh"
78.110.123.2 - - [19/Sep/2026:05:10:30 +0330] "POST /vip/amoozesh/wp-cron.php?doing_wp_cron=1789782030.3422210216522216796875 HTTP/1.1" 200 20 "-" "WordPress/7.1.1; https://themes.proac.ir/vip/amoozesh"
85.215.100.160 - - [19/Sep/2026:05:10:37 +0330] "POST /vip/amoozesh/wp-admin/update.php?action=upload-plugin HTTP/1.1" 200 90381 "www.google.com" "Mozilla/5.0 (Windows NT 10.0; Win64; x64) AppleWebKit/537.36 (KHTML, like Gecko) Chrome/91.0.4472.124 Safari/537.36"
85.215.100.160 - - [19/Sep/2026:05:10:42 +0330] "GET /vip/amoozesh/wp-content/plugins/ssnybvm/index.php HTTP/1.1" 200 81 "www.google.com" "Mozilla/5.0 (Windows NT 10.0; Win64; x64) AppleWebKit/537.36 (KHTML, like Gecko) Chrome/91.0.4472.124 Safari/537.36"
85.215.100.160 - - [19/Sep/2026:05:10:43 +0330] "GET /vip/carpro/wp-login.php HTTP/1.1" 200 3820 "www.google.com" "Mozilla/5.0 (Windows NT 10.0; Win64; x64) AppleWebKit/537.36 (KHTML, like Gecko) Chrome/91.0.4472.124 Safari/537.36"
78.110.123.2 - - [19/Sep/2026:05:10:44 +0330] "POST /vip/carpro/wp-cron.php?doing_wp_cron=1789782044.2095050811767578125000 HTTP/1.1" 200 20 "-" "WordPress/7.1.1; https://themes.proac.ir/vip/carpro"
85.215.100.160 - - [19/Sep/2026:05:10:45 +0330] "POST /vip/carpro/wp-login.php HTTP/1.1" 302 20 "https://themes.proac.ir/vip/carpro/wp-admin/" "Mozilla/5.0 (Windows NT 10.0; Win64; x64) AppleWebKit/537.36 (KHTML, like Gecko) Chrome/91.0.4472.124 Safari/537.36"
85.215.100.160 - - [19/Sep/2026:05:10:46 +0330] "GET /vip/carpro/wp-login.php?redirect_to=https%3A%2F%2Fthemes.proac.ir%2Fvip%2Fcarpro%2Fwp-admin%2F&action=confirm_admin_email&wp_lang=fa_IR HTTP/1.1" 200 1957 "https://themes.proac.ir/vip/carpro/wp-admin/" "Mozilla/5.0 (Windows NT 10.0; Win64; x64) AppleWebKit/537.36 (KHTML, like Gecko) Chrome/91.0.4472.124 Safari/537.36"
85.215.100.160 - - [19/Sep/2026:05:10:47 +0330] "GET /vip/carpro/wp-admin/ HTTP/1.1" 200 101667 "www.google.com" "Mozilla/5.0 (Windows NT 10.0; Win64; x64) AppleWebKit/537.36 (KHTML, like Gecko) Chrome/91.0.4472.124 Safari/537.36"
85.215.100.160 - - [19/Sep/2026:05:10:50 +0330] "GET /vip/carpro/wp-admin/plugin-install.php?tab=upload HTTP/1.1" 200 88270 "www.google.com" "Mozilla/5.0 (Windows NT 10.0; Win64; x64) AppleWebKit/537.36 (KHTML, like Gecko) Chrome/91.0.4472.124 Safari/537.36"
85.215.100.160 - - [19/Sep/2026:05:10:51 +0330] "POST /vip/carpro/wp-admin/update.php?action=upload-plugin HTTP/1.1" 200 83940 "www.google.com" "Mozilla/5.0 (Windows NT 10.0; Win64; x64) AppleWebKit/537.36 (KHTML, like Gecko) Chrome/91.0.4472.124 Safari/537.36"
85.215.100.160 - - [19/Sep/2026:05:10:55 +0330] "GET /vip/carpro/wp-content/plugins/edomefw/index.php HTTP/1.1" 200 81 "www.google.com" "Mozilla/5.0 (Windows NT 10.0; Win64; x64) AppleWebKit/537.36 (KHTML, like Gecko) Chrome/91.0.4472.124 Safari/537.36"
78.110.123.2 - - [19/Sep/2026:05:10:56 +0330] "POST /vip/flower/wp-cron.php?doing_wp_cron=1789782056.4677588939666748046875 HTTP/1.1" 200 20 "-" "WordPress/6.9; https://themes.proac.ir/vip/flower"
85.215.100.160 - - [19/Sep/2026:05:10:55 +0330] "GET /vip/flower/wp-login.php HTTP/1.1" 200 3365 "www.google.com" "Mozilla/5.0 (Windows NT 10.0; Win64; x64) AppleWebKit/537.36 (KHTML, like Gecko) Chrome/91.0.4472.124 Safari/537.36"
85.215.100.160 - - [19/Sep/2026:05:10:57 +0330] "POST /vip/flower/wp-login.php HTTP/1.1" 302 20 "https://themes.proac.ir/vip/flower/wp-admin/" "Mozilla/5.0 (Windows NT 10.0; Win64; x64) AppleWebKit/537.36 (KHTML, like Gecko) Chrome/91.0.4472.124 Safari/537.36"
85.215.100.160 - - [19/Sep/2026:05:10:58 +0330] "GET /vip/flower/wp-login.php?redirect_to=https%3A%2F%2Fthemes.proac.ir%2Fvip%2Fflower%2Fwp-admin%2F&action=confirm_admin_email&wp_lang=fa_IR HTTP/1.1" 200 1901 "https://themes.proac.ir/vip/flower/wp-admin/" "Mozilla/5.0 (Windows NT 10.0; Win64; x64) AppleWebKit/537.36 (KHTML, like Gecko) Chrome/91.0.4472.124 Safari/537.36"
85.215.100.160 - - [19/Sep/2026:05:10:59 +0330] "GET /vip/flower/wp-admin/ HTTP/1.1" 200 88293 "www.google.com" "Mozilla/5.0 (Windows NT 10.0; Win64; x64) AppleWebKit/537.36 (KHTML, like Gecko) Chrome/91.0.4472.124 Safari/537.36"
85.215.100.160 - - [19/Sep/2026:05:11:02 +0330] "GET /vip/flower/wp-admin/plugin-install.php?tab=upload HTTP/1.1" 200 79248 "www.google.com" "Mozilla/5.0 (Windows NT 10.0; Win64; x64) AppleWebKit/537.36 (KHTML, like Gecko) Chrome/91.0.4472.124 Safari/537.36"
85.215.100.160 - - [19/Sep/2026:05:11:04 +0330] "POST /vip/flower/wp-admin/update.php?action=upload-plugin HTTP/1.1" 200 75156 "www.google.com" "Mozilla/5.0 (Windows NT 10.0; Win64; x64) AppleWebKit/537.36 (KHTML, like Gecko) Chrome/91.0.4472.124 Safari/537.36"
85.215.100.160 - - [19/Sep/2026:05:11:08 +0330] "GET /vip/flower/wp-content/plugins/yuqbryl/index.php HTTP/1.1" 200 81 "www.google.com" "Mozilla/5.0 (Windows NT 10.0; Win64; x64) AppleWebKit/537.36 (KHTML, like Gecko) Chrome/91.0.4472.124 Safari/537.36"
78.110.123.2 - - [19/Sep/2026:05:11:09 +0330] "POST /vip/immigro/wp-cron.php?doing_wp_cron=1789782069.2357630729675292968750 HTTP/1.1" 200 20 "-" "WordPress/7.1.1; https://themes.proac.ir/vip/immigro"
85.215.100.160 - - [19/Sep/2026:05:11:08 +0330] "GET /vip/immigro/wp-login.php HTTP/1.1" 200 3737 "www.google.com" "Mozilla/5.0 (Windows NT 10.0; Win64; x64) AppleWebKit/537.36 (KHTML, like Gecko) Chrome/91.0.4472.124 Safari/537.36"
85.215.100.160 - - [19/Sep/2026:05:11:09 +0330] "POST /vip/immigro/wp-login.php HTTP/1.1" 302 20 "https://themes.proac.ir/vip/immigro/wp-admin/" "Mozilla/5.0 (Windows NT 10.0; Win64; x64) AppleWebKit/537.36 (KHTML, like Gecko) Chrome/91.0.4472.124 Safari/537.36"
85.215.100.160 - - [19/Sep/2026:05:11:10 +0330] "GET /vip/immigro/wp-login.php?redirect_to=https%3A%2F%2Fthemes.proac.ir%2Fvip%2Fimmigro%2Fwp-admin%2F&action=confirm_admin_email&wp_lang=fa_IR HTTP/1.1" 200 1912 "https://themes.proac.ir/vip/immigro/wp-admin/" "Mozilla/5.0 (Windows NT 10.0; Win64; x64) AppleWebKit/537.36 (KHTML, like Gecko) Chrome/91.0.4472.124 Safari/537.36"
85.215.100.160 - - [19/Sep/2026:05:11:11 +0330] "GET /vip/immigro/wp-admin/ HTTP/1.1" 200 70470 "www.google.com" "Mozilla/5.0 (Windows NT 10.0; Win64; x64) AppleWebKit/537.36 (KHTML, like Gecko) Chrome/91.0.4472.124 Safari/537.36"
85.215.100.160 - - [19/Sep/2026:05:11:15 +0330] "GET /vip/immigro/wp-admin/plugin-install.php?tab=upload HTTP/1.1" 200 60546 "www.google.com" "Mozilla/5.0 (Windows NT 10.0; Win64; x64) AppleWebKit/537.36 (KHTML, like Gecko) Chrome/91.0.4472.124 Safari/537.36"
85.215.100.160 - - [19/Sep/2026:05:11:17 +0330] "POST /vip/immigro/wp-admin/update.php?action=upload-plugin HTTP/1.1" 200 56436 "www.google.com" "Mozilla/5.0 (Windows NT 10.0; Win64; x64) AppleWebKit/537.36 (KHTML, like Gecko) Chrome/91.0.4472.124 Safari/537.36"
85.215.100.160 - - [19/Sep/2026:05:11:21 +0330] "GET /vip/immigro/wp-content/plugins/eohiftk/index.php HTTP/1.1" 200 81 "www.google.com" "Mozilla/5.0 (Windows NT 10.0; Win64; x64) AppleWebKit/537.36 (KHTML, like Gecko) Chrome/91.0.4472.124 Safari/537.36"
