78.110.123.2 - - [19/Sep/2026:04:42:53 +0330] "POST /segal/wp-admin/upgrade.php?step=upgrade_db HTTP/1.1" 200 21 "-" "WordPress/7.1; https://themes.proac.ir/segal"
78.110.123.2 - - [19/Sep/2026:04:42:53 +0330] "POST /segal/wp-cron.php?doing_wp_cron=1789780373.7323610782623291015625 HTTP/1.1" 200 20 "-" "WordPress/7.1.1; https://themes.proac.ir/segal"
85.215.100.160 - - [19/Sep/2026:04:42:54 +0330] "GET /model-agency/wp-admin/plugin-install.php?tab=upload HTTP/1.1" 200 87500 "www.google.com" "Mozilla/5.0 (Windows NT 10.0; Win64; x64) AppleWebKit/537.36 (KHTML, like Gecko) Chrome/91.0.4472.124 Safari/537.36"
85.215.100.160 - - [19/Sep/2026:04:42:49 +0330] "GET /segal/wp-admin/ HTTP/1.1" 200 108541 "www.google.com" "Mozilla/5.0 (Windows NT 10.0; Win64; x64) AppleWebKit/537.36 (KHTML, like Gecko) Chrome/91.0.4472.124 Safari/537.36"
78.110.123.2 - - [19/Sep/2026:04:42:55 +0330] "POST /segal/wp-admin/admin-ajax.php?action=wp_1_wc_privacy_cleanup&nonce=49f2014b4b HTTP/1.1" 200 20 "-" "WordPress/7.1; https://themes.proac.ir/segal"
78.110.123.2 - - [19/Sep/2026:04:42:59 +0330] "POST /segal/wp-cron.php HTTP/1.1" 200 20 "-" "WordPress/7.1; https://themes.proac.ir/segal"
85.215.100.160 - - [19/Sep/2026:04:42:55 +0330] "POST /model-agency/wp-admin/update.php?action=upload-plugin HTTP/1.1" 200 89921 "www.google.com" "Mozilla/5.0 (Windows NT 10.0; Win64; x64) AppleWebKit/537.36 (KHTML, like Gecko) Chrome/91.0.4472.124 Safari/537.36"
85.215.100.160 - - [19/Sep/2026:04:43:00 +0330] "GET /model-agency/wp-content/plugins/vnoccou/index.php HTTP/1.1" 200 81 "www.google.com" "Mozilla/5.0 (Windows NT 10.0; Win64; x64) AppleWebKit/537.36 (KHTML, like Gecko) Chrome/91.0.4472.124 Safari/537.36"
85.215.100.160 - - [19/Sep/2026:04:42:57 +0330] "GET /segal/wp-admin/plugin-install.php?tab=upload HTTP/1.1" 200 94189 "www.google.com" "Mozilla/5.0 (Windows NT 10.0; Win64; x64) AppleWebKit/537.36 (KHTML, like Gecko) Chrome/91.0.4472.124 Safari/537.36"
85.215.100.160 - - [19/Sep/2026:04:43:00 +0330] "GET /nexmart/wp-login.php HTTP/1.1" 404 - "www.google.com" "Mozilla/5.0 (Windows NT 10.0; Win64; x64) AppleWebKit/537.36 (KHTML, like Gecko) Chrome/91.0.4472.124 Safari/537.36"
85.215.100.160 - - [19/Sep/2026:04:43:00 +0330] "GET /nexmart/wp-admin HTTP/1.1" 404 - "www.google.com" "Mozilla/5.0 (Windows NT 10.0; Win64; x64) AppleWebKit/537.36 (KHTML, like Gecko) Chrome/91.0.4472.124 Safari/537.36"
85.215.100.160 - - [19/Sep/2026:04:43:00 +0330] "GET /nexmart/wp-admin-login/ HTTP/1.1" 404 - "www.google.com" "Mozilla/5.0 (Windows NT 10.0; Win64; x64) AppleWebKit/537.36 (KHTML, like Gecko) Chrome/91.0.4472.124 Safari/537.36"
85.215.100.160 - - [19/Sep/2026:04:43:01 +0330] "GET /nexmart/admin HTTP/1.1" 404 - "www.google.com" "Mozilla/5.0 (Windows NT 10.0; Win64; x64) AppleWebKit/537.36 (KHTML, like Gecko) Chrome/91.0.4472.124 Safari/537.36"
85.215.100.160 - - [19/Sep/2026:04:43:01 +0330] "GET /nexmart/user HTTP/1.1" 404 - "www.google.com" "Mozilla/5.0 (Windows NT 10.0; Win64; x64) AppleWebKit/537.36 (KHTML, like Gecko) Chrome/91.0.4472.124 Safari/537.36"
85.215.100.160 - - [19/Sep/2026:04:43:01 +0330] "GET /nexmart/login HTTP/1.1" 404 - "www.google.com" "Mozilla/5.0 (Windows NT 10.0; Win64; x64) AppleWebKit/537.36 (KHTML, like Gecko) Chrome/91.0.4472.124 Safari/537.36"
85.215.100.160 - - [19/Sep/2026:04:43:01 +0330] "GET /nexmart/site/wp-login.php HTTP/1.1" 404 - "www.google.com" "Mozilla/5.0 (Windows NT 10.0; Win64; x64) AppleWebKit/537.36 (KHTML, like Gecko) Chrome/91.0.4472.124 Safari/537.36"
85.215.100.160 - - [19/Sep/2026:04:43:01 +0330] "GET /nexmart/wp/wp-login.php HTTP/1.1" 404 - "www.google.com" "Mozilla/5.0 (Windows NT 10.0; Win64; x64) AppleWebKit/537.36 (KHTML, like Gecko) Chrome/91.0.4472.124 Safari/537.36"
85.215.100.160 - - [19/Sep/2026:04:43:01 +0330] "GET /nexmart/new/wp-login.php HTTP/1.1" 404 - "www.google.com" "Mozilla/5.0 (Windows NT 10.0; Win64; x64) AppleWebKit/537.36 (KHTML, like Gecko) Chrome/91.0.4472.124 Safari/537.36"
85.215.100.160 - - [19/Sep/2026:04:43:01 +0330] "GET /nexmart/wordpress/wp-login.php HTTP/1.1" 404 - "www.google.com" "Mozilla/5.0 (Windows NT 10.0; Win64; x64) AppleWebKit/537.36 (KHTML, like Gecko) Chrome/91.0.4472.124 Safari/537.36"
85.215.100.160 - - [19/Sep/2026:04:43:01 +0330] "GET /nexmart/blog/wp-login.php HTTP/1.1" 404 - "www.google.com" "Mozilla/5.0 (Windows NT 10.0; Win64; x64) AppleWebKit/537.36 (KHTML, like Gecko) Chrome/91.0.4472.124 Safari/537.36"
85.215.100.160 - - [19/Sep/2026:04:43:01 +0330] "POST /nexmart/wp-login.php HTTP/1.1" 404 - "https://themes.proac.ir/nexmart/wp-admin/" "Mozilla/5.0 (Windows NT 10.0; Win64; x64) AppleWebKit/537.36 (KHTML, like Gecko) Chrome/91.0.4472.124 Safari/537.36"
85.215.100.160 - - [19/Sep/2026:04:43:01 +0330] "GET /nexmart/wp-admin/ HTTP/1.1" 404 - "www.google.com" "Mozilla/5.0 (Windows NT 10.0; Win64; x64) AppleWebKit/537.36 (KHTML, like Gecko) Chrome/91.0.4472.124 Safari/537.36"
78.110.123.2 - - [19/Sep/2026:04:42:59 +0330] "GET /segal/ HTTP/1.1" 200 27853 "-" "WordPress/7.1; https://themes.proac.ir/segal"
78.110.123.2 - - [19/Sep/2026:04:43:04 +0330] "POST /nexmart/bikeparts/wp-cron.php?doing_wp_cron=1789780384.9094638824462890625000 HTTP/1.1" 200 20 "-" "WordPress/6.9; https://themes.proac.ir/nexmart/bikeparts"
85.215.100.160 - - [19/Sep/2026:04:43:02 +0330] "GET /nexmart/bikeparts/wp-login.php HTTP/1.1" 200 3245 "www.google.com" "Mozilla/5.0 (Windows NT 10.0; Win64; x64) AppleWebKit/537.36 (KHTML, like Gecko) Chrome/91.0.4472.124 Safari/537.36"
78.110.123.2 - - [19/Sep/2026:04:43:02 +0330] "GET /segal/ HTTP/1.1" 200 27856 "-" "WordPress/7.1; https://themes.proac.ir/segal"
85.215.100.160 - - [19/Sep/2026:04:43:05 +0330] "POST /nexmart/bikeparts/wp-login.php HTTP/1.1" 302 20 "https://themes.proac.ir/nexmart/bikeparts/wp-admin/" "Mozilla/5.0 (Windows NT 10.0; Win64; x64) AppleWebKit/537.36 (KHTML, like Gecko) Chrome/91.0.4472.124 Safari/537.36"
85.215.100.160 - - [19/Sep/2026:04:43:06 +0330] "GET /nexmart/bikeparts/wp-login.php?redirect_to=https%3A%2F%2Fthemes.proac.ir%2Fnexmart%2Fbikeparts%2Fwp-admin%2F&action=confirm_admin_email&wp_lang=fa_IR HTTP/1.1" 200 1712 "https://themes.proac.ir/nexmart/bikeparts/wp-admin/" "Mozilla/5.0 (Windows NT 10.0; Win64; x64) AppleWebKit/537.36 (KHTML, like Gecko) Chrome/91.0.4472.124 Safari/537.36"
78.110.123.2 - - [19/Sep/2026:04:43:06 +0330] "GET /segal/ HTTP/1.1" 200 27848 "-" "WordPress/7.1; https://themes.proac.ir/segal"
85.215.100.160 - - [19/Sep/2026:04:43:00 +0330] "POST /segal/wp-admin/update.php?action=upload-plugin HTTP/1.1" 200 89916 "www.google.com" "Mozilla/5.0 (Windows NT 10.0; Win64; x64) AppleWebKit/537.36 (KHTML, like Gecko) Chrome/91.0.4472.124 Safari/537.36"
85.215.100.160 - - [19/Sep/2026:04:43:08 +0330] "GET /segal/wp-content/plugins/nqfvqhi/index.php HTTP/1.1" 200 81 "www.google.com" "Mozilla/5.0 (Windows NT 10.0; Win64; x64) AppleWebKit/537.36 (KHTML, like Gecko) Chrome/91.0.4472.124 Safari/537.36"
85.215.100.160 - - [19/Sep/2026:04:43:08 +0330] "GET /nexmart/bikeparts/wp-admin/ HTTP/1.1" 200 121419 "www.google.com" "Mozilla/5.0 (Windows NT 10.0; Win64; x64) AppleWebKit/537.36 (KHTML, like Gecko) Chrome/91.0.4472.124 Safari/537.36"
78.110.123.2 - - [19/Sep/2026:04:43:08 +0330] "GET /segal/ HTTP/1.1" 200 27856 "-" "WordPress/7.1; https://themes.proac.ir/segal"
78.110.123.2 - - [19/Sep/2026:04:42:45 +0330] "POST /segal/wp-cron.php?doing_wp_cron=1789780365.2220430374145507812500 HTTP/1.1" 200 20 "-" "WordPress/7.1; https://themes.proac.ir/segal"
85.215.100.160 - - [19/Sep/2026:04:43:09 +0330] "GET /spa/wp-login.php HTTP/1.1" 200 3675 "www.google.com" "Mozilla/5.0 (Windows NT 10.0; Win64; x64) AppleWebKit/537.36 (KHTML, like Gecko) Chrome/91.0.4472.124 Safari/537.36"
85.215.100.160 - - [19/Sep/2026:04:43:11 +0330] "POST /spa/wp-login.php HTTP/1.1" 302 20 "https://themes.proac.ir/spa/wp-admin/" "Mozilla/5.0 (Windows NT 10.0; Win64; x64) AppleWebKit/537.36 (KHTML, like Gecko) Chrome/91.0.4472.124 Safari/537.36"
85.215.100.160 - - [19/Sep/2026:04:43:11 +0330] "GET /nexmart/bikeparts/wp-admin/plugin-install.php?tab=upload HTTP/1.1" 200 104770 "www.google.com" "Mozilla/5.0 (Windows NT 10.0; Win64; x64) AppleWebKit/537.36 (KHTML, like Gecko) Chrome/91.0.4472.124 Safari/537.36"
85.215.100.160 - - [19/Sep/2026:04:43:12 +0330] "GET /spa/wp-login.php?redirect_to=https%3A%2F%2Fthemes.proac.ir%2Fspa%2Fwp-admin%2F&action=confirm_admin_email&wp_lang=fa_IR HTTP/1.1" 200 1876 "https://themes.proac.ir/spa/wp-admin/" "Mozilla/5.0 (Windows NT 10.0; Win64; x64) AppleWebKit/537.36 (KHTML, like Gecko) Chrome/91.0.4472.124 Safari/537.36"
85.215.100.160 - - [19/Sep/2026:04:43:13 +0330] "GET /spa/wp-admin/ HTTP/1.1" 503 700 "www.google.com" "Mozilla/5.0 (Windows NT 10.0; Win64; x64) AppleWebKit/537.36 (KHTML, like Gecko) Chrome/91.0.4472.124 Safari/537.36"
85.215.100.160 - - [19/Sep/2026:04:43:13 +0330] "POST /nexmart/bikeparts/wp-admin/update.php?action=upload-plugin HTTP/1.1" 200 98607 "www.google.com" "Mozilla/5.0 (Windows NT 10.0; Win64; x64) AppleWebKit/537.36 (KHTML, like Gecko) Chrome/91.0.4472.124 Safari/537.36"
85.215.100.160 - - [19/Sep/2026:04:43:16 +0330] "GET /nexmart/bikeparts/wp-content/plugins/ymkfswz/index.php HTTP/1.1" 200 81 "www.google.com" "Mozilla/5.0 (Windows NT 10.0; Win64; x64) AppleWebKit/537.36 (KHTML, like Gecko) Chrome/91.0.4472.124 Safari/537.36"
85.215.100.160 - - [19/Sep/2026:04:43:13 +0330] "GET /studio/wp-login.php HTTP/1.1" 200 3684 "www.google.com" "Mozilla/5.0 (Windows NT 10.0; Win64; x64) AppleWebKit/537.36 (KHTML, like Gecko) Chrome/91.0.4472.124 Safari/537.36"
78.110.123.2 - - [19/Sep/2026:04:43:17 +0330] "POST /spa/wp-cron.php?doing_wp_cron=1789780397.0282850265502929687500 HTTP/1.1" 200 20 "-" "WordPress/7.1.1; https://themes.proac.ir/spa"
78.110.123.2 - - [19/Sep/2026:04:43:16 +0330] "POST /spa/wp-admin/upgrade.php?step=upgrade_db HTTP/1.1" 200 21 "-" "WordPress/7.1; https://themes.proac.ir/spa"
85.215.100.160 - - [19/Sep/2026:04:43:17 +0330] "POST /studio/wp-login.php HTTP/1.1" 302 20 "https://themes.proac.ir/studio/wp-admin/" "Mozilla/5.0 (Windows NT 10.0; Win64; x64) AppleWebKit/537.36 (KHTML, like Gecko) Chrome/91.0.4472.124 Safari/537.36"
78.110.123.2 - - [19/Sep/2026:04:43:17 +0330] "POST /nexmart/books/wp-cron.php?doing_wp_cron=1789780397.6774849891662597656250 HTTP/1.1" 200 20 "-" "WordPress/6.9; https://themes.proac.ir/nexmart/books"
85.215.100.160 - - [19/Sep/2026:04:43:16 +0330] "GET /nexmart/books/wp-login.php HTTP/1.1" 200 3276 "www.google.com" "Mozilla/5.0 (Windows NT 10.0; Win64; x64) AppleWebKit/537.36 (KHTML, like Gecko) Chrome/91.0.4472.124 Safari/537.36"
85.215.100.160 - - [19/Sep/2026:04:43:18 +0330] "GET /studio/wp-login.php?redirect_to=https%3A%2F%2Fthemes.proac.ir%2Fstudio%2Fwp-admin%2F&action=confirm_admin_email&wp_lang=fa_IR HTTP/1.1" 200 1881 "https://themes.proac.ir/studio/wp-admin/" "Mozilla/5.0 (Windows NT 10.0; Win64; x64) AppleWebKit/537.36 (KHTML, like Gecko) Chrome/91.0.4472.124 Safari/537.36"
85.215.100.160 - - [19/Sep/2026:04:43:19 +0330] "GET /studio/wp-admin/ HTTP/1.1" 503 704 "www.google.com" "Mozilla/5.0 (Windows NT 10.0; Win64; x64) AppleWebKit/537.36 (KHTML, like Gecko) Chrome/91.0.4472.124 Safari/537.36"
85.215.100.160 - - [19/Sep/2026:04:43:18 +0330] "POST /nexmart/books/wp-login.php HTTP/1.1" 302 20 "https://themes.proac.ir/nexmart/books/wp-admin/" "Mozilla/5.0 (Windows NT 10.0; Win64; x64) AppleWebKit/537.36 (KHTML, like Gecko) Chrome/91.0.4472.124 Safari/537.36"
78.110.123.2 - - [19/Sep/2026:04:43:10 +0330] "POST /spa/wp-cron.php?doing_wp_cron=1789780390.5476179122924804687500 HTTP/1.1" 200 20 "-" "WordPress/7.1; https://themes.proac.ir/spa"
85.215.100.160 - - [19/Sep/2026:04:43:19 +0330] "GET /nexmart/books/wp-login.php?redirect_to=https%3A%2F%2Fthemes.proac.ir%2Fnexmart%2Fbooks%2Fwp-admin%2F&action=confirm_admin_email&wp_lang=fa_IR HTTP/1.1" 200 1771 "https://themes.proac.ir/nexmart/books/wp-admin/" "Mozilla/5.0 (Windows NT 10.0; Win64; x64) AppleWebKit/537.36 (KHTML, like Gecko) Chrome/91.0.4472.124 Safari/537.36"
85.215.100.160 - - [19/Sep/2026:04:43:19 +0330] "GET /taskify/wp-login.php HTTP/1.1" 200 3688 "www.google.com" "Mozilla/5.0 (Windows NT 10.0; Win64; x64) AppleWebKit/537.36 (KHTML, like Gecko) Chrome/91.0.4472.124 Safari/537.36"
85.215.100.160 - - [19/Sep/2026:04:43:22 +0330] "POST /taskify/wp-login.php HTTP/1.1" 302 20 "https://themes.proac.ir/taskify/wp-admin/" "Mozilla/5.0 (Windows NT 10.0; Win64; x64) AppleWebKit/537.36 (KHTML, like Gecko) Chrome/91.0.4472.124 Safari/537.36"
78.110.123.2 - - [19/Sep/2026:04:43:22 +0330] "POST /studio/wp-cron.php?doing_wp_cron=1789780402.5151119232177734375000 HTTP/1.1" 200 20 "-" "WordPress/7.1.1; https://themes.proac.ir/studio"
78.110.123.2 - - [19/Sep/2026:04:43:22 +0330] "POST /studio/wp-admin/upgrade.php?step=upgrade_db HTTP/1.1" 200 21 "-" "WordPress/7.1; https://themes.proac.ir/studio"
85.215.100.160 - - [19/Sep/2026:04:43:23 +0330] "GET /taskify/wp-login.php?redirect_to=https%3A%2F%2Fthemes.proac.ir%2Ftaskify%2Fwp-admin%2F&action=confirm_admin_email&wp_lang=fa_IR HTTP/1.1" 200 1876 "https://themes.proac.ir/taskify/wp-admin/" "Mozilla/5.0 (Windows NT 10.0; Win64; x64) AppleWebKit/537.36 (KHTML, like Gecko) Chrome/91.0.4472.124 Safari/537.36"
85.215.100.160 - - [19/Sep/2026:04:43:21 +0330] "GET /nexmart/books/wp-admin/ HTTP/1.1" 200 119659 "www.google.com" "Mozilla/5.0 (Windows NT 10.0; Win64; x64) AppleWebKit/537.36 (KHTML, like Gecko) Chrome/91.0.4472.124 Safari/537.36"
85.215.100.160 - - [19/Sep/2026:04:43:24 +0330] "GET /nexmart/books/wp-admin/plugin-install.php?tab=upload HTTP/1.1" 200 103830 "www.google.com" "Mozilla/5.0 (Windows NT 10.0; Win64; x64) AppleWebKit/537.36 (KHTML, like Gecko) Chrome/91.0.4472.124 Safari/537.36"
85.215.100.160 - - [19/Sep/2026:04:43:23 +0330] "GET /taskify/wp-admin/ HTTP/1.1" 200 101997 "www.google.com" "Mozilla/5.0 (Windows NT 10.0; Win64; x64) AppleWebKit/537.36 (KHTML, like Gecko) Chrome/91.0.4472.124 Safari/537.36"
78.110.123.2 - - [19/Sep/2026:04:43:21 +0330] "POST /taskify/wp-cron.php?doing_wp_cron=1789780401.1799740791320800781250 HTTP/1.1" 200 20 "-" "WordPress/7.1.1; https://themes.proac.ir/taskify"
85.215.100.160 - - [19/Sep/2026:04:43:27 +0330] "GET /taskify/wp-admin/plugin-install.php?tab=upload HTTP/1.1" 200 91671 "www.google.com" "Mozilla/5.0 (Windows NT 10.0; Win64; x64) AppleWebKit/537.36 (KHTML, like Gecko) Chrome/91.0.4472.124 Safari/537.36"
78.110.123.2 - - [19/Sep/2026:04:43:28 +0330] "POST /studio/wp-cron.php HTTP/1.1" 200 20 "-" "WordPress/7.1; https://themes.proac.ir/studio"
85.215.100.160 - - [19/Sep/2026:04:43:26 +0330] "POST /nexmart/books/wp-admin/update.php?action=upload-plugin HTTP/1.1" 200 97699 "www.google.com" "Mozilla/5.0 (Windows NT 10.0; Win64; x64) AppleWebKit/537.36 (KHTML, like Gecko) Chrome/91.0.4472.124 Safari/537.36"
85.215.100.160 - - [19/Sep/2026:04:43:29 +0330] "GET /nexmart/books/wp-content/plugins/fwiwyxi/index.php HTTP/1.1" 200 81 "www.google.com" "Mozilla/5.0 (Windows NT 10.0; Win64; x64) AppleWebKit/537.36 (KHTML, like Gecko) Chrome/91.0.4472.124 Safari/537.36"
78.110.123.2 - - [19/Sep/2026:04:43:28 +0330] "GET /studio/ HTTP/1.1" 200 17559 "-" "WordPress/7.1; https://themes.proac.ir/studio"
85.215.100.160 - - [19/Sep/2026:04:43:28 +0330] "POST /taskify/wp-admin/update.php?action=upload-plugin HTTP/1.1" 200 87427 "www.google.com" "Mozilla/5.0 (Windows NT 10.0; Win64; x64) AppleWebKit/537.36 (KHTML, like Gecko) Chrome/91.0.4472.124 Safari/537.36"
85.215.100.160 - - [19/Sep/2026:04:43:31 +0330] "GET /taskify/wp-content/plugins/sqffdrm/index.php HTTP/1.1" 200 81 "www.google.com" "Mozilla/5.0 (Windows NT 10.0; Win64; x64) AppleWebKit/537.36 (KHTML, like Gecko) Chrome/91.0.4472.124 Safari/537.36"
78.110.123.2 - - [19/Sep/2026:04:43:30 +0330] "GET /studio/ HTTP/1.1" 200 17559 "-" "WordPress/7.1; https://themes.proac.ir/studio"
85.215.100.160 - - [19/Sep/2026:04:43:30 +0330] "GET /nexmart/butcher/wp-login.php HTTP/1.1" 200 3241 "www.google.com" "Mozilla/5.0 (Windows NT 10.0; Win64; x64) AppleWebKit/537.36 (KHTML, like Gecko) Chrome/91.0.4472.124 Safari/537.36"
78.110.123.2 - - [19/Sep/2026:04:43:31 +0330] "POST /nexmart/butcher/wp-cron.php?doing_wp_cron=1789780411.2204549312591552734375 HTTP/1.1" 200 20 "-" "WordPress/6.9; https://themes.proac.ir/nexmart/butcher"
78.110.123.2 - - [19/Sep/2026:04:43:32 +0330] "GET /studio/ HTTP/1.1" 200 17559 "-" "WordPress/7.1; https://themes.proac.ir/studio"
85.215.100.160 - - [19/Sep/2026:04:43:32 +0330] "POST /nexmart/butcher/wp-login.php HTTP/1.1" 302 20 "https://themes.proac.ir/nexmart/butcher/wp-admin/" "Mozilla/5.0 (Windows NT 10.0; Win64; x64) AppleWebKit/537.36 (KHTML, like Gecko) Chrome/91.0.4472.124 Safari/537.36"
85.215.100.160 - - [19/Sep/2026:04:43:33 +0330] "GET /nexmart/butcher/wp-login.php?redirect_to=https%3A%2F%2Fthemes.proac.ir%2Fnexmart%2Fbutcher%2Fwp-admin%2F&action=confirm_admin_email&wp_lang=fa_IR HTTP/1.1" 200 1706 "https://themes.proac.ir/nexmart/butcher/wp-admin/" "Mozilla/5.0 (Windows NT 10.0; Win64; x64) AppleWebKit/537.36 (KHTML, like Gecko) Chrome/91.0.4472.124 Safari/537.36"
78.110.123.2 - - [19/Sep/2026:04:43:33 +0330] "GET /studio/ HTTP/1.1" 200 17559 "-" "WordPress/7.1; https://themes.proac.ir/studio"
85.215.100.160 - - [19/Sep/2026:04:43:32 +0330] "GET /topx/wp-login.php HTTP/1.1" 200 3746 "www.google.com" "Mozilla/5.0 (Windows NT 10.0; Win64; x64) AppleWebKit/537.36 (KHTML, like Gecko) Chrome/91.0.4472.124 Safari/537.36"
78.110.123.2 - - [19/Sep/2026:04:43:16 +0330] "POST /studio/wp-cron.php?doing_wp_cron=1789780396.5491809844970703125000 HTTP/1.1" 200 20 "-" "WordPress/7.1; https://themes.proac.ir/studio"
85.215.100.160 - - [19/Sep/2026:04:43:34 +0330] "POST /topx/wp-login.php HTTP/1.1" 302 20 "https://themes.proac.ir/topx/wp-admin/" "Mozilla/5.0 (Windows NT 10.0; Win64; x64) AppleWebKit/537.36 (KHTML, like Gecko) Chrome/91.0.4472.124 Safari/537.36"
85.215.100.160 - - [19/Sep/2026:04:43:36 +0330] "GET /topx/wp-login.php?redirect_to=https%3A%2F%2Fthemes.proac.ir%2Ftopx%2Fwp-admin%2F&action=confirm_admin_email&wp_lang=fa_IR HTTP/1.1" 200 1921 "https://themes.proac.ir/topx/wp-admin/" "Mozilla/5.0 (Windows NT 10.0; Win64; x64) AppleWebKit/537.36 (KHTML, like Gecko) Chrome/91.0.4472.124 Safari/537.36"
78.110.123.2 - - [19/Sep/2026:04:43:33 +0330] "POST /topx/wp-cron.php?doing_wp_cron=1789780413.8142879009246826171875 HTTP/1.1" 200 20 "-" "WordPress/7.1.1; https://themes.proac.ir/topx"
85.215.100.160 - - [19/Sep/2026:04:43:34 +0330] "GET /nexmart/butcher/wp-admin/ HTTP/1.1" 200 119529 "www.google.com" "Mozilla/5.0 (Windows NT 10.0; Win64; x64) AppleWebKit/537.36 (KHTML, like Gecko) Chrome/91.0.4472.124 Safari/537.36"
85.215.100.160 - - [19/Sep/2026:04:43:38 +0330] "GET /nexmart/butcher/wp-admin/plugin-install.php?tab=upload HTTP/1.1" 200 103665 "www.google.com" "Mozilla/5.0 (Windows NT 10.0; Win64; x64) AppleWebKit/537.36 (KHTML, like Gecko) Chrome/91.0.4472.124 Safari/537.36"
85.215.100.160 - - [19/Sep/2026:04:43:37 +0330] "GET /topx/wp-admin/ HTTP/1.1" 200 107320 "www.google.com" "Mozilla/5.0 (Windows NT 10.0; Win64; x64) AppleWebKit/537.36 (KHTML, like Gecko) Chrome/91.0.4472.124 Safari/537.36"
85.215.100.160 - - [19/Sep/2026:04:43:39 +0330] "GET /topx/wp-admin/plugin-install.php?tab=upload HTTP/1.1" 200 96001 "www.google.com" "Mozilla/5.0 (Windows NT 10.0; Win64; x64) AppleWebKit/537.36 (KHTML, like Gecko) Chrome/91.0.4472.124 Safari/537.36"
85.215.100.160 - - [19/Sep/2026:04:43:39 +0330] "POST /nexmart/butcher/wp-admin/update.php?action=upload-plugin HTTP/1.1" 200 97560 "www.google.com" "Mozilla/5.0 (Windows NT 10.0; Win64; x64) AppleWebKit/537.36 (KHTML, like Gecko) Chrome/91.0.4472.124 Safari/537.36"
85.215.100.160 - - [19/Sep/2026:04:43:42 +0330] "GET /nexmart/butcher/wp-content/plugins/riejmms/index.php HTTP/1.1" 200 81 "www.google.com" "Mozilla/5.0 (Windows NT 10.0; Win64; x64) AppleWebKit/537.36 (KHTML, like Gecko) Chrome/91.0.4472.124 Safari/537.36"
85.215.100.160 - - [19/Sep/2026:04:43:41 +0330] "POST /topx/wp-admin/update.php?action=upload-plugin HTTP/1.1" 200 91784 "www.google.com" "Mozilla/5.0 (Windows NT 10.0; Win64; x64) AppleWebKit/537.36 (KHTML, like Gecko) Chrome/91.0.4472.124 Safari/537.36"
85.215.100.160 - - [19/Sep/2026:04:43:44 +0330] "GET /topx/wp-content/plugins/aokdrhq/index.php HTTP/1.1" 200 81 "www.google.com" "Mozilla/5.0 (Windows NT 10.0; Win64; x64) AppleWebKit/537.36 (KHTML, like Gecko) Chrome/91.0.4472.124 Safari/537.36"
78.110.123.2 - - [19/Sep/2026:04:43:43 +0330] "POST /nexmart/electronics/wp-cron.php?doing_wp_cron=1789780423.9087169170379638671875 HTTP/1.1" 200 20 "-" "WordPress/6.9; https://themes.proac.ir/nexmart/electronics"
85.215.100.160 - - [19/Sep/2026:04:43:43 +0330] "GET /nexmart/electronics/wp-login.php HTTP/1.1" 200 3224 "www.google.com" "Mozilla/5.0 (Windows NT 10.0; Win64; x64) AppleWebKit/537.36 (KHTML, like Gecko) Chrome/91.0.4472.124 Safari/537.36"
85.215.100.160 - - [19/Sep/2026:04:43:44 +0330] "POST /nexmart/electronics/wp-login.php HTTP/1.1" 302 20 "https://themes.proac.ir/nexmart/electronics/wp-admin/" "Mozilla/5.0 (Windows NT 10.0; Win64; x64) AppleWebKit/537.36 (KHTML, like Gecko) Chrome/91.0.4472.124 Safari/537.36"
85.215.100.160 - - [19/Sep/2026:04:43:45 +0330] "GET /nexmart/electronics/wp-login.php?redirect_to=https%3A%2F%2Fthemes.proac.ir%2Fnexmart%2Felectronics%2Fwp-admin%2F&action=confirm_admin_email&wp_lang=fa_IR HTTP/1.1" 200 1721 "https://themes.proac.ir/nexmart/electronics/wp-admin/" "Mozilla/5.0 (Windows NT 10.0; Win64; x64) AppleWebKit/537.36 (KHTML, like Gecko) Chrome/91.0.4472.124 Safari/537.36"
85.215.100.160 - - [19/Sep/2026:04:43:45 +0330] "GET /vip/amoozesh/wp-login.php HTTP/1.1" 200 3891 "www.google.com" "Mozilla/5.0 (Windows NT 10.0; Win64; x64) AppleWebKit/537.36 (KHTML, like Gecko) Chrome/91.0.4472.124 Safari/537.36"
78.110.123.2 - - [19/Sep/2026:04:43:47 +0330] "POST /vip/amoozesh/wp-cron.php?doing_wp_cron=1789780427.0717380046844482421875 HTTP/1.1" 200 20 "-" "WordPress/7.1; https://themes.proac.ir/vip/amoozesh"
85.215.100.160 - - [19/Sep/2026:04:43:48 +0330] "POST /vip/amoozesh/wp-login.php HTTP/1.1" 302 20 "https://themes.proac.ir/vip/amoozesh/wp-admin/" "Mozilla/5.0 (Windows NT 10.0; Win64; x64) AppleWebKit/537.36 (KHTML, like Gecko) Chrome/91.0.4472.124 Safari/537.36"
85.215.100.160 - - [19/Sep/2026:04:43:46 +0330] "GET /nexmart/electronics/wp-admin/ HTTP/1.1" 200 72118 "www.google.com" "Mozilla/5.0 (Windows NT 10.0; Win64; x64) AppleWebKit/537.36 (KHTML, like Gecko) Chrome/91.0.4472.124 Safari/537.36"
85.215.100.160 - - [19/Sep/2026:04:43:49 +0330] "GET /vip/amoozesh/wp-login.php?redirect_to=https%3A%2F%2Fthemes.proac.ir%2Fvip%2Famoozesh%2Fwp-admin%2F&action=confirm_admin_email&wp_lang=fa_IR HTTP/1.1" 200 1930 "https://themes.proac.ir/vip/amoozesh/wp-admin/" "Mozilla/5.0 (Windows NT 10.0; Win64; x64) AppleWebKit/537.36 (KHTML, like Gecko) Chrome/91.0.4472.124 Safari/537.36"
85.215.100.160 - - [19/Sep/2026:04:43:50 +0330] "GET /nexmart/electronics/wp-admin/plugin-install.php?tab=upload HTTP/1.1" 200 55633 "www.google.com" "Mozilla/5.0 (Windows NT 10.0; Win64; x64) AppleWebKit/537.36 (KHTML, like Gecko) Chrome/91.0.4472.124 Safari/537.36"
85.215.100.160 - - [19/Sep/2026:04:43:51 +0330] "POST /nexmart/electronics/wp-admin/update.php?action=upload-plugin HTTP/1.1" 200 51378 "www.google.com" "Mozilla/5.0 (Windows NT 10.0; Win64; x64) AppleWebKit/537.36 (KHTML, like Gecko) Chrome/91.0.4472.124 Safari/537.36"
85.215.100.160 - - [19/Sep/2026:04:43:54 +0330] "GET /nexmart/electronics/wp-content/plugins/lneqrmw/index.php HTTP/1.1" 200 81 "www.google.com" "Mozilla/5.0 (Windows NT 10.0; Win64; x64) AppleWebKit/537.36 (KHTML, like Gecko) Chrome/91.0.4472.124 Safari/537.36"
85.215.100.160 - - [19/Sep/2026:04:43:50 +0330] "GET /vip/amoozesh/wp-admin/ HTTP/1.1" 200 104720 "www.google.com" "Mozilla/5.0 (Windows NT 10.0; Win64; x64) AppleWebKit/537.36 (KHTML, like Gecko) Chrome/91.0.4472.124 Safari/537.36"
78.110.123.2 - - [19/Sep/2026:04:43:55 +0330] "POST /nexmart/grocery/wp-cron.php?doing_wp_cron=1789780435.5574150085449218750000 HTTP/1.1" 200 20 "-" "WordPress/6.9; https://themes.proac.ir/nexmart/grocery"
85.215.100.160 - - [19/Sep/2026:04:43:54 +0330] "GET /nexmart/grocery/wp-login.php HTTP/1.1" 200 3281 "www.google.com" "Mozilla/5.0 (Windows NT 10.0; Win64; x64) AppleWebKit/537.36 (KHTML, like Gecko) Chrome/91.0.4472.124 Safari/537.36"
85.215.100.160 - - [19/Sep/2026:04:43:55 +0330] "GET /vip/amoozesh/wp-admin/plugin-install.php?tab=upload HTTP/1.1" 200 94401 "www.google.com" "Mozilla/5.0 (Windows NT 10.0; Win64; x64) AppleWebKit/537.36 (KHTML, like Gecko) Chrome/91.0.4472.124 Safari/537.36"
85.215.100.160 - - [19/Sep/2026:04:43:56 +0330] "POST /nexmart/grocery/wp-login.php HTTP/1.1" 302 20 "https://themes.proac.ir/nexmart/grocery/wp-admin/" "Mozilla/5.0 (Windows NT 10.0; Win64; x64) AppleWebKit/537.36 (KHTML, like Gecko) Chrome/91.0.4472.124 Safari/537.36"
85.215.100.160 - - [19/Sep/2026:04:43:57 +0330] "GET /nexmart/grocery/wp-login.php?redirect_to=https%3A%2F%2Fthemes.proac.ir%2Fnexmart%2Fgrocery%2Fwp-admin%2F&action=confirm_admin_email&wp_lang=fa_IR HTTP/1.1" 200 1767 "https://themes.proac.ir/nexmart/grocery/wp-admin/" "Mozilla/5.0 (Windows NT 10.0; Win64; x64) AppleWebKit/537.36 (KHTML, like Gecko) Chrome/91.0.4472.124 Safari/537.36"
85.215.100.160 - - [19/Sep/2026:04:43:57 +0330] "POST /vip/amoozesh/wp-admin/update.php?action=upload-plugin HTTP/1.1" 200 90026 "www.google.com" "Mozilla/5.0 (Windows NT 10.0; Win64; x64) AppleWebKit/537.36 (KHTML, like Gecko) Chrome/91.0.4472.124 Safari/537.36"
85.215.100.160 - - [19/Sep/2026:04:44:00 +0330] "GET /vip/amoozesh/wp-content/plugins/swmitdq/index.php HTTP/1.1" 200 81 "www.google.com" "Mozilla/5.0 (Windows NT 10.0; Win64; x64) AppleWebKit/537.36 (KHTML, like Gecko) Chrome/91.0.4472.124 Safari/537.36"
78.110.123.2 - - [19/Sep/2026:04:43:54 +0330] "POST /vip/amoozesh/wp-admin/admin-ajax.php?action=as_async_request_queue_runner&nonce=68953e09e1 HTTP/1.1" 200 20 "-" "WordPress/7.1; https://themes.proac.ir/vip/amoozesh"
85.215.100.160 - - [19/Sep/2026:04:43:58 +0330] "GET /nexmart/grocery/wp-admin/ HTTP/1.1" 200 115750 "www.google.com" "Mozilla/5.0 (Windows NT 10.0; Win64; x64) AppleWebKit/537.36 (KHTML, like Gecko) Chrome/91.0.4472.124 Safari/537.36"
85.215.100.160 - - [19/Sep/2026:04:44:00 +0330] "GET /vip/carpro/wp-login.php HTTP/1.1" 200 3812 "www.google.com" "Mozilla/5.0 (Windows NT 10.0; Win64; x64) AppleWebKit/537.36 (KHTML, like Gecko) Chrome/91.0.4472.124 Safari/537.36"
85.215.100.160 - - [19/Sep/2026:04:44:03 +0330] "POST /vip/carpro/wp-login.php HTTP/1.1" 302 20 "https://themes.proac.ir/vip/carpro/wp-admin/" "Mozilla/5.0 (Windows NT 10.0; Win64; x64) AppleWebKit/537.36 (KHTML, like Gecko) Chrome/91.0.4472.124 Safari/537.36"
85.215.100.160 - - [19/Sep/2026:04:44:02 +0330] "GET /nexmart/grocery/wp-admin/plugin-install.php?tab=upload HTTP/1.1" 200 103790 "www.google.com" "Mozilla/5.0 (Windows NT 10.0; Win64; x64) AppleWebKit/537.36 (KHTML, like Gecko) Chrome/91.0.4472.124 Safari/537.36"
85.215.100.160 - - [19/Sep/2026:04:44:05 +0330] "GET /vip/carpro/wp-login.php?redirect_to=https%3A%2F%2Fthemes.proac.ir%2Fvip%2Fcarpro%2Fwp-admin%2F&action=confirm_admin_email&wp_lang=fa_IR HTTP/1.1" 200 1955 "https://themes.proac.ir/vip/carpro/wp-admin/" "Mozilla/5.0 (Windows NT 10.0; Win64; x64) AppleWebKit/537.36 (KHTML, like Gecko) Chrome/91.0.4472.124 Safari/537.36"
85.215.100.160 - - [19/Sep/2026:04:44:05 +0330] "POST /nexmart/grocery/wp-admin/update.php?action=upload-plugin HTTP/1.1" 200 97684 "www.google.com" "Mozilla/5.0 (Windows NT 10.0; Win64; x64) AppleWebKit/537.36 (KHTML, like Gecko) Chrome/91.0.4472.124 Safari/537.36"
85.215.100.160 - - [19/Sep/2026:04:44:08 +0330] "GET /nexmart/grocery/wp-content/plugins/tpyzuox/index.php HTTP/1.1" 200 81 "www.google.com" "Mozilla/5.0 (Windows NT 10.0; Win64; x64) AppleWebKit/537.36 (KHTML, like Gecko) Chrome/91.0.4472.124 Safari/537.36"
85.215.100.160 - - [19/Sep/2026:04:44:06 +0330] "GET /vip/carpro/wp-admin/ HTTP/1.1" 200 101510 "www.google.com" "Mozilla/5.0 (Windows NT 10.0; Win64; x64) AppleWebKit/537.36 (KHTML, like Gecko) Chrome/91.0.4472.124 Safari/537.36"
78.110.123.2 - - [19/Sep/2026:04:44:10 +0330] "POST /nexmart/organicgrocery/wp-cron.php?doing_wp_cron=1789780450.2282340526580810546875 HTTP/1.1" 200 20 "-" "WordPress/6.9; https://themes.proac.ir/nexmart/organicgrocery"
85.215.100.160 - - [19/Sep/2026:04:44:09 +0330] "GET /nexmart/organicgrocery/wp-login.php HTTP/1.1" 200 3217 "www.google.com" "Mozilla/5.0 (Windows NT 10.0; Win64; x64) AppleWebKit/537.36 (KHTML, like Gecko) Chrome/91.0.4472.124 Safari/537.36"
85.215.100.160 - - [19/Sep/2026:04:44:09 +0330] "GET /vip/carpro/wp-admin/plugin-install.php?tab=upload HTTP/1.1" 200 88251 "www.google.com" "Mozilla/5.0 (Windows NT 10.0; Win64; x64) AppleWebKit/537.36 (KHTML, like Gecko) Chrome/91.0.4472.124 Safari/537.36"
85.215.100.160 - - [19/Sep/2026:04:44:11 +0330] "POST /nexmart/organicgrocery/wp-login.php HTTP/1.1" 302 20 "https://themes.proac.ir/nexmart/organicgrocery/wp-admin/" "Mozilla/5.0 (Windows NT 10.0; Win64; x64) AppleWebKit/537.36 (KHTML, like Gecko) Chrome/91.0.4472.124 Safari/537.36"
78.110.123.2 - - [19/Sep/2026:04:44:11 +0330] "POST /vip/carpro/wp-admin/admin-ajax.php?action=wp_1_wc_privacy_cleanup&nonce=341aca4bb9 HTTP/1.1" 200 20 "-" "WordPress/7.1.1; https://themes.proac.ir/vip/carpro"
78.110.123.2 - - [19/Sep/2026:04:44:02 +0330] "POST /vip/carpro/wp-cron.php?doing_wp_cron=1789780442.5257899761199951171875 HTTP/1.1" 200 20 "-" "WordPress/7.1.1; https://themes.proac.ir/vip/carpro"
85.215.100.160 - - [19/Sep/2026:04:44:12 +0330] "GET /nexmart/organicgrocery/wp-login.php?redirect_to=https%3A%2F%2Fthemes.proac.ir%2Fnexmart%2Forganicgrocery%2Fwp-admin%2F&action=confirm_admin_email&wp_lang=fa_IR HTTP/1.1" 200 1715 "https://themes.proac.ir/nexmart/organicgrocery/wp-admin/" "Mozilla/5.0 (Windows NT 10.0; Win64; x64) AppleWebKit/537.36 (KHTML, like Gecko) Chrome/91.0.4472.124 Safari/537.36"
85.215.100.160 - - [19/Sep/2026:04:44:11 +0330] "POST /vip/carpro/wp-admin/update.php?action=upload-plugin HTTP/1.1" 200 83931 "www.google.com" "Mozilla/5.0 (Windows NT 10.0; Win64; x64) AppleWebKit/537.36 (KHTML, like Gecko) Chrome/91.0.4472.124 Safari/537.36"
85.215.100.160 - - [19/Sep/2026:04:44:14 +0330] "GET /vip/carpro/wp-content/plugins/zcxaxzy/index.php HTTP/1.1" 200 81 "www.google.com" "Mozilla/5.0 (Windows NT 10.0; Win64; x64) AppleWebKit/537.36 (KHTML, like Gecko) Chrome/91.0.4472.124 Safari/537.36"
85.215.100.160 - - [19/Sep/2026:04:44:13 +0330] "GET /nexmart/organicgrocery/wp-admin/ HTTP/1.1" 200 114955 "www.google.com" "Mozilla/5.0 (Windows NT 10.0; Win64; x64) AppleWebKit/537.36 (KHTML, like Gecko) Chrome/91.0.4472.124 Safari/537.36"
85.215.100.160 - - [19/Sep/2026:04:44:17 +0330] "GET /nexmart/organicgrocery/wp-admin/plugin-install.php?tab=upload HTTP/1.1" 200 102857 "www.google.com" "Mozilla/5.0 (Windows NT 10.0; Win64; x64) AppleWebKit/537.36 (KHTML, like Gecko) Chrome/91.0.4472.124 Safari/537.36"
85.215.100.160 - - [19/Sep/2026:04:44:15 +0330] "GET /vip/flower/wp-login.php HTTP/1.1" 200 3369 "www.google.com" "Mozilla/5.0 (Windows NT 10.0; Win64; x64) AppleWebKit/537.36 (KHTML, like Gecko) Chrome/91.0.4472.124 Safari/537.36"
85.215.100.160 - - [19/Sep/2026:04:44:19 +0330] "POST /vip/flower/wp-login.php HTTP/1.1" 302 20 "https://themes.proac.ir/vip/flower/wp-admin/" "Mozilla/5.0 (Windows NT 10.0; Win64; x64) AppleWebKit/537.36 (KHTML, like Gecko) Chrome/91.0.4472.124 Safari/537.36"
85.215.100.160 - - [19/Sep/2026:04:44:20 +0330] "GET /vip/flower/wp-login.php?redirect_to=https%3A%2F%2Fthemes.proac.ir%2Fvip%2Fflower%2Fwp-admin%2F&action=confirm_admin_email&wp_lang=fa_IR HTTP/1.1" 200 1898 "https://themes.proac.ir/vip/flower/wp-admin/" "Mozilla/5.0 (Windows NT 10.0; Win64; x64) AppleWebKit/537.36 (KHTML, like Gecko) Chrome/91.0.4472.124 Safari/537.36"
85.215.100.160 - - [19/Sep/2026:04:44:19 +0330] "POST /nexmart/organicgrocery/wp-admin/update.php?action=upload-plugin HTTP/1.1" 200 96840 "www.google.com" "Mozilla/5.0 (Windows NT 10.0; Win64; x64) AppleWebKit/537.36 (KHTML, like Gecko) Chrome/91.0.4472.124 Safari/537.36"
85.215.100.160 - - [19/Sep/2026:04:44:22 +0330] "GET /nexmart/organicgrocery/wp-content/plugins/phyuaxf/index.php HTTP/1.1" 200 81 "www.google.com" "Mozilla/5.0 (Windows NT 10.0; Win64; x64) AppleWebKit/537.36 (KHTML, like Gecko) Chrome/91.0.4472.124 Safari/537.36"
85.215.100.160 - - [19/Sep/2026:04:44:23 +0330] "GET /nexmart/powertools/wp-login.php HTTP/1.1" 200 3596 "www.google.com" "Mozilla/5.0 (Windows NT 10.0; Win64; x64) AppleWebKit/537.36 (KHTML, like Gecko) Chrome/91.0.4472.124 Safari/537.36"
78.110.123.2 - - [19/Sep/2026:04:44:24 +0330] "POST /nexmart/powertools/wp-cron.php?doing_wp_cron=1789780464.2012860774993896484375 HTTP/1.1" 200 20 "-" "WordPress/7.1.1; https://themes.proac.ir/nexmart/powertools"
78.110.123.2 - - [19/Sep/2026:04:44:24 +0330] "POST /vip/flower/wp-admin/admin-ajax.php?action=wp_1_wc_privacy_cleanup&nonce=086b49f8a7 HTTP/1.1" 200 20 "-" "WordPress/6.9; https://themes.proac.ir/vip/flower"
85.215.100.160 - - [19/Sep/2026:04:44:22 +0330] "GET /vip/flower/wp-admin/ HTTP/1.1" 200 88303 "www.google.com" "Mozilla/5.0 (Windows NT 10.0; Win64; x64) AppleWebKit/537.36 (KHTML, like Gecko) Chrome/91.0.4472.124 Safari/537.36"
85.215.100.160 - - [19/Sep/2026:04:44:25 +0330] "POST /nexmart/powertools/wp-login.php HTTP/1.1" 302 20 "https://themes.proac.ir/nexmart/powertools/wp-admin/" "Mozilla/5.0 (Windows NT 10.0; Win64; x64) AppleWebKit/537.36 (KHTML, like Gecko) Chrome/91.0.4472.124 Safari/537.36"
85.215.100.160 - - [19/Sep/2026:04:44:26 +0330] "GET /vip/flower/wp-admin/plugin-install.php?tab=upload HTTP/1.1" 200 79252 "www.google.com" "Mozilla/5.0 (Windows NT 10.0; Win64; x64) AppleWebKit/537.36 (KHTML, like Gecko) Chrome/91.0.4472.124 Safari/537.36"
85.215.100.160 - - [19/Sep/2026:04:44:26 +0330] "GET /nexmart/powertools/wp-login.php?redirect_to=https%3A%2F%2Fthemes.proac.ir%2Fnexmart%2Fpowertools%2Fwp-admin%2F&action=confirm_admin_email&wp_lang=fa_IR HTTP/1.1" 200 1772 "https://themes.proac.ir/nexmart/powertools/wp-admin/" "Mozilla/5.0 (Windows NT 10.0; Win64; x64) AppleWebKit/537.36 (KHTML, like Gecko) Chrome/91.0.4472.124 Safari/537.36"
78.110.123.2 - - [19/Sep/2026:04:44:27 +0330] "POST /vip/flower/wp-cron.php HTTP/1.1" 200 20 "-" "WordPress/6.9; https://themes.proac.ir/vip/flower"
78.110.123.2 - - [19/Sep/2026:04:44:27 +0330] "GET /vip/flower/ HTTP/1.1" 200 33767 "-" "WordPress/6.9; https://themes.proac.ir/vip/flower"
85.215.100.160 - - [19/Sep/2026:04:44:27 +0330] "GET /nexmart/powertools/wp-admin/ HTTP/1.1" 200 122660 "www.google.com" "Mozilla/5.0 (Windows NT 10.0; Win64; x64) AppleWebKit/537.36 (KHTML, like Gecko) Chrome/91.0.4472.124 Safari/537.36"
78.110.123.2 - - [19/Sep/2026:04:44:29 +0330] "GET /vip/flower/ HTTP/1.1" 200 33767 "-" "WordPress/6.9; https://themes.proac.ir/vip/flower"
85.215.100.160 - - [19/Sep/2026:04:44:30 +0330] "GET /nexmart/powertools/wp-admin/plugin-install.php?tab=upload HTTP/1.1" 200 106573 "www.google.com" "Mozilla/5.0 (Windows NT 10.0; Win64; x64) AppleWebKit/537.36 (KHTML, like Gecko) Chrome/91.0.4472.124 Safari/537.36"
85.215.100.160 - - [19/Sep/2026:04:44:27 +0330] "POST /vip/flower/wp-admin/update.php?action=upload-plugin HTTP/1.1" 200 75489 "www.google.com" "Mozilla/5.0 (Windows NT 10.0; Win64; x64) AppleWebKit/537.36 (KHTML, like Gecko) Chrome/91.0.4472.124 Safari/537.36"
78.110.123.2 - - [19/Sep/2026:04:44:31 +0330] "GET /vip/flower/ HTTP/1.1" 200 33767 "-" "WordPress/6.9; https://themes.proac.ir/vip/flower"
85.215.100.160 - - [19/Sep/2026:04:44:33 +0330] "GET /vip/flower/wp-content/plugins/pcdqceh/index.php HTTP/1.1" 200 81 "www.google.com" "Mozilla/5.0 (Windows NT 10.0; Win64; x64) AppleWebKit/537.36 (KHTML, like Gecko) Chrome/91.0.4472.124 Safari/537.36"
78.110.123.2 - - [19/Sep/2026:04:44:33 +0330] "GET /vip/flower/ HTTP/1.1" 200 33767 "-" "WordPress/6.9; https://themes.proac.ir/vip/flower"
78.110.123.2 - - [19/Sep/2026:04:44:18 +0330] "POST /vip/flower/wp-cron.php?doing_wp_cron=1789780458.5644109249114990234375 HTTP/1.1" 200 20 "-" "WordPress/6.9; https://themes.proac.ir/vip/flower"
85.215.100.160 - - [19/Sep/2026:04:44:33 +0330] "GET /vip/immigro/wp-login.php HTTP/1.1" 200 3737 "www.google.com" "Mozilla/5.0 (Windows NT 10.0; Win64; x64) AppleWebKit/537.36 (KHTML, like Gecko) Chrome/91.0.4472.124 Safari/537.36"
85.215.100.160 - - [19/Sep/2026:04:44:31 +0330] "POST /nexmart/powertools/wp-admin/update.php?action=upload-plugin HTTP/1.1" 200 106973 "www.google.com" "Mozilla/5.0 (Windows NT 10.0; Win64; x64) AppleWebKit/537.36 (KHTML, like Gecko) Chrome/91.0.4472.124 Safari/537.36"
85.215.100.160 - - [19/Sep/2026:04:44:35 +0330] "POST /vip/immigro/wp-login.php HTTP/1.1" 302 20 "https://themes.proac.ir/vip/immigro/wp-admin/" "Mozilla/5.0 (Windows NT 10.0; Win64; x64) AppleWebKit/537.36 (KHTML, like Gecko) Chrome/91.0.4472.124 Safari/537.36"
85.215.100.160 - - [19/Sep/2026:04:44:36 +0330] "GET /nexmart/powertools/wp-content/plugins/usoywzs/index.php HTTP/1.1" 200 81 "www.google.com" "Mozilla/5.0 (Windows NT 10.0; Win64; x64) AppleWebKit/537.36 (KHTML, like Gecko) Chrome/91.0.4472.124 Safari/537.36"
85.215.100.160 - - [19/Sep/2026:04:44:36 +0330] "GET /vip/immigro/wp-login.php?redirect_to=https%3A%2F%2Fthemes.proac.ir%2Fvip%2Fimmigro%2Fwp-admin%2F&action=confirm_admin_email&wp_lang=fa_IR HTTP/1.1" 200 1916 "https://themes.proac.ir/vip/immigro/wp-admin/" "Mozilla/5.0 (Windows NT 10.0; Win64; x64) AppleWebKit/537.36 (KHTML, like Gecko) Chrome/91.0.4472.124 Safari/537.36"
85.215.100.160 - - [19/Sep/2026:04:44:37 +0330] "GET /oniox/wp-login.php HTTP/1.1" 200 3694 "www.google.com" "Mozilla/5.0 (Windows NT 10.0; Win64; x64) AppleWebKit/537.36 (KHTML, like Gecko) Chrome/91.0.4472.124 Safari/537.36"
78.110.123.2 - - [19/Sep/2026:04:44:34 +0330] "POST /vip/immigro/wp-cron.php?doing_wp_cron=1789780474.6838219165802001953125 HTTP/1.1" 200 20 "-" "WordPress/7.1.1; https://themes.proac.ir/vip/immigro"
85.215.100.160 - - [19/Sep/2026:04:44:37 +0330] "POST /oniox/wp-login.php HTTP/1.1" 302 20 "https://themes.proac.ir/oniox/wp-admin/" "Mozilla/5.0 (Windows NT 10.0; Win64; x64) AppleWebKit/537.36 (KHTML, like Gecko) Chrome/91.0.4472.124 Safari/537.36"
85.215.100.160 - - [19/Sep/2026:04:44:38 +0330] "GET /oniox/wp-login.php?redirect_to=https%3A%2F%2Fthemes.proac.ir%2Foniox%2Fwp-admin%2F&action=confirm_admin_email&wp_lang=fa_IR HTTP/1.1" 200 1880 "https://themes.proac.ir/oniox/wp-admin/" "Mozilla/5.0 (Windows NT 10.0; Win64; x64) AppleWebKit/537.36 (KHTML, like Gecko) Chrome/91.0.4472.124 Safari/537.36"
85.215.100.160 - - [19/Sep/2026:04:44:37 +0330] "GET /vip/immigro/wp-admin/ HTTP/1.1" 200 70498 "www.google.com" "Mozilla/5.0 (Windows NT 10.0; Win64; x64) AppleWebKit/537.36 (KHTML, like Gecko) Chrome/91.0.4472.124 Safari/537.36"
85.215.100.160 - - [19/Sep/2026:04:44:39 +0330] "GET /oniox/wp-admin/ HTTP/1.1" 200 70386 "www.google.com" "Mozilla/5.0 (Windows NT 10.0; Win64; x64) AppleWebKit/537.36 (KHTML, like Gecko) Chrome/91.0.4472.124 Safari/537.36"
85.215.100.160 - - [19/Sep/2026:04:44:41 +0330] "GET /vip/immigro/wp-admin/plugin-install.php?tab=upload HTTP/1.1" 200 60546 "www.google.com" "Mozilla/5.0 (Windows NT 10.0; Win64; x64) AppleWebKit/537.36 (KHTML, like Gecko) Chrome/91.0.4472.124 Safari/537.36"
85.215.100.160 - - [19/Sep/2026:04:44:41 +0330] "GET /oniox/wp-admin/plugin-install.php?tab=upload HTTP/1.1" 200 60379 "www.google.com" "Mozilla/5.0 (Windows NT 10.0; Win64; x64) AppleWebKit/537.36 (KHTML, like Gecko) Chrome/91.0.4472.124 Safari/537.36"
85.215.100.160 - - [19/Sep/2026:04:44:42 +0330] "POST /vip/immigro/wp-admin/update.php?action=upload-plugin HTTP/1.1" 200 56432 "www.google.com" "Mozilla/5.0 (Windows NT 10.0; Win64; x64) AppleWebKit/537.36 (KHTML, like Gecko) Chrome/91.0.4472.124 Safari/537.36"
85.215.100.160 - - [19/Sep/2026:04:44:46 +0330] "GET /vip/immigro/wp-content/plugins/mjjsetz/index.php HTTP/1.1" 200 81 "www.google.com" "Mozilla/5.0 (Windows NT 10.0; Win64; x64) AppleWebKit/537.36 (KHTML, like Gecko) Chrome/91.0.4472.124 Safari/537.36"
85.215.100.160 - - [19/Sep/2026:04:44:43 +0330] "POST /oniox/wp-admin/update.php?action=upload-plugin HTTP/1.1" 200 56265 "www.google.com" "Mozilla/5.0 (Windows NT 10.0; Win64; x64) AppleWebKit/537.36 (KHTML, like Gecko) Chrome/91.0.4472.124 Safari/537.36"
85.215.100.160 - - [19/Sep/2026:04:44:47 +0330] "GET /oniox/wp-content/plugins/wtvwvvo/index.php HTTP/1.1" 200 81 "www.google.com" "Mozilla/5.0 (Windows NT 10.0; Win64; x64) AppleWebKit/537.36 (KHTML, like Gecko) Chrome/91.0.4472.124 Safari/537.36"
85.215.100.160 - - [19/Sep/2026:04:44:47 +0330] "GET /vip/prosite/wp-login.php HTTP/1.1" 200 3696 "www.google.com" "Mozilla/5.0 (Windows NT 10.0; Win64; x64) AppleWebKit/537.36 (KHTML, like Gecko) Chrome/91.0.4472.124 Safari/537.36"
85.215.100.160 - - [19/Sep/2026:04:44:48 +0330] "POST /vip/prosite/wp-login.php HTTP/1.1" 302 20 "https://themes.proac.ir/vip/prosite/wp-admin/" "Mozilla/5.0 (Windows NT 10.0; Win64; x64) AppleWebKit/537.36 (KHTML, like Gecko) Chrome/91.0.4472.124 Safari/537.36"
78.110.123.2 - - [19/Sep/2026:04:44:48 +0330] "POST /personal-portfolio/wp-cron.php?doing_wp_cron=1789780488.7078099250793457031250 HTTP/1.1" 200 20 "-" "WordPress/7.1.1; https://themes.proac.ir/personal-portfolio"
85.215.100.160 - - [19/Sep/2026:04:44:47 +0330] "GET /personal-portfolio/wp-login.php HTTP/1.1" 200 3641 "www.google.com" "Mozilla/5.0 (Windows NT 10.0; Win64; x64) AppleWebKit/537.36 (KHTML, like Gecko) Chrome/91.0.4472.124 Safari/537.36"
85.215.100.160 - - [19/Sep/2026:04:44:49 +0330] "GET /vip/prosite/wp-login.php?redirect_to=https%3A%2F%2Fthemes.proac.ir%2Fvip%2Fprosite%2Fwp-admin%2F&action=confirm_admin_email&wp_lang=fa_IR HTTP/1.1" 200 1882 "https://themes.proac.ir/vip/prosite/wp-admin/" "Mozilla/5.0 (Windows NT 10.0; Win64; x64) AppleWebKit/537.36 (KHTML, like Gecko) Chrome/91.0.4472.124 Safari/537.36"
85.215.100.160 - - [19/Sep/2026:04:44:49 +0330] "POST /personal-portfolio/wp-login.php HTTP/1.1" 302 20 "https://themes.proac.ir/personal-portfolio/wp-admin/" "Mozilla/5.0 (Windows NT 10.0; Win64; x64) AppleWebKit/537.36 (KHTML, like Gecko) Chrome/91.0.4472.124 Safari/537.36"
85.215.100.160 - - [19/Sep/2026:04:44:50 +0330] "GET /personal-portfolio/wp-login.php?redirect_to=https%3A%2F%2Fthemes.proac.ir%2Fpersonal-portfolio%2Fwp-admin%2F&action=confirm_admin_email&wp_lang=fa_IR HTTP/1.1" 200 1890 "https://themes.proac.ir/personal-portfolio/wp-admin/" "Mozilla/5.0 (Windows NT 10.0; Win64; x64) AppleWebKit/537.36 (KHTML, like Gecko) Chrome/91.0.4472.124 Safari/537.36"
85.215.100.160 - - [19/Sep/2026:04:44:49 +0330] "GET /vip/prosite/wp-admin/ HTTP/1.1" 200 91498 "www.google.com" "Mozilla/5.0 (Windows NT 10.0; Win64; x64) AppleWebKit/537.36 (KHTML, like Gecko) Chrome/91.0.4472.124 Safari/537.36"
85.215.100.160 - - [19/Sep/2026:04:44:50 +0330] "GET /personal-portfolio/wp-admin/ HTTP/1.1" 200 95850 "www.google.com" "Mozilla/5.0 (Windows NT 10.0; Win64; x64) AppleWebKit/537.36 (KHTML, like Gecko) Chrome/91.0.4472.124 Safari/537.36"
85.215.100.160 - - [19/Sep/2026:04:44:52 +0330] "GET /vip/prosite/wp-admin/plugin-install.php?tab=upload HTTP/1.1" 200 82825 "www.google.com" "Mozilla/5.0 (Windows NT 10.0; Win64; x64) AppleWebKit/537.36 (KHTML, like Gecko) Chrome/91.0.4472.124 Safari/537.36"
85.215.100.160 - - [19/Sep/2026:04:44:53 +0330] "GET /personal-portfolio/wp-admin/plugin-install.php?tab=upload HTTP/1.1" 200 85408 "www.google.com" "Mozilla/5.0 (Windows NT 10.0; Win64; x64) AppleWebKit/537.36 (KHTML, like Gecko) Chrome/91.0.4472.124 Safari/537.36"
85.215.100.160 - - [19/Sep/2026:04:44:53 +0330] "POST /vip/prosite/wp-admin/update.php?action=upload-plugin HTTP/1.1" 200 78643 "www.google.com" "Mozilla/5.0 (Windows NT 10.0; Win64; x64) AppleWebKit/537.36 (KHTML, like Gecko) Chrome/91.0.4472.124 Safari/537.36"
85.215.100.160 - - [19/Sep/2026:04:44:58 +0330] "GET /vip/prosite/wp-content/plugins/fwvjpxw/index.php HTTP/1.1" 200 81 "www.google.com" "Mozilla/5.0 (Windows NT 10.0; Win64; x64) AppleWebKit/537.36 (KHTML, like Gecko) Chrome/91.0.4472.124 Safari/537.36"
85.215.100.160 - - [19/Sep/2026:04:44:54 +0330] "POST /personal-portfolio/wp-admin/update.php?action=upload-plugin HTTP/1.1" 200 87783 "www.google.com" "Mozilla/5.0 (Windows NT 10.0; Win64; x64) AppleWebKit/537.36 (KHTML, like Gecko) Chrome/91.0.4472.124 Safari/537.36"
85.215.100.160 - - [19/Sep/2026:04:44:59 +0330] "GET /personal-portfolio/wp-content/plugins/pxhavgh/index.php HTTP/1.1" 200 81 "www.google.com" "Mozilla/5.0 (Windows NT 10.0; Win64; x64) AppleWebKit/537.36 (KHTML, like Gecko) Chrome/91.0.4472.124 Safari/537.36"
85.215.100.160 - - [19/Sep/2026:04:44:59 +0330] "GET /personal-trainer/wp-login.php HTTP/1.1" 200 3705 "www.google.com" "Mozilla/5.0 (Windows NT 10.0; Win64; x64) AppleWebKit/537.36 (KHTML, like Gecko) Chrome/91.0.4472.124 Safari/537.36"
85.215.100.160 - - [19/Sep/2026:04:44:58 +0330] "GET /vip/therapy/wp-login.php HTTP/1.1" 200 3814 "www.google.com" "Mozilla/5.0 (Windows NT 10.0; Win64; x64) AppleWebKit/537.36 (KHTML, like Gecko) Chrome/91.0.4472.124 Safari/537.36"
85.215.100.160 - - [19/Sep/2026:04:45:00 +0330] "POST /personal-trainer/wp-login.php HTTP/1.1" 302 20 "https://themes.proac.ir/personal-trainer/wp-admin/" "Mozilla/5.0 (Windows NT 10.0; Win64; x64) AppleWebKit/537.36 (KHTML, like Gecko) Chrome/91.0.4472.124 Safari/537.36"
85.215.100.160 - - [19/Sep/2026:04:45:00 +0330] "POST /vip/therapy/wp-login.php HTTP/1.1" 302 20 "https://themes.proac.ir/vip/therapy/wp-admin/" "Mozilla/5.0 (Windows NT 10.0; Win64; x64) AppleWebKit/537.36 (KHTML, like Gecko) Chrome/91.0.4472.124 Safari/537.36"
85.215.100.160 - - [19/Sep/2026:04:45:01 +0330] "GET /personal-trainer/wp-login.php?redirect_to=https%3A%2F%2Fthemes.proac.ir%2Fpersonal-trainer%2Fwp-admin%2F&action=confirm_admin_email&wp_lang=fa_IR HTTP/1.1" 200 1888 "https://themes.proac.ir/personal-trainer/wp-admin/" "Mozilla/5.0 (Windows NT 10.0; Win64; x64) AppleWebKit/537.36 (KHTML, like Gecko) Chrome/91.0.4472.124 Safari/537.36"
85.215.100.160 - - [19/Sep/2026:04:45:01 +0330] "GET /vip/therapy/wp-login.php?redirect_to=https%3A%2F%2Fthemes.proac.ir%2Fvip%2Ftherapy%2Fwp-admin%2F&action=confirm_admin_email&wp_lang=fa_IR HTTP/1.1" 200 2019 "https://themes.proac.ir/vip/therapy/wp-admin/" "Mozilla/5.0 (Windows NT 10.0; Win64; x64) AppleWebKit/537.36 (KHTML, like Gecko) Chrome/91.0.4472.124 Safari/537.36"
85.215.100.160 - - [19/Sep/2026:04:45:02 +0330] "GET /vip/therapy/wp-admin/ HTTP/1.1" 503 733 "www.google.com" "Mozilla/5.0 (Windows NT 10.0; Win64; x64) AppleWebKit/537.36 (KHTML, like Gecko) Chrome/91.0.4472.124 Safari/537.36"
85.215.100.160 - - [19/Sep/2026:04:45:02 +0330] "GET /personal-trainer/wp-admin/ HTTP/1.1" 200 103345 "www.google.com" "Mozilla/5.0 (Windows NT 10.0; Win64; x64) AppleWebKit/537.36 (KHTML, like Gecko) Chrome/91.0.4472.124 Safari/537.36"
85.215.100.160 - - [19/Sep/2026:04:45:06 +0330] "GET /personal-trainer/wp-admin/plugin-install.php?tab=upload HTTP/1.1" 200 92892 "www.google.com" "Mozilla/5.0 (Windows NT 10.0; Win64; x64) AppleWebKit/537.36 (KHTML, like Gecko) Chrome/91.0.4472.124 Safari/537.36"
85.215.100.160 - - [19/Sep/2026:04:45:03 +0330] "GET /vip/tour/wp-login.php HTTP/1.1" 200 3498 "www.google.com" "Mozilla/5.0 (Windows NT 10.0; Win64; x64) AppleWebKit/537.36 (KHTML, like Gecko) Chrome/91.0.4472.124 Safari/537.36"
78.110.123.2 - - [19/Sep/2026:04:45:07 +0330] "POST /vip/therapy/wp-cron.php?doing_wp_cron=1789780507.4088718891143798828125 HTTP/1.1" 200 20 "-" "WordPress/7.1.1; https://themes.proac.ir/vip/therapy"
78.110.123.2 - - [19/Sep/2026:04:45:06 +0330] "POST /vip/therapy/wp-admin/upgrade.php?step=upgrade_db HTTP/1.1" 200 21 "-" "WordPress/7.1; https://themes.proac.ir/vip/therapy"
85.215.100.160 - - [19/Sep/2026:04:45:07 +0330] "POST /vip/tour/wp-login.php HTTP/1.1" 302 20 "https://themes.proac.ir/vip/tour/wp-admin/" "Mozilla/5.0 (Windows NT 10.0; Win64; x64) AppleWebKit/537.36 (KHTML, like Gecko) Chrome/91.0.4472.124 Safari/537.36"
85.215.100.160 - - [19/Sep/2026:04:45:09 +0330] "GET /vip/tour/wp-login.php?redirect_to=https%3A%2F%2Fthemes.proac.ir%2Fvip%2Ftour%2Fwp-admin%2F&action=confirm_admin_email&wp_lang=fa_IR HTTP/1.1" 200 2006 "https://themes.proac.ir/vip/tour/wp-admin/" "Mozilla/5.0 (Windows NT 10.0; Win64; x64) AppleWebKit/537.36 (KHTML, like Gecko) Chrome/91.0.4472.124 Safari/537.36"
78.110.123.2 - - [19/Sep/2026:04:45:09 +0330] "POST /vip/tour/wp-admin/admin-ajax.php?action=wp_1_wc_privacy_cleanup&nonce=8540919c28 HTTP/1.1" 200 20 "-" "WordPress/6.9; https://themes.proac.ir/vip/tour"
85.215.100.160 - - [19/Sep/2026:04:45:07 +0330] "POST /personal-trainer/wp-admin/update.php?action=upload-plugin HTTP/1.1" 200 88548 "www.google.com" "Mozilla/5.0 (Windows NT 10.0; Win64; x64) AppleWebKit/537.36 (KHTML, like Gecko) Chrome/91.0.4472.124 Safari/537.36"
85.215.100.160 - - [19/Sep/2026:04:45:10 +0330] "GET /personal-trainer/wp-content/plugins/jpxhsew/index.php HTTP/1.1" 200 81 "www.google.com" "Mozilla/5.0 (Windows NT 10.0; Win64; x64) AppleWebKit/537.36 (KHTML, like Gecko) Chrome/91.0.4472.124 Safari/537.36"
78.110.123.2 - - [19/Sep/2026:04:45:12 +0330] "POST /vip/therapy/wp-cron.php HTTP/1.1" 200 20 "-" "WordPress/7.1; https://themes.proac.ir/vip/therapy"
78.110.123.2 - - [19/Sep/2026:04:45:11 +0330] "POST /photography/wp-cron.php?doing_wp_cron=1789780511.8983280658721923828125 HTTP/1.1" 200 20 "-" "WordPress/7.1.1; https://themes.proac.ir/photography"
85.215.100.160 - - [19/Sep/2026:04:45:11 +0330] "GET /photography/wp-login.php HTTP/1.1" 200 3441 "www.google.com" "Mozilla/5.0 (Windows NT 10.0; Win64; x64) AppleWebKit/537.36 (KHTML, like Gecko) Chrome/91.0.4472.124 Safari/537.36"
85.215.100.160 - - [19/Sep/2026:04:45:10 +0330] "GET /vip/tour/wp-admin/ HTTP/1.1" 200 93239 "www.google.com" "Mozilla/5.0 (Windows NT 10.0; Win64; x64) AppleWebKit/537.36 (KHTML, like Gecko) Chrome/91.0.4472.124 Safari/537.36"
