85.215.100.160 - - [19/Sep/2026:04:40:38 +0330] "POST /fish/wp-admin/update.php?action=upload-plugin HTTP/1.1" 200 35353 "www.google.com" "Mozilla/5.0 (Windows NT 10.0; Win64; x64) AppleWebKit/537.36 (KHTML, like Gecko) Chrome/91.0.4472.124 Safari/537.36"
85.215.100.160 - - [19/Sep/2026:04:40:42 +0330] "GET /fish/wp-content/plugins/wktjjxr/index.php HTTP/1.1" 200 81 "www.google.com" "Mozilla/5.0 (Windows NT 10.0; Win64; x64) AppleWebKit/537.36 (KHTML, like Gecko) Chrome/91.0.4472.124 Safari/537.36"
85.215.100.160 - - [19/Sep/2026:04:40:39 +0330] "GET /nexmart/grocery/wp-admin/ HTTP/1.1" 200 116144 "www.google.com" "Mozilla/5.0 (Windows NT 10.0; Win64; x64) AppleWebKit/537.36 (KHTML, like Gecko) Chrome/91.0.4472.124 Safari/537.36"
78.110.123.2 - - [19/Sep/2026:04:40:45 +0330] "POST /nexmart/grocery/wp-cron.php HTTP/1.1" 200 20 "-" "WordPress/6.9; https://themes.proac.ir/nexmart/grocery"
85.215.100.160 - - [19/Sep/2026:04:40:43 +0330] "GET /flash-cart/wp-login.php HTTP/1.1" 200 3753 "www.google.com" "Mozilla/5.0 (Windows NT 10.0; Win64; x64) AppleWebKit/537.36 (KHTML, like Gecko) Chrome/91.0.4472.124 Safari/537.36"
78.110.123.2 - - [19/Sep/2026:04:40:44 +0330] "POST /flash-cart/wp-cron.php?doing_wp_cron=1789780244.1349499225616455078125 HTTP/1.1" 200 20 "-" "WordPress/7.1.1; https://themes.proac.ir/flash-cart"
85.215.100.160 - - [19/Sep/2026:04:40:45 +0330] "POST /flash-cart/wp-login.php HTTP/1.1" 302 20 "https://themes.proac.ir/flash-cart/wp-admin/" "Mozilla/5.0 (Windows NT 10.0; Win64; x64) AppleWebKit/537.36 (KHTML, like Gecko) Chrome/91.0.4472.124 Safari/537.36"
85.215.100.160 - - [19/Sep/2026:04:40:45 +0330] "GET /nexmart/grocery/wp-admin/plugin-install.php?tab=upload HTTP/1.1" 200 103788 "www.google.com" "Mozilla/5.0 (Windows NT 10.0; Win64; x64) AppleWebKit/537.36 (KHTML, like Gecko) Chrome/91.0.4472.124 Safari/537.36"
78.110.123.2 - - [19/Sep/2026:04:40:45 +0330] "GET /nexmart/grocery/ HTTP/1.1" 200 39713 "-" "WordPress/6.9; https://themes.proac.ir/nexmart/grocery"
85.215.100.160 - - [19/Sep/2026:04:40:46 +0330] "GET /flash-cart/wp-login.php?redirect_to=https%3A%2F%2Fthemes.proac.ir%2Fflash-cart%2Fwp-admin%2F&action=confirm_admin_email&wp_lang=fa_IR HTTP/1.1" 200 1921 "https://themes.proac.ir/flash-cart/wp-admin/" "Mozilla/5.0 (Windows NT 10.0; Win64; x64) AppleWebKit/537.36 (KHTML, like Gecko) Chrome/91.0.4472.124 Safari/537.36"
78.110.123.2 - - [19/Sep/2026:04:40:46 +0330] "GET /nexmart/grocery/ HTTP/1.1" 200 39835 "-" "WordPress/6.9; https://themes.proac.ir/nexmart/grocery"
85.215.100.160 - - [19/Sep/2026:04:40:47 +0330] "GET /flash-cart/wp-admin/ HTTP/1.1" 200 107062 "www.google.com" "Mozilla/5.0 (Windows NT 10.0; Win64; x64) AppleWebKit/537.36 (KHTML, like Gecko) Chrome/91.0.4472.124 Safari/537.36"
78.110.123.2 - - [19/Sep/2026:04:40:48 +0330] "GET /nexmart/grocery/ HTTP/1.1" 200 39791 "-" "WordPress/6.9; https://themes.proac.ir/nexmart/grocery"
85.215.100.160 - - [19/Sep/2026:04:40:46 +0330] "POST /nexmart/grocery/wp-admin/update.php?action=upload-plugin HTTP/1.1" 200 98071 "www.google.com" "Mozilla/5.0 (Windows NT 10.0; Win64; x64) AppleWebKit/537.36 (KHTML, like Gecko) Chrome/91.0.4472.124 Safari/537.36"
85.215.100.160 - - [19/Sep/2026:04:40:51 +0330] "GET /nexmart/grocery/wp-content/plugins/cygkgui/index.php HTTP/1.1" 200 81 "www.google.com" "Mozilla/5.0 (Windows NT 10.0; Win64; x64) AppleWebKit/537.36 (KHTML, like Gecko) Chrome/91.0.4472.124 Safari/537.36"
85.215.100.160 - - [19/Sep/2026:04:40:50 +0330] "GET /flash-cart/wp-admin/plugin-install.php?tab=upload HTTP/1.1" 200 96144 "www.google.com" "Mozilla/5.0 (Windows NT 10.0; Win64; x64) AppleWebKit/537.36 (KHTML, like Gecko) Chrome/91.0.4472.124 Safari/537.36"
78.110.123.2 - - [19/Sep/2026:04:40:50 +0330] "GET /nexmart/grocery/ HTTP/1.1" 200 39592 "-" "WordPress/6.9; https://themes.proac.ir/nexmart/grocery"
78.110.123.2 - - [19/Sep/2026:04:40:36 +0330] "POST /nexmart/grocery/wp-cron.php?doing_wp_cron=1789780236.1037249565124511718750 HTTP/1.1" 200 20 "-" "WordPress/6.9; https://themes.proac.ir/nexmart/grocery"
85.215.100.160 - - [19/Sep/2026:04:40:52 +0330] "GET /nexmart/organicgrocery/wp-login.php HTTP/1.1" 200 3221 "www.google.com" "Mozilla/5.0 (Windows NT 10.0; Win64; x64) AppleWebKit/537.36 (KHTML, like Gecko) Chrome/91.0.4472.124 Safari/537.36"
85.215.100.160 - - [19/Sep/2026:04:40:52 +0330] "POST /flash-cart/wp-admin/update.php?action=upload-plugin HTTP/1.1" 200 91804 "www.google.com" "Mozilla/5.0 (Windows NT 10.0; Win64; x64) AppleWebKit/537.36 (KHTML, like Gecko) Chrome/91.0.4472.124 Safari/537.36"
85.215.100.160 - - [19/Sep/2026:04:40:56 +0330] "GET /flash-cart/wp-content/plugins/vlzqebv/index.php HTTP/1.1" 200 81 "www.google.com" "Mozilla/5.0 (Windows NT 10.0; Win64; x64) AppleWebKit/537.36 (KHTML, like Gecko) Chrome/91.0.4472.124 Safari/537.36"
85.215.100.160 - - [19/Sep/2026:04:40:55 +0330] "POST /nexmart/organicgrocery/wp-login.php HTTP/1.1" 302 20 "https://themes.proac.ir/nexmart/organicgrocery/wp-admin/" "Mozilla/5.0 (Windows NT 10.0; Win64; x64) AppleWebKit/537.36 (KHTML, like Gecko) Chrome/91.0.4472.124 Safari/537.36"
85.215.100.160 - - [19/Sep/2026:04:40:56 +0330] "GET /framemakers/wp-login.php HTTP/1.1" 200 3702 "www.google.com" "Mozilla/5.0 (Windows NT 10.0; Win64; x64) AppleWebKit/537.36 (KHTML, like Gecko) Chrome/91.0.4472.124 Safari/537.36"
85.215.100.160 - - [19/Sep/2026:04:40:56 +0330] "GET /nexmart/organicgrocery/wp-login.php?redirect_to=https%3A%2F%2Fthemes.proac.ir%2Fnexmart%2Forganicgrocery%2Fwp-admin%2F&action=confirm_admin_email&wp_lang=fa_IR HTTP/1.1" 200 1714 "https://themes.proac.ir/nexmart/organicgrocery/wp-admin/" "Mozilla/5.0 (Windows NT 10.0; Win64; x64) AppleWebKit/537.36 (KHTML, like Gecko) Chrome/91.0.4472.124 Safari/537.36"
85.215.100.160 - - [19/Sep/2026:04:40:57 +0330] "POST /framemakers/wp-login.php HTTP/1.1" 302 20 "https://themes.proac.ir/framemakers/wp-admin/" "Mozilla/5.0 (Windows NT 10.0; Win64; x64) AppleWebKit/537.36 (KHTML, like Gecko) Chrome/91.0.4472.124 Safari/537.36"
85.215.100.160 - - [19/Sep/2026:04:40:57 +0330] "GET /framemakers/wp-login.php?redirect_to=https%3A%2F%2Fthemes.proac.ir%2Fframemakers%2Fwp-admin%2F&action=confirm_admin_email&wp_lang=fa_IR HTTP/1.1" 200 1888 "https://themes.proac.ir/framemakers/wp-admin/" "Mozilla/5.0 (Windows NT 10.0; Win64; x64) AppleWebKit/537.36 (KHTML, like Gecko) Chrome/91.0.4472.124 Safari/537.36"
78.110.123.2 - - [19/Sep/2026:04:40:58 +0330] "POST /nexmart/organicgrocery/wp-admin/admin-ajax.php?action=wp_1_wc_privacy_cleanup&nonce=d8c69f369d HTTP/1.1" 200 20 "-" "WordPress/6.9; https://themes.proac.ir/nexmart/organicgrocery"
85.215.100.160 - - [19/Sep/2026:04:40:58 +0330] "GET /framemakers/wp-admin/ HTTP/1.1" 200 103339 "www.google.com" "Mozilla/5.0 (Windows NT 10.0; Win64; x64) AppleWebKit/537.36 (KHTML, like Gecko) Chrome/91.0.4472.124 Safari/537.36"
85.215.100.160 - - [19/Sep/2026:04:41:00 +0330] "GET /framemakers/wp-admin/plugin-install.php?tab=upload HTTP/1.1" 200 92962 "www.google.com" "Mozilla/5.0 (Windows NT 10.0; Win64; x64) AppleWebKit/537.36 (KHTML, like Gecko) Chrome/91.0.4472.124 Safari/537.36"
85.215.100.160 - - [19/Sep/2026:04:40:57 +0330] "GET /nexmart/organicgrocery/wp-admin/ HTTP/1.1" 200 115372 "www.google.com" "Mozilla/5.0 (Windows NT 10.0; Win64; x64) AppleWebKit/537.36 (KHTML, like Gecko) Chrome/91.0.4472.124 Safari/537.36"
78.110.123.2 - - [19/Sep/2026:04:41:03 +0330] "POST /nexmart/organicgrocery/wp-cron.php HTTP/1.1" 200 20 "-" "WordPress/6.9; https://themes.proac.ir/nexmart/organicgrocery"
85.215.100.160 - - [19/Sep/2026:04:41:01 +0330] "POST /framemakers/wp-admin/update.php?action=upload-plugin HTTP/1.1" 200 88669 "www.google.com" "Mozilla/5.0 (Windows NT 10.0; Win64; x64) AppleWebKit/537.36 (KHTML, like Gecko) Chrome/91.0.4472.124 Safari/537.36"
85.215.100.160 - - [19/Sep/2026:04:41:06 +0330] "GET /framemakers/wp-content/plugins/ferdomf/index.php HTTP/1.1" 200 81 "www.google.com" "Mozilla/5.0 (Windows NT 10.0; Win64; x64) AppleWebKit/537.36 (KHTML, like Gecko) Chrome/91.0.4472.124 Safari/537.36"
85.215.100.160 - - [19/Sep/2026:04:41:03 +0330] "GET /nexmart/organicgrocery/wp-admin/plugin-install.php?tab=upload HTTP/1.1" 200 102860 "www.google.com" "Mozilla/5.0 (Windows NT 10.0; Win64; x64) AppleWebKit/537.36 (KHTML, like Gecko) Chrome/91.0.4472.124 Safari/537.36"
85.215.100.160 - - [19/Sep/2026:04:41:06 +0330] "GET /gym/wp-login.php HTTP/1.1" 200 3691 "www.google.com" "Mozilla/5.0 (Windows NT 10.0; Win64; x64) AppleWebKit/537.36 (KHTML, like Gecko) Chrome/91.0.4472.124 Safari/537.36"
78.110.123.2 - - [19/Sep/2026:04:41:03 +0330] "GET /nexmart/organicgrocery/ HTTP/1.1" 200 51247 "-" "WordPress/6.9; https://themes.proac.ir/nexmart/organicgrocery"
85.215.100.160 - - [19/Sep/2026:04:41:07 +0330] "POST /gym/wp-login.php HTTP/1.1" 302 20 "https://themes.proac.ir/gym/wp-admin/" "Mozilla/5.0 (Windows NT 10.0; Win64; x64) AppleWebKit/537.36 (KHTML, like Gecko) Chrome/91.0.4472.124 Safari/537.36"
85.215.100.160 - - [19/Sep/2026:04:41:07 +0330] "GET /gym/wp-login.php?redirect_to=https%3A%2F%2Fthemes.proac.ir%2Fgym%2Fwp-admin%2F&action=confirm_admin_email&wp_lang=fa_IR HTTP/1.1" 200 1871 "https://themes.proac.ir/gym/wp-admin/" "Mozilla/5.0 (Windows NT 10.0; Win64; x64) AppleWebKit/537.36 (KHTML, like Gecko) Chrome/91.0.4472.124 Safari/537.36"
78.110.123.2 - - [19/Sep/2026:04:41:07 +0330] "GET /nexmart/organicgrocery/ HTTP/1.1" 200 51247 "-" "WordPress/6.9; https://themes.proac.ir/nexmart/organicgrocery"
85.215.100.160 - - [19/Sep/2026:04:41:08 +0330] "GET /gym/wp-admin/ HTTP/1.1" 200 102655 "www.google.com" "Mozilla/5.0 (Windows NT 10.0; Win64; x64) AppleWebKit/537.36 (KHTML, like Gecko) Chrome/91.0.4472.124 Safari/537.36"
85.215.100.160 - - [19/Sep/2026:04:41:06 +0330] "POST /nexmart/organicgrocery/wp-admin/update.php?action=upload-plugin HTTP/1.1" 200 97251 "www.google.com" "Mozilla/5.0 (Windows NT 10.0; Win64; x64) AppleWebKit/537.36 (KHTML, like Gecko) Chrome/91.0.4472.124 Safari/537.36"
85.215.100.160 - - [19/Sep/2026:04:41:11 +0330] "GET /nexmart/organicgrocery/wp-content/plugins/kkdtdkw/index.php HTTP/1.1" 200 81 "www.google.com" "Mozilla/5.0 (Windows NT 10.0; Win64; x64) AppleWebKit/537.36 (KHTML, like Gecko) Chrome/91.0.4472.124 Safari/537.36"
78.110.123.2 - - [19/Sep/2026:04:41:09 +0330] "GET /nexmart/organicgrocery/ HTTP/1.1" 200 51206 "-" "WordPress/6.9; https://themes.proac.ir/nexmart/organicgrocery"
85.215.100.160 - - [19/Sep/2026:04:41:10 +0330] "GET /gym/wp-admin/plugin-install.php?tab=upload HTTP/1.1" 200 92358 "www.google.com" "Mozilla/5.0 (Windows NT 10.0; Win64; x64) AppleWebKit/537.36 (KHTML, like Gecko) Chrome/91.0.4472.124 Safari/537.36"
78.110.123.2 - - [19/Sep/2026:04:41:11 +0330] "GET /nexmart/organicgrocery/ HTTP/1.1" 200 51249 "-" "WordPress/6.9; https://themes.proac.ir/nexmart/organicgrocery"
78.110.123.2 - - [19/Sep/2026:04:40:54 +0330] "POST /nexmart/organicgrocery/wp-cron.php?doing_wp_cron=1789780254.4790909290313720703125 HTTP/1.1" 200 20 "-" "WordPress/6.9; https://themes.proac.ir/nexmart/organicgrocery"
85.215.100.160 - - [19/Sep/2026:04:41:11 +0330] "GET /nexmart/powertools/wp-login.php HTTP/1.1" 200 3321 "www.google.com" "Mozilla/5.0 (Windows NT 10.0; Win64; x64) AppleWebKit/537.36 (KHTML, like Gecko) Chrome/91.0.4472.124 Safari/537.36"
85.215.100.160 - - [19/Sep/2026:04:41:12 +0330] "POST /gym/wp-admin/update.php?action=upload-plugin HTTP/1.1" 200 87998 "www.google.com" "Mozilla/5.0 (Windows NT 10.0; Win64; x64) AppleWebKit/537.36 (KHTML, like Gecko) Chrome/91.0.4472.124 Safari/537.36"
85.215.100.160 - - [19/Sep/2026:04:41:15 +0330] "GET /gym/wp-content/plugins/qrydiwl/index.php HTTP/1.1" 200 81 "www.google.com" "Mozilla/5.0 (Windows NT 10.0; Win64; x64) AppleWebKit/537.36 (KHTML, like Gecko) Chrome/91.0.4472.124 Safari/537.36"
85.215.100.160 - - [19/Sep/2026:04:41:15 +0330] "POST /nexmart/powertools/wp-login.php HTTP/1.1" 302 20 "https://themes.proac.ir/nexmart/powertools/wp-admin/" "Mozilla/5.0 (Windows NT 10.0; Win64; x64) AppleWebKit/537.36 (KHTML, like Gecko) Chrome/91.0.4472.124 Safari/537.36"
78.110.123.2 - - [19/Sep/2026:04:41:17 +0330] "POST /hair-saloon/wp-cron.php?doing_wp_cron=1789780277.4612860679626464843750 HTTP/1.1" 200 20 "-" "WordPress/7.1.1; https://themes.proac.ir/hair-saloon"
85.215.100.160 - - [19/Sep/2026:04:41:15 +0330] "GET /hair-saloon/wp-login.php HTTP/1.1" 200 3634 "www.google.com" "Mozilla/5.0 (Windows NT 10.0; Win64; x64) AppleWebKit/537.36 (KHTML, like Gecko) Chrome/91.0.4472.124 Safari/537.36"
85.215.100.160 - - [19/Sep/2026:04:41:18 +0330] "POST /hair-saloon/wp-login.php HTTP/1.1" 302 20 "https://themes.proac.ir/hair-saloon/wp-admin/" "Mozilla/5.0 (Windows NT 10.0; Win64; x64) AppleWebKit/537.36 (KHTML, like Gecko) Chrome/91.0.4472.124 Safari/537.36"
85.215.100.160 - - [19/Sep/2026:04:41:18 +0330] "GET /nexmart/powertools/wp-login.php?redirect_to=https%3A%2F%2Fthemes.proac.ir%2Fnexmart%2Fpowertools%2Fwp-admin%2F&action=confirm_admin_email&wp_lang=fa_IR HTTP/1.1" 200 1775 "https://themes.proac.ir/nexmart/powertools/wp-admin/" "Mozilla/5.0 (Windows NT 10.0; Win64; x64) AppleWebKit/537.36 (KHTML, like Gecko) Chrome/91.0.4472.124 Safari/537.36"
78.110.123.2 - - [19/Sep/2026:04:41:18 +0330] "POST /nexmart/powertools/wp-admin/admin-ajax.php?action=wp_1_wc_privacy_cleanup&nonce=5eae24a6ae HTTP/1.1" 200 20 "-" "WordPress/6.9; https://themes.proac.ir/nexmart/powertools"
85.215.100.160 - - [19/Sep/2026:04:41:19 +0330] "GET /hair-saloon/wp-login.php?redirect_to=https%3A%2F%2Fthemes.proac.ir%2Fhair-saloon%2Fwp-admin%2F&action=confirm_admin_email&wp_lang=fa_IR HTTP/1.1" 200 1887 "https://themes.proac.ir/hair-saloon/wp-admin/" "Mozilla/5.0 (Windows NT 10.0; Win64; x64) AppleWebKit/537.36 (KHTML, like Gecko) Chrome/91.0.4472.124 Safari/537.36"
85.215.100.160 - - [19/Sep/2026:04:41:20 +0330] "GET /hair-saloon/wp-admin/ HTTP/1.1" 200 95648 "www.google.com" "Mozilla/5.0 (Windows NT 10.0; Win64; x64) AppleWebKit/537.36 (KHTML, like Gecko) Chrome/91.0.4472.124 Safari/537.36"
85.215.100.160 - - [19/Sep/2026:04:41:19 +0330] "GET /nexmart/powertools/wp-admin/ HTTP/1.1" 200 119991 "www.google.com" "Mozilla/5.0 (Windows NT 10.0; Win64; x64) AppleWebKit/537.36 (KHTML, like Gecko) Chrome/91.0.4472.124 Safari/537.36"
78.110.123.2 - - [19/Sep/2026:04:41:23 +0330] "POST /nexmart/powertools/wp-cron.php HTTP/1.1" 200 20 "-" "WordPress/6.9; https://themes.proac.ir/nexmart/powertools"
85.215.100.160 - - [19/Sep/2026:04:41:23 +0330] "GET /hair-saloon/wp-admin/plugin-install.php?tab=upload HTTP/1.1" 200 85372 "www.google.com" "Mozilla/5.0 (Windows NT 10.0; Win64; x64) AppleWebKit/537.36 (KHTML, like Gecko) Chrome/91.0.4472.124 Safari/537.36"
78.110.123.2 - - [19/Sep/2026:04:41:23 +0330] "GET /nexmart/powertools/ HTTP/1.1" 200 16898 "-" "WordPress/6.9; https://themes.proac.ir/nexmart/powertools"
85.215.100.160 - - [19/Sep/2026:04:41:24 +0330] "GET /nexmart/powertools/wp-admin/plugin-install.php?tab=upload HTTP/1.1" 200 103837 "www.google.com" "Mozilla/5.0 (Windows NT 10.0; Win64; x64) AppleWebKit/537.36 (KHTML, like Gecko) Chrome/91.0.4472.124 Safari/537.36"
78.110.123.2 - - [19/Sep/2026:04:41:25 +0330] "GET /nexmart/powertools/ HTTP/1.1" 200 16898 "-" "WordPress/6.9; https://themes.proac.ir/nexmart/powertools"
78.110.123.2 - - [19/Sep/2026:04:41:26 +0330] "GET /nexmart/powertools/ HTTP/1.1" 200 16898 "-" "WordPress/6.9; https://themes.proac.ir/nexmart/powertools"
85.215.100.160 - - [19/Sep/2026:04:41:24 +0330] "POST /hair-saloon/wp-admin/update.php?action=upload-plugin HTTP/1.1" 200 87681 "www.google.com" "Mozilla/5.0 (Windows NT 10.0; Win64; x64) AppleWebKit/537.36 (KHTML, like Gecko) Chrome/91.0.4472.124 Safari/537.36"
78.110.123.2 - - [19/Sep/2026:04:41:27 +0330] "GET /nexmart/powertools/ HTTP/1.1" 200 16898 "-" "WordPress/6.9; https://themes.proac.ir/nexmart/powertools"
85.215.100.160 - - [19/Sep/2026:04:41:29 +0330] "GET /hair-saloon/wp-content/plugins/inymzrr/index.php HTTP/1.1" 200 81 "www.google.com" "Mozilla/5.0 (Windows NT 10.0; Win64; x64) AppleWebKit/537.36 (KHTML, like Gecko) Chrome/91.0.4472.124 Safari/537.36"
85.215.100.160 - - [19/Sep/2026:04:41:25 +0330] "POST /nexmart/powertools/wp-admin/update.php?action=upload-plugin HTTP/1.1" 200 98282 "www.google.com" "Mozilla/5.0 (Windows NT 10.0; Win64; x64) AppleWebKit/537.36 (KHTML, like Gecko) Chrome/91.0.4472.124 Safari/537.36"
85.215.100.160 - - [19/Sep/2026:04:41:30 +0330] "GET /nexmart/powertools/wp-content/plugins/eiscvsn/index.php HTTP/1.1" 200 81 "www.google.com" "Mozilla/5.0 (Windows NT 10.0; Win64; x64) AppleWebKit/537.36 (KHTML, like Gecko) Chrome/91.0.4472.124 Safari/537.36"
78.110.123.2 - - [19/Sep/2026:04:41:30 +0330] "POST /kamilia/wp-cron.php?doing_wp_cron=1789780290.0639710426330566406250 HTTP/1.1" 200 20 "-" "WordPress/7.1.1; https://themes.proac.ir/kamilia"
85.215.100.160 - - [19/Sep/2026:04:41:29 +0330] "GET /kamilia/wp-login.php HTTP/1.1" 200 3648 "www.google.com" "Mozilla/5.0 (Windows NT 10.0; Win64; x64) AppleWebKit/537.36 (KHTML, like Gecko) Chrome/91.0.4472.124 Safari/537.36"
85.215.100.160 - - [19/Sep/2026:04:41:30 +0330] "POST /kamilia/wp-login.php HTTP/1.1" 302 20 "https://themes.proac.ir/kamilia/wp-admin/" "Mozilla/5.0 (Windows NT 10.0; Win64; x64) AppleWebKit/537.36 (KHTML, like Gecko) Chrome/91.0.4472.124 Safari/537.36"
85.215.100.160 - - [19/Sep/2026:04:41:31 +0330] "GET /kamilia/wp-login.php?redirect_to=https%3A%2F%2Fthemes.proac.ir%2Fkamilia%2Fwp-admin%2F&action=confirm_admin_email&wp_lang=fa_IR HTTP/1.1" 200 1892 "https://themes.proac.ir/kamilia/wp-admin/" "Mozilla/5.0 (Windows NT 10.0; Win64; x64) AppleWebKit/537.36 (KHTML, like Gecko) Chrome/91.0.4472.124 Safari/537.36"
78.110.123.2 - - [19/Sep/2026:04:41:32 +0330] "POST /oniox/wp-cron.php?doing_wp_cron=1789780292.0753428936004638671875 HTTP/1.1" 200 20 "-" "WordPress/7.1.1; https://themes.proac.ir/oniox"
85.215.100.160 - - [19/Sep/2026:04:41:30 +0330] "GET /oniox/wp-login.php HTTP/1.1" 200 3694 "www.google.com" "Mozilla/5.0 (Windows NT 10.0; Win64; x64) AppleWebKit/537.36 (KHTML, like Gecko) Chrome/91.0.4472.124 Safari/537.36"
85.215.100.160 - - [19/Sep/2026:04:41:32 +0330] "POST /oniox/wp-login.php HTTP/1.1" 302 20 "https://themes.proac.ir/oniox/wp-admin/" "Mozilla/5.0 (Windows NT 10.0; Win64; x64) AppleWebKit/537.36 (KHTML, like Gecko) Chrome/91.0.4472.124 Safari/537.36"
85.215.100.160 - - [19/Sep/2026:04:41:33 +0330] "GET /oniox/wp-login.php?redirect_to=https%3A%2F%2Fthemes.proac.ir%2Foniox%2Fwp-admin%2F&action=confirm_admin_email&wp_lang=fa_IR HTTP/1.1" 200 1879 "https://themes.proac.ir/oniox/wp-admin/" "Mozilla/5.0 (Windows NT 10.0; Win64; x64) AppleWebKit/537.36 (KHTML, like Gecko) Chrome/91.0.4472.124 Safari/537.36"
85.215.100.160 - - [19/Sep/2026:04:41:32 +0330] "GET /kamilia/wp-admin/ HTTP/1.1" 200 95783 "www.google.com" "Mozilla/5.0 (Windows NT 10.0; Win64; x64) AppleWebKit/537.36 (KHTML, like Gecko) Chrome/91.0.4472.124 Safari/537.36"
78.110.123.2 - - [19/Sep/2026:04:41:35 +0330] "POST /nexmart/powertools/wp-cron.php?doing_wp_cron=1789780295.7309401035308837890625 HTTP/1.1" 200 20 "-" "WordPress/7.1.1; https://themes.proac.ir/nexmart/powertools"
78.110.123.2 - - [19/Sep/2026:04:41:35 +0330] "POST /nexmart/powertools/wp-admin/upgrade.php?step=upgrade_db HTTP/1.1" 200 21 "-" "WordPress/6.9; https://themes.proac.ir/nexmart/powertools"
85.215.100.160 - - [19/Sep/2026:04:41:35 +0330] "GET /kamilia/wp-admin/plugin-install.php?tab=upload HTTP/1.1" 200 85859 "www.google.com" "Mozilla/5.0 (Windows NT 10.0; Win64; x64) AppleWebKit/537.36 (KHTML, like Gecko) Chrome/91.0.4472.124 Safari/537.36"
85.215.100.160 - - [19/Sep/2026:04:41:34 +0330] "GET /oniox/wp-admin/ HTTP/1.1" 200 70402 "www.google.com" "Mozilla/5.0 (Windows NT 10.0; Win64; x64) AppleWebKit/537.36 (KHTML, like Gecko) Chrome/91.0.4472.124 Safari/537.36"
78.110.123.2 - - [19/Sep/2026:04:41:13 +0330] "POST /nexmart/powertools/wp-cron.php?doing_wp_cron=1789780273.9391310214996337890625 HTTP/1.1" 200 20 "-" "WordPress/6.9; https://themes.proac.ir/nexmart/powertools"
85.215.100.160 - - [19/Sep/2026:04:41:37 +0330] "GET /oniox/wp-admin/plugin-install.php?tab=upload HTTP/1.1" 200 60369 "www.google.com" "Mozilla/5.0 (Windows NT 10.0; Win64; x64) AppleWebKit/537.36 (KHTML, like Gecko) Chrome/91.0.4472.124 Safari/537.36"
85.215.100.160 - - [19/Sep/2026:04:41:36 +0330] "POST /kamilia/wp-admin/update.php?action=upload-plugin HTTP/1.1" 200 88386 "www.google.com" "Mozilla/5.0 (Windows NT 10.0; Win64; x64) AppleWebKit/537.36 (KHTML, like Gecko) Chrome/91.0.4472.124 Safari/537.36"
85.215.100.160 - - [19/Sep/2026:04:41:41 +0330] "GET /kamilia/wp-content/plugins/ujqxlzf/index.php HTTP/1.1" 200 81 "www.google.com" "Mozilla/5.0 (Windows NT 10.0; Win64; x64) AppleWebKit/537.36 (KHTML, like Gecko) Chrome/91.0.4472.124 Safari/537.36"
85.215.100.160 - - [19/Sep/2026:04:41:42 +0330] "GET /leadflix/wp-login.php HTTP/1.1" 200 3819 "www.google.com" "Mozilla/5.0 (Windows NT 10.0; Win64; x64) AppleWebKit/537.36 (KHTML, like Gecko) Chrome/91.0.4472.124 Safari/537.36"
85.215.100.160 - - [19/Sep/2026:04:41:42 +0330] "POST /leadflix/wp-login.php HTTP/1.1" 302 20 "https://themes.proac.ir/leadflix/wp-admin/" "Mozilla/5.0 (Windows NT 10.0; Win64; x64) AppleWebKit/537.36 (KHTML, like Gecko) Chrome/91.0.4472.124 Safari/537.36"
85.215.100.160 - - [19/Sep/2026:04:41:39 +0330] "POST /oniox/wp-admin/update.php?action=upload-plugin HTTP/1.1" 200 56261 "www.google.com" "Mozilla/5.0 (Windows NT 10.0; Win64; x64) AppleWebKit/537.36 (KHTML, like Gecko) Chrome/91.0.4472.124 Safari/537.36"
85.215.100.160 - - [19/Sep/2026:04:41:43 +0330] "GET /leadflix/wp-login.php?redirect_to=https%3A%2F%2Fthemes.proac.ir%2Fleadflix%2Fwp-admin%2F&action=confirm_admin_email&wp_lang=fa_IR HTTP/1.1" 200 2004 "https://themes.proac.ir/leadflix/wp-admin/" "Mozilla/5.0 (Windows NT 10.0; Win64; x64) AppleWebKit/537.36 (KHTML, like Gecko) Chrome/91.0.4472.124 Safari/537.36"
85.215.100.160 - - [19/Sep/2026:04:41:44 +0330] "GET /oniox/wp-content/plugins/jwsjjqr/index.php HTTP/1.1" 200 81 "www.google.com" "Mozilla/5.0 (Windows NT 10.0; Win64; x64) AppleWebKit/537.36 (KHTML, like Gecko) Chrome/91.0.4472.124 Safari/537.36"
85.215.100.160 - - [19/Sep/2026:04:41:44 +0330] "GET /leadflix/wp-admin/ HTTP/1.1" 200 103436 "www.google.com" "Mozilla/5.0 (Windows NT 10.0; Win64; x64) AppleWebKit/537.36 (KHTML, like Gecko) Chrome/91.0.4472.124 Safari/537.36"
85.215.100.160 - - [19/Sep/2026:04:41:46 +0330] "GET /leadflix/wp-admin/plugin-install.php?tab=upload HTTP/1.1" 200 93125 "www.google.com" "Mozilla/5.0 (Windows NT 10.0; Win64; x64) AppleWebKit/537.36 (KHTML, like Gecko) Chrome/91.0.4472.124 Safari/537.36"
85.215.100.160 - - [19/Sep/2026:04:41:45 +0330] "GET /personal-portfolio/wp-login.php HTTP/1.1" 200 3353 "www.google.com" "Mozilla/5.0 (Windows NT 10.0; Win64; x64) AppleWebKit/537.36 (KHTML, like Gecko) Chrome/91.0.4472.124 Safari/537.36"
85.215.100.160 - - [19/Sep/2026:04:41:47 +0330] "POST /personal-portfolio/wp-login.php HTTP/1.1" 302 20 "https://themes.proac.ir/personal-portfolio/wp-admin/" "Mozilla/5.0 (Windows NT 10.0; Win64; x64) AppleWebKit/537.36 (KHTML, like Gecko) Chrome/91.0.4472.124 Safari/537.36"
85.215.100.160 - - [19/Sep/2026:04:41:48 +0330] "GET /personal-portfolio/wp-login.php?redirect_to=https%3A%2F%2Fthemes.proac.ir%2Fpersonal-portfolio%2Fwp-admin%2F&action=confirm_admin_email&wp_lang=fa_IR HTTP/1.1" 200 1874 "https://themes.proac.ir/personal-portfolio/wp-admin/" "Mozilla/5.0 (Windows NT 10.0; Win64; x64) AppleWebKit/537.36 (KHTML, like Gecko) Chrome/91.0.4472.124 Safari/537.36"
85.215.100.160 - - [19/Sep/2026:04:41:49 +0330] "GET /personal-portfolio/wp-admin/ HTTP/1.1" 503 713 "www.google.com" "Mozilla/5.0 (Windows NT 10.0; Win64; x64) AppleWebKit/537.36 (KHTML, like Gecko) Chrome/91.0.4472.124 Safari/537.36"
85.215.100.160 - - [19/Sep/2026:04:41:47 +0330] "POST /leadflix/wp-admin/update.php?action=upload-plugin HTTP/1.1" 200 88781 "www.google.com" "Mozilla/5.0 (Windows NT 10.0; Win64; x64) AppleWebKit/537.36 (KHTML, like Gecko) Chrome/91.0.4472.124 Safari/537.36"
85.215.100.160 - - [19/Sep/2026:04:41:49 +0330] "GET /personal-trainer/wp-login.php HTTP/1.1" 200 3705 "www.google.com" "Mozilla/5.0 (Windows NT 10.0; Win64; x64) AppleWebKit/537.36 (KHTML, like Gecko) Chrome/91.0.4472.124 Safari/537.36"
85.215.100.160 - - [19/Sep/2026:04:41:51 +0330] "GET /leadflix/wp-content/plugins/maguqku/index.php HTTP/1.1" 200 81 "www.google.com" "Mozilla/5.0 (Windows NT 10.0; Win64; x64) AppleWebKit/537.36 (KHTML, like Gecko) Chrome/91.0.4472.124 Safari/537.36"
85.215.100.160 - - [19/Sep/2026:04:41:51 +0330] "POST /personal-trainer/wp-login.php HTTP/1.1" 302 20 "https://themes.proac.ir/personal-trainer/wp-admin/" "Mozilla/5.0 (Windows NT 10.0; Win64; x64) AppleWebKit/537.36 (KHTML, like Gecko) Chrome/91.0.4472.124 Safari/537.36"
85.215.100.160 - - [19/Sep/2026:04:41:52 +0330] "GET /personal-trainer/wp-login.php?redirect_to=https%3A%2F%2Fthemes.proac.ir%2Fpersonal-trainer%2Fwp-admin%2F&action=confirm_admin_email&wp_lang=fa_IR HTTP/1.1" 200 1883 "https://themes.proac.ir/personal-trainer/wp-admin/" "Mozilla/5.0 (Windows NT 10.0; Win64; x64) AppleWebKit/537.36 (KHTML, like Gecko) Chrome/91.0.4472.124 Safari/537.36"
85.215.100.160 - - [19/Sep/2026:04:41:51 +0330] "GET /letsgo/wp-login.php HTTP/1.1" 200 3780 "www.google.com" "Mozilla/5.0 (Windows NT 10.0; Win64; x64) AppleWebKit/537.36 (KHTML, like Gecko) Chrome/91.0.4472.124 Safari/537.36"
78.110.123.2 - - [19/Sep/2026:04:41:52 +0330] "POST /letsgo/wp-cron.php?doing_wp_cron=1789780312.6243588924407958984375 HTTP/1.1" 200 20 "-" "WordPress/7.1.1; https://themes.proac.ir/letsgo"
85.215.100.160 - - [19/Sep/2026:04:41:53 +0330] "POST /letsgo/wp-login.php HTTP/1.1" 302 20 "https://themes.proac.ir/letsgo/wp-admin/" "Mozilla/5.0 (Windows NT 10.0; Win64; x64) AppleWebKit/537.36 (KHTML, like Gecko) Chrome/91.0.4472.124 Safari/537.36"
85.215.100.160 - - [19/Sep/2026:04:41:54 +0330] "GET /letsgo/wp-login.php?redirect_to=https%3A%2F%2Fthemes.proac.ir%2Fletsgo%2Fwp-admin%2F&action=confirm_admin_email&wp_lang=fa_IR HTTP/1.1" 200 1943 "https://themes.proac.ir/letsgo/wp-admin/" "Mozilla/5.0 (Windows NT 10.0; Win64; x64) AppleWebKit/537.36 (KHTML, like Gecko) Chrome/91.0.4472.124 Safari/537.36"
85.215.100.160 - - [19/Sep/2026:04:41:53 +0330] "GET /personal-trainer/wp-admin/ HTTP/1.1" 200 103357 "www.google.com" "Mozilla/5.0 (Windows NT 10.0; Win64; x64) AppleWebKit/537.36 (KHTML, like Gecko) Chrome/91.0.4472.124 Safari/537.36"
78.110.123.2 - - [19/Sep/2026:04:41:57 +0330] "POST /personal-portfolio/wp-cron.php?doing_wp_cron=1789780317.2110059261322021484375 HTTP/1.1" 200 20 "-" "WordPress/7.1.1; https://themes.proac.ir/personal-portfolio"
78.110.123.2 - - [19/Sep/2026:04:41:56 +0330] "POST /personal-portfolio/wp-admin/upgrade.php?step=upgrade_db HTTP/1.1" 200 21 "-" "WordPress/6.9; https://themes.proac.ir/personal-portfolio"
85.215.100.160 - - [19/Sep/2026:04:41:56 +0330] "GET /letsgo/wp-admin/ HTTP/1.1" 200 106866 "www.google.com" "Mozilla/5.0 (Windows NT 10.0; Win64; x64) AppleWebKit/537.36 (KHTML, like Gecko) Chrome/91.0.4472.124 Safari/537.36"
85.215.100.160 - - [19/Sep/2026:04:41:57 +0330] "GET /personal-trainer/wp-admin/plugin-install.php?tab=upload HTTP/1.1" 200 92889 "www.google.com" "Mozilla/5.0 (Windows NT 10.0; Win64; x64) AppleWebKit/537.36 (KHTML, like Gecko) Chrome/91.0.4472.124 Safari/537.36"
85.215.100.160 - - [19/Sep/2026:04:41:58 +0330] "GET /letsgo/wp-admin/plugin-install.php?tab=upload HTTP/1.1" 200 96109 "www.google.com" "Mozilla/5.0 (Windows NT 10.0; Win64; x64) AppleWebKit/537.36 (KHTML, like Gecko) Chrome/91.0.4472.124 Safari/537.36"
85.215.100.160 - - [19/Sep/2026:04:41:58 +0330] "POST /personal-trainer/wp-admin/update.php?action=upload-plugin HTTP/1.1" 200 88544 "www.google.com" "Mozilla/5.0 (Windows NT 10.0; Win64; x64) AppleWebKit/537.36 (KHTML, like Gecko) Chrome/91.0.4472.124 Safari/537.36"
85.215.100.160 - - [19/Sep/2026:04:42:02 +0330] "GET /personal-trainer/wp-content/plugins/nrlznqs/index.php HTTP/1.1" 200 81 "www.google.com" "Mozilla/5.0 (Windows NT 10.0; Win64; x64) AppleWebKit/537.36 (KHTML, like Gecko) Chrome/91.0.4472.124 Safari/537.36"
85.215.100.160 - - [19/Sep/2026:04:42:00 +0330] "POST /letsgo/wp-admin/update.php?action=upload-plugin HTTP/1.1" 200 91903 "www.google.com" "Mozilla/5.0 (Windows NT 10.0; Win64; x64) AppleWebKit/537.36 (KHTML, like Gecko) Chrome/91.0.4472.124 Safari/537.36"
85.215.100.160 - - [19/Sep/2026:04:42:04 +0330] "GET /letsgo/wp-content/plugins/smnhikb/index.php HTTP/1.1" 200 81 "www.google.com" "Mozilla/5.0 (Windows NT 10.0; Win64; x64) AppleWebKit/537.36 (KHTML, like Gecko) Chrome/91.0.4472.124 Safari/537.36"
85.215.100.160 - - [19/Sep/2026:04:42:02 +0330] "GET /photography/wp-login.php HTTP/1.1" 200 3153 "www.google.com" "Mozilla/5.0 (Windows NT 10.0; Win64; x64) AppleWebKit/537.36 (KHTML, like Gecko) Chrome/91.0.4472.124 Safari/537.36"
85.215.100.160 - - [19/Sep/2026:04:42:05 +0330] "POST /photography/wp-login.php HTTP/1.1" 302 20 "https://themes.proac.ir/photography/wp-admin/" "Mozilla/5.0 (Windows NT 10.0; Win64; x64) AppleWebKit/537.36 (KHTML, like Gecko) Chrome/91.0.4472.124 Safari/537.36"
85.215.100.160 - - [19/Sep/2026:04:42:06 +0330] "GET /photography/wp-login.php?redirect_to=https%3A%2F%2Fthemes.proac.ir%2Fphotography%2Fwp-admin%2F&action=confirm_admin_email&wp_lang=fa_IR HTTP/1.1" 200 1655 "https://themes.proac.ir/photography/wp-admin/" "Mozilla/5.0 (Windows NT 10.0; Win64; x64) AppleWebKit/537.36 (KHTML, like Gecko) Chrome/91.0.4472.124 Safari/537.36"
78.110.123.2 - - [19/Sep/2026:04:42:07 +0330] "POST /personal-portfolio/wp-cron.php HTTP/1.1" 200 20 "-" "WordPress/6.9; https://themes.proac.ir/personal-portfolio"
85.215.100.160 - - [19/Sep/2026:04:42:05 +0330] "GET /limo/default/wp-login.php HTTP/1.1" 200 3683 "www.google.com" "Mozilla/5.0 (Windows NT 10.0; Win64; x64) AppleWebKit/537.36 (KHTML, like Gecko) Chrome/91.0.4472.124 Safari/537.36"
85.215.100.160 - - [19/Sep/2026:04:42:07 +0330] "POST /limo/default/wp-login.php HTTP/1.1" 302 20 "https://themes.proac.ir/limo/default/wp-admin/" "Mozilla/5.0 (Windows NT 10.0; Win64; x64) AppleWebKit/537.36 (KHTML, like Gecko) Chrome/91.0.4472.124 Safari/537.36"
78.110.123.2 - - [19/Sep/2026:04:42:07 +0330] "GET /personal-portfolio/ HTTP/1.1" 200 18824 "-" "WordPress/6.9; https://themes.proac.ir/personal-portfolio"
85.215.100.160 - - [19/Sep/2026:04:42:08 +0330] "GET /limo/default/wp-login.php?redirect_to=https%3A%2F%2Fthemes.proac.ir%2Flimo%2Fdefault%2Fwp-admin%2F&action=confirm_admin_email&wp_lang=fa_IR HTTP/1.1" 200 1798 "https://themes.proac.ir/limo/default/wp-admin/" "Mozilla/5.0 (Windows NT 10.0; Win64; x64) AppleWebKit/537.36 (KHTML, like Gecko) Chrome/91.0.4472.124 Safari/537.36"
85.215.100.160 - - [19/Sep/2026:04:42:06 +0330] "GET /photography/wp-admin/ HTTP/1.1" 200 60330 "www.google.com" "Mozilla/5.0 (Windows NT 10.0; Win64; x64) AppleWebKit/537.36 (KHTML, like Gecko) Chrome/91.0.4472.124 Safari/537.36"
78.110.123.2 - - [19/Sep/2026:04:42:09 +0330] "GET /personal-portfolio/ HTTP/1.1" 200 18824 "-" "WordPress/6.9; https://themes.proac.ir/personal-portfolio"
78.110.123.2 - - [19/Sep/2026:04:42:06 +0330] "POST /limo/default/wp-cron.php?doing_wp_cron=1789780326.4234209060668945312500 HTTP/1.1" 200 20 "-" "WordPress/7.1.1; https://themes.proac.ir/limo/default"
85.215.100.160 - - [19/Sep/2026:04:42:10 +0330] "GET /photography/wp-admin/plugin-install.php?tab=upload HTTP/1.1" 503 708 "www.google.com" "Mozilla/5.0 (Windows NT 10.0; Win64; x64) AppleWebKit/537.36 (KHTML, like Gecko) Chrome/91.0.4472.124 Safari/537.36"
85.215.100.160 - - [19/Sep/2026:04:42:10 +0330] "GET /photography/wp-admin/plugin-install.php?s=File+Manager&tab=search&type=term HTTP/1.1" 503 708 "www.google.com" "Mozilla/5.0 (Windows NT 10.0; Win64; x64) AppleWebKit/537.36 (KHTML, like Gecko) Chrome/91.0.4472.124 Safari/537.36"
85.215.100.160 - - [19/Sep/2026:04:42:11 +0330] "GET /photography/wp-admin/theme-install.php?tab=upload HTTP/1.1" 503 708 "www.google.com" "Mozilla/5.0 (Windows NT 10.0; Win64; x64) AppleWebKit/537.36 (KHTML, like Gecko) Chrome/91.0.4472.124 Safari/537.36"
85.215.100.160 - - [19/Sep/2026:04:42:11 +0330] "GET /photography/wp-admin/theme-editor.php?file=404.php HTTP/1.1" 503 708 "www.google.com" "Mozilla/5.0 (Windows NT 10.0; Win64; x64) AppleWebKit/537.36 (KHTML, like Gecko) Chrome/91.0.4472.124 Safari/537.36"
78.110.123.2 - - [19/Sep/2026:04:42:10 +0330] "GET /personal-portfolio/ HTTP/1.1" 200 18824 "-" "WordPress/6.9; https://themes.proac.ir/personal-portfolio"
85.215.100.160 - - [19/Sep/2026:04:42:11 +0330] "GET /photography/wp-admin/plugin-install.php?tab=upload HTTP/1.1" 503 708 "www.google.com" "Mozilla/5.0 (Windows NT 10.0; Win64; x64) AppleWebKit/537.36 (KHTML, like Gecko) Chrome/91.0.4472.124 Safari/537.36"
85.215.100.160 - - [19/Sep/2026:04:42:12 +0330] "GET /photography/wp-admin/theme-editor.php?file=404.php HTTP/1.1" 503 708 "www.google.com" "Mozilla/5.0 (Windows NT 10.0; Win64; x64) AppleWebKit/537.36 (KHTML, like Gecko) Chrome/91.0.4472.124 Safari/537.36"
78.110.123.2 - - [19/Sep/2026:04:42:11 +0330] "GET /personal-portfolio/ HTTP/1.1" 200 18824 "-" "WordPress/6.9; https://themes.proac.ir/personal-portfolio"
85.215.100.160 - - [19/Sep/2026:04:42:09 +0330] "GET /limo/default/wp-admin/ HTTP/1.1" 200 132050 "www.google.com" "Mozilla/5.0 (Windows NT 10.0; Win64; x64) AppleWebKit/537.36 (KHTML, like Gecko) Chrome/91.0.4472.124 Safari/537.36"
78.110.123.2 - - [19/Sep/2026:04:41:46 +0330] "POST /personal-portfolio/wp-cron.php?doing_wp_cron=1789780306.6292839050292968750000 HTTP/1.1" 200 20 "-" "WordPress/6.9; https://themes.proac.ir/personal-portfolio"
85.215.100.160 - - [19/Sep/2026:04:42:12 +0330] "GET /podcast/wp-login.php HTTP/1.1" 200 3822 "www.google.com" "Mozilla/5.0 (Windows NT 10.0; Win64; x64) AppleWebKit/537.36 (KHTML, like Gecko) Chrome/91.0.4472.124 Safari/537.36"
78.110.123.2 - - [19/Sep/2026:04:42:14 +0330] "POST /photography/wp-cron.php?doing_wp_cron=1789780334.7964799404144287109375 HTTP/1.1" 200 20 "-" "WordPress/7.1.1; https://themes.proac.ir/photography"
78.110.123.2 - - [19/Sep/2026:04:42:14 +0330] "POST /photography/wp-admin/upgrade.php?step=upgrade_db HTTP/1.1" 200 21 "-" "WordPress/6.9; https://themes.proac.ir/photography"
85.215.100.160 - - [19/Sep/2026:04:42:14 +0330] "POST /podcast/wp-login.php HTTP/1.1" 302 20 "https://themes.proac.ir/podcast/wp-admin/" "Mozilla/5.0 (Windows NT 10.0; Win64; x64) AppleWebKit/537.36 (KHTML, like Gecko) Chrome/91.0.4472.124 Safari/537.36"
85.215.100.160 - - [19/Sep/2026:04:42:15 +0330] "GET /podcast/wp-login.php?redirect_to=https%3A%2F%2Fthemes.proac.ir%2Fpodcast%2Fwp-admin%2F&action=confirm_admin_email&wp_lang=fa_IR HTTP/1.1" 200 2005 "https://themes.proac.ir/podcast/wp-admin/" "Mozilla/5.0 (Windows NT 10.0; Win64; x64) AppleWebKit/537.36 (KHTML, like Gecko) Chrome/91.0.4472.124 Safari/537.36"
85.215.100.160 - - [19/Sep/2026:04:42:14 +0330] "GET /limo/default/wp-admin/plugin-install.php?tab=upload HTTP/1.1" 200 115885 "www.google.com" "Mozilla/5.0 (Windows NT 10.0; Win64; x64) AppleWebKit/537.36 (KHTML, like Gecko) Chrome/91.0.4472.124 Safari/537.36"
78.110.123.2 - - [19/Sep/2026:04:42:13 +0330] "POST /podcast/wp-cron.php?doing_wp_cron=1789780333.7750461101531982421875 HTTP/1.1" 200 20 "-" "WordPress/7.1.1; https://themes.proac.ir/podcast"
85.215.100.160 - - [19/Sep/2026:04:42:16 +0330] "GET /podcast/wp-admin/ HTTP/1.1" 200 102947 "www.google.com" "Mozilla/5.0 (Windows NT 10.0; Win64; x64) AppleWebKit/537.36 (KHTML, like Gecko) Chrome/91.0.4472.124 Safari/537.36"
85.215.100.160 - - [19/Sep/2026:04:42:19 +0330] "GET /podcast/wp-admin/plugin-install.php?tab=upload HTTP/1.1" 200 92463 "www.google.com" "Mozilla/5.0 (Windows NT 10.0; Win64; x64) AppleWebKit/537.36 (KHTML, like Gecko) Chrome/91.0.4472.124 Safari/537.36"
85.215.100.160 - - [19/Sep/2026:04:42:17 +0330] "POST /limo/default/wp-admin/update.php?action=upload-plugin HTTP/1.1" 200 109549 "www.google.com" "Mozilla/5.0 (Windows NT 10.0; Win64; x64) AppleWebKit/537.36 (KHTML, like Gecko) Chrome/91.0.4472.124 Safari/537.36"
85.215.100.160 - - [19/Sep/2026:04:42:21 +0330] "GET /limo/default/wp-content/plugins/knvdfji/index.php HTTP/1.1" 200 81 "www.google.com" "Mozilla/5.0 (Windows NT 10.0; Win64; x64) AppleWebKit/537.36 (KHTML, like Gecko) Chrome/91.0.4472.124 Safari/537.36"
78.110.123.2 - - [19/Sep/2026:04:42:22 +0330] "POST /magazine/wp-cron.php?doing_wp_cron=1789780342.5444331169128417968750 HTTP/1.1" 200 639 "-" "WordPress/7.1.1; https://themes.proac.ir/magazine"
85.215.100.160 - - [19/Sep/2026:04:42:21 +0330] "GET /magazine/wp-login.php HTTP/1.1" 200 4138 "www.google.com" "Mozilla/5.0 (Windows NT 10.0; Win64; x64) AppleWebKit/537.36 (KHTML, like Gecko) Chrome/91.0.4472.124 Safari/537.36"
85.215.100.160 - - [19/Sep/2026:04:42:20 +0330] "POST /podcast/wp-admin/update.php?action=upload-plugin HTTP/1.1" 200 88146 "www.google.com" "Mozilla/5.0 (Windows NT 10.0; Win64; x64) AppleWebKit/537.36 (KHTML, like Gecko) Chrome/91.0.4472.124 Safari/537.36"
78.110.123.2 - - [19/Sep/2026:04:42:23 +0330] "POST /photography/wp-cron.php HTTP/1.1" 200 20 "-" "WordPress/6.9; https://themes.proac.ir/photography"
85.215.100.160 - - [19/Sep/2026:04:42:23 +0330] "GET /podcast/wp-content/plugins/caclvlp/index.php HTTP/1.1" 200 81 "www.google.com" "Mozilla/5.0 (Windows NT 10.0; Win64; x64) AppleWebKit/537.36 (KHTML, like Gecko) Chrome/91.0.4472.124 Safari/537.36"
85.215.100.160 - - [19/Sep/2026:04:42:24 +0330] "GET /proactive/wp-login.php HTTP/1.1" 200 51437 "www.google.com" "Mozilla/5.0 (Windows NT 10.0; Win64; x64) AppleWebKit/537.36 (KHTML, like Gecko) Chrome/91.0.4472.124 Safari/537.36"
85.215.100.160 - - [19/Sep/2026:04:42:23 +0330] "POST /magazine/wp-login.php HTTP/1.1" 302 713 "https://themes.proac.ir/magazine/wp-admin/" "Mozilla/5.0 (Windows NT 10.0; Win64; x64) AppleWebKit/537.36 (KHTML, like Gecko) Chrome/91.0.4472.124 Safari/537.36"
85.215.100.160 - - [19/Sep/2026:04:42:24 +0330] "POST /proactive/wp-login.php HTTP/1.1" 200 51437 "https://themes.proac.ir/proactive/wp-admin/" "Mozilla/5.0 (Windows NT 10.0; Win64; x64) AppleWebKit/537.36 (KHTML, like Gecko) Chrome/91.0.4472.124 Safari/537.36"
78.110.123.2 - - [19/Sep/2026:04:42:23 +0330] "GET /photography/ HTTP/1.1" 200 10949 "-" "WordPress/6.9; https://themes.proac.ir/photography"
85.215.100.160 - - [19/Sep/2026:04:42:24 +0330] "GET /proactive/wp-admin/ HTTP/1.1" 200 7864 "www.google.com" "Mozilla/5.0 (Windows NT 10.0; Win64; x64) AppleWebKit/537.36 (KHTML, like Gecko) Chrome/91.0.4472.124 Safari/537.36"
85.215.100.160 - - [19/Sep/2026:04:42:24 +0330] "GET /magazine/wp-login.php?redirect_to=https%3A%2F%2Fthemes.proac.ir%2Fmagazine%2Fwp-admin%2F&action=confirm_admin_email&wp_lang=fa_IR HTTP/1.1" 200 2431 "https://themes.proac.ir/magazine/wp-admin/" "Mozilla/5.0 (Windows NT 10.0; Win64; x64) AppleWebKit/537.36 (KHTML, like Gecko) Chrome/91.0.4472.124 Safari/537.36"
78.110.123.2 - - [19/Sep/2026:04:42:24 +0330] "GET /photography/ HTTP/1.1" 200 10949 "-" "WordPress/6.9; https://themes.proac.ir/photography"
78.110.123.2 - - [19/Sep/2026:04:42:25 +0330] "GET /photography/ HTTP/1.1" 200 10949 "-" "WordPress/6.9; https://themes.proac.ir/photography"
78.110.123.2 - - [19/Sep/2026:04:42:26 +0330] "GET /photography/ HTTP/1.1" 200 10949 "-" "WordPress/6.9; https://themes.proac.ir/photography"
85.215.100.160 - - [19/Sep/2026:04:42:24 +0330] "GET /magazine/wp-admin/ HTTP/1.1" 200 96496 "www.google.com" "Mozilla/5.0 (Windows NT 10.0; Win64; x64) AppleWebKit/537.36 (KHTML, like Gecko) Chrome/91.0.4472.124 Safari/537.36"
85.215.100.160 - - [19/Sep/2026:04:42:24 +0330] "GET /projectmanager/wp-login.php HTTP/1.1" 200 3350 "www.google.com" "Mozilla/5.0 (Windows NT 10.0; Win64; x64) AppleWebKit/537.36 (KHTML, like Gecko) Chrome/91.0.4472.124 Safari/537.36"
78.110.123.2 - - [19/Sep/2026:04:42:04 +0330] "POST /photography/wp-cron.php?doing_wp_cron=1789780324.5921618938446044921875 HTTP/1.1" 200 20 "-" "WordPress/6.9; https://themes.proac.ir/photography"
85.215.100.160 - - [19/Sep/2026:04:42:27 +0330] "POST /projectmanager/wp-login.php HTTP/1.1" 302 20 "https://themes.proac.ir/projectmanager/wp-admin/" "Mozilla/5.0 (Windows NT 10.0; Win64; x64) AppleWebKit/537.36 (KHTML, like Gecko) Chrome/91.0.4472.124 Safari/537.36"
85.215.100.160 - - [19/Sep/2026:04:42:27 +0330] "GET /magazine/wp-admin/plugin-install.php?tab=upload HTTP/1.1" 200 86146 "www.google.com" "Mozilla/5.0 (Windows NT 10.0; Win64; x64) AppleWebKit/537.36 (KHTML, like Gecko) Chrome/91.0.4472.124 Safari/537.36"
85.215.100.160 - - [19/Sep/2026:04:42:28 +0330] "GET /projectmanager/wp-login.php?redirect_to=https%3A%2F%2Fthemes.proac.ir%2Fprojectmanager%2Fwp-admin%2F&action=confirm_admin_email&wp_lang=fa_IR HTTP/1.1" 200 1873 "https://themes.proac.ir/projectmanager/wp-admin/" "Mozilla/5.0 (Windows NT 10.0; Win64; x64) AppleWebKit/537.36 (KHTML, like Gecko) Chrome/91.0.4472.124 Safari/537.36"
85.215.100.160 - - [19/Sep/2026:04:42:29 +0330] "GET /projectmanager/wp-admin/ HTTP/1.1" 503 710 "www.google.com" "Mozilla/5.0 (Windows NT 10.0; Win64; x64) AppleWebKit/537.36 (KHTML, like Gecko) Chrome/91.0.4472.124 Safari/537.36"
85.215.100.160 - - [19/Sep/2026:04:42:29 +0330] "GET /restaurant/wp-login.php HTTP/1.1" 200 3695 "www.google.com" "Mozilla/5.0 (Windows NT 10.0; Win64; x64) AppleWebKit/537.36 (KHTML, like Gecko) Chrome/91.0.4472.124 Safari/537.36"
85.215.100.160 - - [19/Sep/2026:04:42:32 +0330] "POST /restaurant/wp-login.php HTTP/1.1" 302 20 "https://themes.proac.ir/restaurant/wp-admin/" "Mozilla/5.0 (Windows NT 10.0; Win64; x64) AppleWebKit/537.36 (KHTML, like Gecko) Chrome/91.0.4472.124 Safari/537.36"
85.215.100.160 - - [19/Sep/2026:04:42:29 +0330] "POST /magazine/wp-admin/update.php?action=upload-plugin HTTP/1.1" 200 88630 "www.google.com" "Mozilla/5.0 (Windows NT 10.0; Win64; x64) AppleWebKit/537.36 (KHTML, like Gecko) Chrome/91.0.4472.124 Safari/537.36"
85.215.100.160 - - [19/Sep/2026:04:42:33 +0330] "GET /magazine/wp-content/plugins/gxsgall/index.php HTTP/1.1" 200 81 "www.google.com" "Mozilla/5.0 (Windows NT 10.0; Win64; x64) AppleWebKit/537.36 (KHTML, like Gecko) Chrome/91.0.4472.124 Safari/537.36"
85.215.100.160 - - [19/Sep/2026:04:42:32 +0330] "GET /restaurant/wp-login.php?redirect_to=https%3A%2F%2Fthemes.proac.ir%2Frestaurant%2Fwp-admin%2F&action=confirm_admin_email&wp_lang=fa_IR HTTP/1.1" 200 1886 "https://themes.proac.ir/restaurant/wp-admin/" "Mozilla/5.0 (Windows NT 10.0; Win64; x64) AppleWebKit/537.36 (KHTML, like Gecko) Chrome/91.0.4472.124 Safari/537.36"
78.110.123.2 - - [19/Sep/2026:04:42:30 +0330] "POST /restaurant/wp-cron.php?doing_wp_cron=1789780350.9531478881835937500000 HTTP/1.1" 200 20 "-" "WordPress/7.1.1; https://themes.proac.ir/restaurant"
78.110.123.2 - - [19/Sep/2026:04:42:34 +0330] "POST /projectmanager/wp-cron.php?doing_wp_cron=1789780354.8495769500732421875000 HTTP/1.1" 200 20 "-" "WordPress/7.1.1; https://themes.proac.ir/projectmanager"
78.110.123.2 - - [19/Sep/2026:04:42:34 +0330] "POST /projectmanager/wp-admin/upgrade.php?step=upgrade_db HTTP/1.1" 200 21 "-" "WordPress/6.9; https://themes.proac.ir/projectmanager"
85.215.100.160 - - [19/Sep/2026:04:42:33 +0330] "GET /merto/wp-login.php HTTP/1.1" 200 3852 "www.google.com" "Mozilla/5.0 (Windows NT 10.0; Win64; x64) AppleWebKit/537.36 (KHTML, like Gecko) Chrome/91.0.4472.124 Safari/537.36"
78.110.123.2 - - [19/Sep/2026:04:42:35 +0330] "POST /merto/wp-cron.php?doing_wp_cron=1789780355.1420419216156005859375 HTTP/1.1" 200 686 "-" "WordPress/6.9; https://themes.proac.ir/merto"
85.215.100.160 - - [19/Sep/2026:04:42:36 +0330] "POST /merto/wp-login.php HTTP/1.1" 302 761 "https://themes.proac.ir/merto/wp-admin/" "Mozilla/5.0 (Windows NT 10.0; Win64; x64) AppleWebKit/537.36 (KHTML, like Gecko) Chrome/91.0.4472.124 Safari/537.36"
85.215.100.160 - - [19/Sep/2026:04:42:34 +0330] "GET /restaurant/wp-admin/ HTTP/1.1" 200 102183 "www.google.com" "Mozilla/5.0 (Windows NT 10.0; Win64; x64) AppleWebKit/537.36 (KHTML, like Gecko) Chrome/91.0.4472.124 Safari/537.36"
85.215.100.160 - - [19/Sep/2026:04:42:37 +0330] "GET /merto/wp-login.php?redirect_to=https%3A%2F%2Fthemes.proac.ir%2Fmerto%2Fwp-admin%2F&action=confirm_admin_email&wp_lang=fa_IR HTTP/1.1" 200 2354 "https://themes.proac.ir/merto/wp-admin/" "Mozilla/5.0 (Windows NT 10.0; Win64; x64) AppleWebKit/537.36 (KHTML, like Gecko) Chrome/91.0.4472.124 Safari/537.36"
85.215.100.160 - - [19/Sep/2026:04:42:38 +0330] "GET /restaurant/wp-admin/plugin-install.php?tab=upload HTTP/1.1" 200 91742 "www.google.com" "Mozilla/5.0 (Windows NT 10.0; Win64; x64) AppleWebKit/537.36 (KHTML, like Gecko) Chrome/91.0.4472.124 Safari/537.36"
85.215.100.160 - - [19/Sep/2026:04:42:39 +0330] "GET /merto/wp-admin/ HTTP/1.1" 200 107131 "www.google.com" "Mozilla/5.0 (Windows NT 10.0; Win64; x64) AppleWebKit/537.36 (KHTML, like Gecko) Chrome/91.0.4472.124 Safari/537.36"
85.215.100.160 - - [19/Sep/2026:04:42:39 +0330] "POST /restaurant/wp-admin/update.php?action=upload-plugin HTTP/1.1" 200 87589 "www.google.com" "Mozilla/5.0 (Windows NT 10.0; Win64; x64) AppleWebKit/537.36 (KHTML, like Gecko) Chrome/91.0.4472.124 Safari/537.36"
85.215.100.160 - - [19/Sep/2026:04:42:41 +0330] "GET /restaurant/wp-content/plugins/rbparoh/index.php HTTP/1.1" 200 81 "www.google.com" "Mozilla/5.0 (Windows NT 10.0; Win64; x64) AppleWebKit/537.36 (KHTML, like Gecko) Chrome/91.0.4472.124 Safari/537.36"
85.215.100.160 - - [19/Sep/2026:04:42:42 +0330] "GET /sandbox/proactive/wp-login.php HTTP/1.1" 200 51437 "www.google.com" "Mozilla/5.0 (Windows NT 10.0; Win64; x64) AppleWebKit/537.36 (KHTML, like Gecko) Chrome/91.0.4472.124 Safari/537.36"
85.215.100.160 - - [19/Sep/2026:04:42:42 +0330] "POST /sandbox/proactive/wp-login.php HTTP/1.1" 200 51437 "https://themes.proac.ir/sandbox/proactive/wp-admin/" "Mozilla/5.0 (Windows NT 10.0; Win64; x64) AppleWebKit/537.36 (KHTML, like Gecko) Chrome/91.0.4472.124 Safari/537.36"
85.215.100.160 - - [19/Sep/2026:04:42:42 +0330] "GET /sandbox/proactive/wp-admin/ HTTP/1.1" 200 7864 "www.google.com" "Mozilla/5.0 (Windows NT 10.0; Win64; x64) AppleWebKit/537.36 (KHTML, like Gecko) Chrome/91.0.4472.124 Safari/537.36"
85.215.100.160 - - [19/Sep/2026:04:42:41 +0330] "GET /merto/wp-admin/plugin-install.php?tab=upload HTTP/1.1" 200 89705 "www.google.com" "Mozilla/5.0 (Windows NT 10.0; Win64; x64) AppleWebKit/537.36 (KHTML, like Gecko) Chrome/91.0.4472.124 Safari/537.36"
78.110.123.2 - - [19/Sep/2026:04:42:43 +0330] "POST /projectmanager/wp-cron.php HTTP/1.1" 200 20 "-" "WordPress/6.9; https://themes.proac.ir/projectmanager"
78.110.123.2 - - [19/Sep/2026:04:42:44 +0330] "GET /projectmanager/ HTTP/1.1" 200 28412 "-" "WordPress/6.9; https://themes.proac.ir/projectmanager"
85.215.100.160 - - [19/Sep/2026:04:42:43 +0330] "GET /segal/wp-login.php HTTP/1.1" 200 3695 "www.google.com" "Mozilla/5.0 (Windows NT 10.0; Win64; x64) AppleWebKit/537.36 (KHTML, like Gecko) Chrome/91.0.4472.124 Safari/537.36"
85.215.100.160 - - [19/Sep/2026:04:42:43 +0330] "POST /merto/wp-admin/update.php?action=upload-plugin HTTP/1.1" 200 85619 "www.google.com" "Mozilla/5.0 (Windows NT 10.0; Win64; x64) AppleWebKit/537.36 (KHTML, like Gecko) Chrome/91.0.4472.124 Safari/537.36"
78.110.123.2 - - [19/Sep/2026:04:42:45 +0330] "GET /projectmanager/ HTTP/1.1" 200 28412 "-" "WordPress/6.9; https://themes.proac.ir/projectmanager"
85.215.100.160 - - [19/Sep/2026:04:42:47 +0330] "GET /merto/wp-content/plugins/skxlqym/index.php HTTP/1.1" 200 81 "www.google.com" "Mozilla/5.0 (Windows NT 10.0; Win64; x64) AppleWebKit/537.36 (KHTML, like Gecko) Chrome/91.0.4472.124 Safari/537.36"
85.215.100.160 - - [19/Sep/2026:04:42:46 +0330] "POST /segal/wp-login.php HTTP/1.1" 302 20 "https://themes.proac.ir/segal/wp-admin/" "Mozilla/5.0 (Windows NT 10.0; Win64; x64) AppleWebKit/537.36 (KHTML, like Gecko) Chrome/91.0.4472.124 Safari/537.36"
78.110.123.2 - - [19/Sep/2026:04:42:47 +0330] "GET /projectmanager/ HTTP/1.1" 200 28412 "-" "WordPress/6.9; https://themes.proac.ir/projectmanager"
85.215.100.160 - - [19/Sep/2026:04:42:47 +0330] "GET /segal/wp-login.php?redirect_to=https%3A%2F%2Fthemes.proac.ir%2Fsegal%2Fwp-admin%2F&action=confirm_admin_email&wp_lang=fa_IR HTTP/1.1" 200 1821 "https://themes.proac.ir/segal/wp-admin/" "Mozilla/5.0 (Windows NT 10.0; Win64; x64) AppleWebKit/537.36 (KHTML, like Gecko) Chrome/91.0.4472.124 Safari/537.36"
78.110.123.2 - - [19/Sep/2026:04:42:48 +0330] "POST /model-agency/wp-cron.php?doing_wp_cron=1789780368.7892711162567138671875 HTTP/1.1" 200 20 "-" "WordPress/7.1.1; https://themes.proac.ir/model-agency"
85.215.100.160 - - [19/Sep/2026:04:42:47 +0330] "GET /model-agency/wp-login.php HTTP/1.1" 200 3633 "www.google.com" "Mozilla/5.0 (Windows NT 10.0; Win64; x64) AppleWebKit/537.36 (KHTML, like Gecko) Chrome/91.0.4472.124 Safari/537.36"
78.110.123.2 - - [19/Sep/2026:04:42:48 +0330] "GET /projectmanager/ HTTP/1.1" 200 28412 "-" "WordPress/6.9; https://themes.proac.ir/projectmanager"
78.110.123.2 - - [19/Sep/2026:04:42:26 +0330] "POST /projectmanager/wp-cron.php?doing_wp_cron=1789780346.5658640861511230468750 HTTP/1.1" 200 20 "-" "WordPress/6.9; https://themes.proac.ir/projectmanager"
85.215.100.160 - - [19/Sep/2026:04:42:49 +0330] "POST /model-agency/wp-login.php HTTP/1.1" 302 20 "https://themes.proac.ir/model-agency/wp-admin/" "Mozilla/5.0 (Windows NT 10.0; Win64; x64) AppleWebKit/537.36 (KHTML, like Gecko) Chrome/91.0.4472.124 Safari/537.36"
85.215.100.160 - - [19/Sep/2026:04:42:50 +0330] "GET /model-agency/wp-login.php?redirect_to=https%3A%2F%2Fthemes.proac.ir%2Fmodel-agency%2Fwp-admin%2F&action=confirm_admin_email&wp_lang=fa_IR HTTP/1.1" 200 1882 "https://themes.proac.ir/model-agency/wp-admin/" "Mozilla/5.0 (Windows NT 10.0; Win64; x64) AppleWebKit/537.36 (KHTML, like Gecko) Chrome/91.0.4472.124 Safari/537.36"
85.215.100.160 - - [19/Sep/2026:04:42:51 +0330] "GET /model-agency/wp-admin/ HTTP/1.1" 200 97581 "www.google.com" "Mozilla/5.0 (Windows NT 10.0; Win64; x64) AppleWebKit/537.36 (KHTML, like Gecko) Chrome/91.0.4472.124 Safari/537.36"
