178.33.167.160 - - [18/Sep/2026:20:56:53 +0330] "GET /proactive/wp-content/uploads/2024/05/bg-slider-1.jpg HTTP/1.1" 200 198740 "https://persiancaliper.ir/" "Mozilla/5.0 (X11; Linux x86_64) AppleWebKit/537.36 (KHTML, like Gecko) Chrome/150.0.0.0 Safari/537.36"
3.221.156.96 - - [18/Sep/2026:21:24:43 +0330] "GET /affinityx/wp-content/plugins/elementor/core/kits/ HTTP/1.1" 200 1473 "-" "Mozilla/5.0 AppleWebKit/537.36 (KHTML, like Gecko; compatible; Amazonbot/0.1; +https://developer.amazon.com/support/amazonbot) Chrome/119.0.6045.214 Safari/537.36"
54.86.59.155 - - [18/Sep/2026:21:25:07 +0330] "GET /framemakers/capturing-lifes-precious-moments-tips-from-our-studio-experts-3/ HTTP/1.1" 200 17349 "-" "Mozilla/5.0 AppleWebKit/537.36 (KHTML, like Gecko; compatible; Amazonbot/0.1; +https://developer.amazon.com/support/amazonbot) Chrome/119.0.6045.214 Safari/537.36"
78.110.123.2 - - [18/Sep/2026:21:25:09 +0330] "POST /framemakers/wp-cron.php?doing_wp_cron=1789754109.8144190311431884765625 HTTP/1.1" 200 20 "-" "WordPress/7.1.1; https://themes.proac.ir/framemakers"
50.16.248.61 - - [18/Sep/2026:21:46:39 +0330] "GET /app-landing/signup/ HTTP/1.1" 200 12001 "-" "Mozilla/5.0 AppleWebKit/537.36 (KHTML, like Gecko; compatible; Amazonbot/0.1; +https://developer.amazon.com/support/amazonbot) Chrome/119.0.6045.214 Safari/537.36"
78.110.123.2 - - [18/Sep/2026:21:46:41 +0330] "POST /app-landing/wp-cron.php?doing_wp_cron=1789755401.2608299255371093750000 HTTP/1.1" 200 20 "-" "WordPress/7.1.1; https://themes.proac.ir/app-landing"
18.233.24.238 - - [18/Sep/2026:22:00:52 +0330] "GET /blissspa/wp-content/plugins/elementor/vendor/autoload.php HTTP/1.1" 200 20 "-" "Mozilla/5.0 AppleWebKit/537.36 (KHTML, like Gecko; compatible; Amazonbot/0.1; +https://developer.amazon.com/support/amazonbot) Chrome/119.0.6045.214 Safari/537.36"
34.205.163.103 - - [18/Sep/2026:22:00:56 +0330] "GET /vip/prosite/wp-content/plugins/elementor/assets/js/e-wc-product-editor.min.js.LICENSE.txt HTTP/1.1" 200 160 "-" "Mozilla/5.0 AppleWebKit/537.36 (KHTML, like Gecko; compatible; Amazonbot/0.1; +https://developer.amazon.com/support/amazonbot) Chrome/119.0.6045.214 Safari/537.36"
23.21.227.240 - - [18/Sep/2026:22:01:00 +0330] "GET /blissspa/wp-content/plugins/elementor/assets/js/packages/editor-controls/ HTTP/1.1" 200 1796 "-" "Mozilla/5.0 AppleWebKit/537.36 (KHTML, like Gecko; compatible; Amazonbot/0.1; +https://developer.amazon.com/support/amazonbot) Chrome/119.0.6045.214 Safari/537.36"
54.84.161.62 - - [18/Sep/2026:22:01:04 +0330] "GET /blissspa/wp-content/plugins/elementor/assets/js/packages/editor-current-user/ HTTP/1.1" 200 1827 "-" "Mozilla/5.0 AppleWebKit/537.36 (KHTML, like Gecko; compatible; Amazonbot/0.1; +https://developer.amazon.com/support/amazonbot) Chrome/119.0.6045.214 Safari/537.36"
44.205.74.196 - - [18/Sep/2026:22:01:08 +0330] "GET /blissspa/wp-content/plugins/elementor/assets/js/packages/editor-v1-adapters/ HTTP/1.1" 200 1820 "-" "Mozilla/5.0 AppleWebKit/537.36 (KHTML, like Gecko; compatible; Amazonbot/0.1; +https://developer.amazon.com/support/amazonbot) Chrome/119.0.6045.214 Safari/537.36"
52.204.89.12 - - [18/Sep/2026:22:01:12 +0330] "GET /app-landing/wp-content/plugins/elementor/vendor_prefixed/dependency-injection/php-di/invoker/src/ParameterResolver/Container/?C=M;O%3DD HTTP/1.1" 200 1393 "-" "Mozilla/5.0 AppleWebKit/537.36 (KHTML, like Gecko; compatible; Amazonbot/0.1; +https://developer.amazon.com/support/amazonbot) Chrome/119.0.6045.214 Safari/537.36"
54.89.90.224 - - [18/Sep/2026:22:01:16 +0330] "GET /vip/prosite/wp-content/plugins/elementor/assets/images/?C=S;O%3DA HTTP/1.1" 200 3897 "-" "Mozilla/5.0 AppleWebKit/537.36 (KHTML, like Gecko; compatible; Amazonbot/0.1; +https://developer.amazon.com/support/amazonbot) Chrome/119.0.6045.214 Safari/537.36"
34.194.95.99 - - [18/Sep/2026:22:01:20 +0330] "GET /blissspa/wp-content/plugins/elementor/assets/js/packages/icons/ HTTP/1.1" 200 1717 "-" "Mozilla/5.0 AppleWebKit/537.36 (KHTML, like Gecko; compatible; Amazonbot/0.1; +https://developer.amazon.com/support/amazonbot) Chrome/119.0.6045.214 Safari/537.36"
78.110.123.2 - - [18/Sep/2026:22:01:26 +0330] "POST /vip/prosite/wp-cron.php?doing_wp_cron=1789756286.3033668994903564453125 HTTP/1.1" 200 20 "-" "WordPress/7.1.1; https://themes.proac.ir/vip/prosite"
52.202.52.82 - - [18/Sep/2026:22:01:25 +0330] "GET /vip/prosite/wp-json/wp/v2/comments?post=162 HTTP/1.1" 200 22 "-" "Mozilla/5.0 AppleWebKit/537.36 (KHTML, like Gecko; compatible; Amazonbot/0.1; +https://developer.amazon.com/support/amazonbot) Chrome/119.0.6045.214 Safari/537.36"
3.213.85.234 - - [18/Sep/2026:22:01:28 +0330] "GET /blissspa/wp-content/plugins/elementor/includes/container/ HTTP/1.1" 200 1143 "-" "Mozilla/5.0 AppleWebKit/537.36 (KHTML, like Gecko; compatible; Amazonbot/0.1; +https://developer.amazon.com/support/amazonbot) Chrome/119.0.6045.214 Safari/537.36"
107.20.255.194 - - [18/Sep/2026:22:01:32 +0330] "GET /vip/prosite/wp-content/plugins/elementor/assets/mask-shapes/?C=D;O%3DA HTTP/1.1" 200 1860 "-" "Mozilla/5.0 AppleWebKit/537.36 (KHTML, like Gecko; compatible; Amazonbot/0.1; +https://developer.amazon.com/support/amazonbot) Chrome/119.0.6045.214 Safari/537.36"
18.215.24.66 - - [18/Sep/2026:22:01:36 +0330] "GET /blissspa/wp-content/plugins/elementor/assets/lib/dom-to-image/?C=D;O%3DA HTTP/1.1" 200 967 "-" "Mozilla/5.0 AppleWebKit/537.36 (KHTML, like Gecko; compatible; Amazonbot/0.1; +https://developer.amazon.com/support/amazonbot) Chrome/119.0.6045.214 Safari/537.36"
100.28.44.58 - - [18/Sep/2026:22:01:40 +0330] "GET /blissspa/wp-content/plugins/elementor/assets/images/?C=N;O%3DA HTTP/1.1" 200 4651 "-" "Mozilla/5.0 AppleWebKit/537.36 (KHTML, like Gecko; compatible; Amazonbot/0.1; +https://developer.amazon.com/support/amazonbot) Chrome/119.0.6045.214 Safari/537.36"
52.45.92.83 - - [18/Sep/2026:22:01:49 +0330] "GET /blissspa/wp-content/plugins/elementor/assets/lib/backbone/?C=D;O%3DA HTTP/1.1" 200 1549 "-" "Mozilla/5.0 AppleWebKit/537.36 (KHTML, like Gecko; compatible; Amazonbot/0.1; +https://developer.amazon.com/support/amazonbot) Chrome/119.0.6045.214 Safari/537.36"
100.29.155.89 - - [18/Sep/2026:22:01:52 +0330] "GET /vip/prosite/wp-content/uploads/elementor/css/?C=N;O%3DD HTTP/1.1" 200 754 "-" "Mozilla/5.0 AppleWebKit/537.36 (KHTML, like Gecko; compatible; Amazonbot/0.1; +https://developer.amazon.com/support/amazonbot) Chrome/119.0.6045.214 Safari/537.36"
186.121.69.47 - - [18/Sep/2026:22:06:05 +0330] "GET /podcast HTTP/1.1" 301 280 "-" "Mozilla/5.0 (Linux; Android 16; 15 Pro; Build/BP4A.250702.131) AppleWebKit/537.36 (KHTML, like Gecko) Chrome/133.0.0.0 Mobile Safari/537.36"
186.121.69.47 - - [18/Sep/2026:22:06:07 +0330] "GET /podcast/ HTTP/1.1" 200 24472 "https://themes.proac.ir/podcast" "Mozilla/5.0 (Linux; Android 16; 15 Pro; Build/BP4A.250702.131) AppleWebKit/537.36 (KHTML, like Gecko) Chrome/133.0.0.0 Mobile Safari/537.36"
78.110.123.2 - - [18/Sep/2026:22:06:10 +0330] "POST /podcast/wp-cron.php?doing_wp_cron=1789756569.6589241027832031250000 HTTP/1.1" 200 20 "-" "WordPress/7.1.1; https://themes.proac.ir/podcast"
3.217.171.106 - - [18/Sep/2026:22:13:49 +0330] "GET /blissspa/wp-content/plugins/elementor/assets/lib/font-awesome/css/ HTTP/1.1" 200 3727 "-" "Mozilla/5.0 AppleWebKit/537.36 (KHTML, like Gecko; compatible; Amazonbot/0.1; +https://developer.amazon.com/support/amazonbot) Chrome/119.0.6045.214 Safari/537.36"
23.21.204.95 - - [18/Sep/2026:22:14:21 +0330] "GET /blissspa/wp-content/plugins/elementor/modules/editor-app-bar/ HTTP/1.1" 200 969 "-" "Mozilla/5.0 AppleWebKit/537.36 (KHTML, like Gecko; compatible; Amazonbot/0.1; +https://developer.amazon.com/support/amazonbot) Chrome/119.0.6045.214 Safari/537.36"
3.213.46.222 - - [18/Sep/2026:22:14:57 +0330] "GET /blissspa/wp-content/plugins/elementor/modules/page-templates/ HTTP/1.1" 200 1147 "-" "Mozilla/5.0 AppleWebKit/537.36 (KHTML, like Gecko; compatible; Amazonbot/0.1; +https://developer.amazon.com/support/amazonbot) Chrome/119.0.6045.214 Safari/537.36"
147.135.213.11 - - [18/Sep/2026:22:15:03 +0330] "GET /robots.txt HTTP/1.1" 404 - "-" "Mozilla/5.0 (compatible; MJ12bot/v1.4.8; http://mj12bot.com/)"
147.135.213.11 - - [18/Sep/2026:22:15:08 +0330] "GET /flash-cart/cart/?remove_item=077e29b11be80ab57e1a2ecabb7da330&_wpnonce=02732f2a98&add-to-cart=248 HTTP/1.1" 200 86978 "-" "Mozilla/5.0 (compatible; MJ12bot/v1.4.8; http://mj12bot.com/)"
78.110.123.2 - - [18/Sep/2026:22:15:10 +0330] "POST /flash-cart/wp-cron.php?doing_wp_cron=1789757110.7803668975830078125000 HTTP/1.1" 200 20 "-" "WordPress/7.1.1; https://themes.proac.ir/flash-cart"
100.29.160.53 - - [18/Sep/2026:22:15:17 +0330] "GET /blissspa/wp-content/plugins/elementor/assets/css/conditionals/?C=D;O%3DA HTTP/1.1" 200 2616 "-" "Mozilla/5.0 AppleWebKit/537.36 (KHTML, like Gecko; compatible; Amazonbot/0.1; +https://developer.amazon.com/support/amazonbot) Chrome/119.0.6045.214 Safari/537.36"
147.135.213.11 - - [18/Sep/2026:22:15:14 +0330] "GET /flash-cart/cart/?remove_item=077e29b11be80ab57e1a2ecabb7da330&_wpnonce=056cbc048c HTTP/1.1" 200 83747 "-" "Mozilla/5.0 (compatible; MJ12bot/v1.4.8; http://mj12bot.com/)"
3.213.106.226 - - [18/Sep/2026:22:15:21 +0330] "GET /blissspa/wp-content/plugins/elementor/modules/element-manager/ HTTP/1.1" 200 1512 "-" "Mozilla/5.0 AppleWebKit/537.36 (KHTML, like Gecko; compatible; Amazonbot/0.1; +https://developer.amazon.com/support/amazonbot) Chrome/119.0.6045.214 Safari/537.36"
147.135.213.11 - - [18/Sep/2026:22:15:21 +0330] "GET /flash-cart/cart/?remove_item=077e29b11be80ab57e1a2ecabb7da330&_wpnonce=05e1059d43&add-to-cart=247 HTTP/1.1" 200 86853 "-" "Mozilla/5.0 (compatible; MJ12bot/v1.4.8; http://mj12bot.com/)"
54.90.8.255 - - [18/Sep/2026:22:15:25 +0330] "GET /blissspa/wp-content/plugins/elementor/modules/elements-color-picker/ HTTP/1.1" 200 983 "-" "Mozilla/5.0 AppleWebKit/537.36 (KHTML, like Gecko; compatible; Amazonbot/0.1; +https://developer.amazon.com/support/amazonbot) Chrome/119.0.6045.214 Safari/537.36"
147.135.213.11 - - [18/Sep/2026:22:15:28 +0330] "GET /flash-cart/cart/?remove_item=077e29b11be80ab57e1a2ecabb7da330&_wpnonce=0a4b129ade&add-to-cart=248 HTTP/1.1" 200 86981 "-" "Mozilla/5.0 (compatible; MJ12bot/v1.4.8; http://mj12bot.com/)"
18.209.201.119 - - [18/Sep/2026:22:15:37 +0330] "GET /blissspa/wp-content/plugins/elementor/core/base/ HTTP/1.1" 200 2792 "-" "Mozilla/5.0 AppleWebKit/537.36 (KHTML, like Gecko; compatible; Amazonbot/0.1; +https://developer.amazon.com/support/amazonbot) Chrome/119.0.6045.214 Safari/537.36"
147.135.213.11 - - [18/Sep/2026:22:15:36 +0330] "GET /flash-cart/cart/?remove_item=077e29b11be80ab57e1a2ecabb7da330&_wpnonce=0a4ce180cc&add-to-cart=248 HTTP/1.1" 200 86983 "-" "Mozilla/5.0 (compatible; MJ12bot/v1.4.8; http://mj12bot.com/)"
147.135.213.11 - - [18/Sep/2026:22:15:44 +0330] "GET /flash-cart/cart/?remove_item=077e29b11be80ab57e1a2ecabb7da330&_wpnonce=2120aa7434&add-to-cart=247 HTTP/1.1" 200 86858 "-" "Mozilla/5.0 (compatible; MJ12bot/v1.4.8; http://mj12bot.com/)"
147.135.213.11 - - [18/Sep/2026:22:15:48 +0330] "GET /flash-cart/cart/?remove_item=077e29b11be80ab57e1a2ecabb7da330&_wpnonce=2120aa7434&add-to-cart=248 HTTP/1.1" 200 86981 "-" "Mozilla/5.0 (compatible; MJ12bot/v1.4.8; http://mj12bot.com/)"
147.135.213.11 - - [18/Sep/2026:22:15:52 +0330] "GET /flash-cart/cart/?remove_item=077e29b11be80ab57e1a2ecabb7da330&_wpnonce=2120aa7434&add-to-cart=249 HTTP/1.1" 200 86892 "-" "Mozilla/5.0 (compatible; MJ12bot/v1.4.8; http://mj12bot.com/)"
184.73.167.217 - - [18/Sep/2026:22:15:57 +0330] "GET /blissspa/wp-content/plugins/elementor/modules/lazyload/ HTTP/1.1" 200 957 "-" "Mozilla/5.0 AppleWebKit/537.36 (KHTML, like Gecko; compatible; Amazonbot/0.1; +https://developer.amazon.com/support/amazonbot) Chrome/119.0.6045.214 Safari/537.36"
147.135.213.11 - - [18/Sep/2026:22:15:57 +0330] "GET /flash-cart/cart/?remove_item=077e29b11be80ab57e1a2ecabb7da330&_wpnonce=2631291f80 HTTP/1.1" 200 83754 "-" "Mozilla/5.0 (compatible; MJ12bot/v1.4.8; http://mj12bot.com/)"
52.203.152.231 - - [18/Sep/2026:22:16:01 +0330] "GET /blissspa/wp-content/plugins/elementor/modules/performance-lab/ HTTP/1.1" 200 971 "-" "Mozilla/5.0 AppleWebKit/537.36 (KHTML, like Gecko; compatible; Amazonbot/0.1; +https://developer.amazon.com/support/amazonbot) Chrome/119.0.6045.214 Safari/537.36"
147.135.213.11 - - [18/Sep/2026:22:16:05 +0330] "GET /flash-cart/cart/?remove_item=077e29b11be80ab57e1a2ecabb7da330&_wpnonce=2df5e6c518&add-to-cart=243 HTTP/1.1" 200 86926 "-" "Mozilla/5.0 (compatible; MJ12bot/v1.4.8; http://mj12bot.com/)"
78.110.123.2 - - [18/Sep/2026:22:16:07 +0330] "POST /flash-cart/wp-cron.php?doing_wp_cron=1789757167.6469180583953857421875 HTTP/1.1" 200 20 "-" "WordPress/7.1.1; https://themes.proac.ir/flash-cart"
147.135.213.11 - - [18/Sep/2026:22:16:11 +0330] "GET /flash-cart/cart/?remove_item=077e29b11be80ab57e1a2ecabb7da330&_wpnonce=2df5e6c518&add-to-cart=247 HTTP/1.1" 200 86856 "-" "Mozilla/5.0 (compatible; MJ12bot/v1.4.8; http://mj12bot.com/)"
147.135.213.11 - - [18/Sep/2026:22:16:15 +0330] "GET /flash-cart/cart/?remove_item=077e29b11be80ab57e1a2ecabb7da330&_wpnonce=2df5e6c518&add-to-cart=248 HTTP/1.1" 200 86985 "-" "Mozilla/5.0 (compatible; MJ12bot/v1.4.8; http://mj12bot.com/)"
147.135.213.11 - - [18/Sep/2026:22:16:22 +0330] "GET /flash-cart/cart/?remove_item=077e29b11be80ab57e1a2ecabb7da330&_wpnonce=2df5e6c518&add-to-cart=249 HTTP/1.1" 200 86893 "-" "Mozilla/5.0 (compatible; MJ12bot/v1.4.8; http://mj12bot.com/)"
147.135.213.11 - - [18/Sep/2026:22:16:29 +0330] "GET /flash-cart/cart/?remove_item=077e29b11be80ab57e1a2ecabb7da330&_wpnonce=322a2749e7&add-to-cart=243 HTTP/1.1" 200 86922 "-" "Mozilla/5.0 (compatible; MJ12bot/v1.4.8; http://mj12bot.com/)"
147.135.213.11 - - [18/Sep/2026:22:16:36 +0330] "GET /flash-cart/cart/?remove_item=077e29b11be80ab57e1a2ecabb7da330&_wpnonce=322a2749e7&add-to-cart=247 HTTP/1.1" 200 86859 "-" "Mozilla/5.0 (compatible; MJ12bot/v1.4.8; http://mj12bot.com/)"
147.135.213.11 - - [18/Sep/2026:22:16:47 +0330] "GET /flash-cart/cart/?remove_item=077e29b11be80ab57e1a2ecabb7da330&_wpnonce=322a2749e7&add-to-cart=249 HTTP/1.1" 200 86897 "-" "Mozilla/5.0 (compatible; MJ12bot/v1.4.8; http://mj12bot.com/)"
147.135.213.11 - - [18/Sep/2026:22:16:53 +0330] "GET /flash-cart/cart/?remove_item=077e29b11be80ab57e1a2ecabb7da330&_wpnonce=350e2878d9 HTTP/1.1" 200 83754 "-" "Mozilla/5.0 (compatible; MJ12bot/v1.4.8; http://mj12bot.com/)"
147.135.213.11 - - [18/Sep/2026:22:16:58 +0330] "GET /flash-cart/cart/?remove_item=077e29b11be80ab57e1a2ecabb7da330&_wpnonce=3b7c1867a9 HTTP/1.1" 200 83755 "-" "Mozilla/5.0 (compatible; MJ12bot/v1.4.8; http://mj12bot.com/)"
147.135.213.11 - - [18/Sep/2026:22:17:04 +0330] "GET /flash-cart/cart/?remove_item=077e29b11be80ab57e1a2ecabb7da330&_wpnonce=3ea47093c7&add-to-cart=243 HTTP/1.1" 200 86928 "-" "Mozilla/5.0 (compatible; MJ12bot/v1.4.8; http://mj12bot.com/)"
78.110.123.2 - - [18/Sep/2026:22:17:07 +0330] "POST /flash-cart/wp-cron.php?doing_wp_cron=1789757227.0170719623565673828125 HTTP/1.1" 200 20 "-" "WordPress/7.1.1; https://themes.proac.ir/flash-cart"
147.135.213.11 - - [18/Sep/2026:22:17:10 +0330] "GET /flash-cart/cart/?remove_item=077e29b11be80ab57e1a2ecabb7da330&_wpnonce=3ea47093c7&add-to-cart=247 HTTP/1.1" 200 86856 "-" "Mozilla/5.0 (compatible; MJ12bot/v1.4.8; http://mj12bot.com/)"
147.135.213.11 - - [18/Sep/2026:22:17:15 +0330] "GET /flash-cart/cart/?remove_item=077e29b11be80ab57e1a2ecabb7da330&_wpnonce=3ea47093c7&add-to-cart=248 HTTP/1.1" 200 86982 "-" "Mozilla/5.0 (compatible; MJ12bot/v1.4.8; http://mj12bot.com/)"
147.135.213.11 - - [18/Sep/2026:22:17:21 +0330] "GET /flash-cart/cart/?remove_item=077e29b11be80ab57e1a2ecabb7da330&_wpnonce=3ea47093c7&add-to-cart=249 HTTP/1.1" 200 86898 "-" "Mozilla/5.0 (compatible; MJ12bot/v1.4.8; http://mj12bot.com/)"
147.135.213.11 - - [18/Sep/2026:22:17:25 +0330] "GET /flash-cart/cart/?remove_item=077e29b11be80ab57e1a2ecabb7da330&_wpnonce=410a52ed51&add-to-cart=243 HTTP/1.1" 200 86927 "-" "Mozilla/5.0 (compatible; MJ12bot/v1.4.8; http://mj12bot.com/)"
147.135.213.11 - - [18/Sep/2026:22:17:31 +0330] "GET /flash-cart/cart/?remove_item=077e29b11be80ab57e1a2ecabb7da330&_wpnonce=410a52ed51&add-to-cart=247 HTTP/1.1" 200 86858 "-" "Mozilla/5.0 (compatible; MJ12bot/v1.4.8; http://mj12bot.com/)"
147.135.213.11 - - [18/Sep/2026:22:17:37 +0330] "GET /flash-cart/cart/?remove_item=077e29b11be80ab57e1a2ecabb7da330&_wpnonce=410a52ed51&add-to-cart=248 HTTP/1.1" 200 86977 "-" "Mozilla/5.0 (compatible; MJ12bot/v1.4.8; http://mj12bot.com/)"
147.135.213.11 - - [18/Sep/2026:22:17:42 +0330] "GET /flash-cart/cart/?remove_item=077e29b11be80ab57e1a2ecabb7da330&_wpnonce=410a52ed51&add-to-cart=249 HTTP/1.1" 200 86893 "-" "Mozilla/5.0 (compatible; MJ12bot/v1.4.8; http://mj12bot.com/)"
147.135.213.11 - - [18/Sep/2026:22:17:47 +0330] "GET /flash-cart/cart/?remove_item=077e29b11be80ab57e1a2ecabb7da330&_wpnonce=4275fdd8d5 HTTP/1.1" 200 83755 "-" "Mozilla/5.0 (compatible; MJ12bot/v1.4.8; http://mj12bot.com/)"
147.135.213.11 - - [18/Sep/2026:22:17:53 +0330] "GET /flash-cart/cart/?remove_item=077e29b11be80ab57e1a2ecabb7da330&_wpnonce=5381170d01&add-to-cart=249 HTTP/1.1" 200 86896 "-" "Mozilla/5.0 (compatible; MJ12bot/v1.4.8; http://mj12bot.com/)"
147.135.213.11 - - [18/Sep/2026:22:17:56 +0330] "GET /flash-cart/cart/?remove_item=077e29b11be80ab57e1a2ecabb7da330&_wpnonce=5b6a08bfdc HTTP/1.1" 200 83753 "-" "Mozilla/5.0 (compatible; MJ12bot/v1.4.8; http://mj12bot.com/)"
52.1.157.90 - - [18/Sep/2026:22:18:01 +0330] "GET /blissspa/wp-content/plugins/elementor/assets/js/?C=D;O%3DD HTTP/1.1" 200 40613 "-" "Mozilla/5.0 AppleWebKit/537.36 (KHTML, like Gecko; compatible; Amazonbot/0.1; +https://developer.amazon.com/support/amazonbot) Chrome/119.0.6045.214 Safari/537.36"
78.110.123.2 - - [18/Sep/2026:22:18:05 +0330] "POST /flash-cart/wp-cron.php?doing_wp_cron=1789757285.0113260746002197265625 HTTP/1.1" 200 20 "-" "WordPress/7.1.1; https://themes.proac.ir/flash-cart"
147.135.213.11 - - [18/Sep/2026:22:18:01 +0330] "GET /flash-cart/cart/?remove_item=077e29b11be80ab57e1a2ecabb7da330&_wpnonce=5fe9f4c52e&add-to-cart=243 HTTP/1.1" 200 86928 "-" "Mozilla/5.0 (compatible; MJ12bot/v1.4.8; http://mj12bot.com/)"
147.135.213.11 - - [18/Sep/2026:22:18:08 +0330] "GET /flash-cart/cart/?remove_item=077e29b11be80ab57e1a2ecabb7da330&_wpnonce=5fe9f4c52e&add-to-cart=247 HTTP/1.1" 200 86862 "-" "Mozilla/5.0 (compatible; MJ12bot/v1.4.8; http://mj12bot.com/)"
147.135.213.11 - - [18/Sep/2026:22:18:14 +0330] "GET /flash-cart/cart/?remove_item=077e29b11be80ab57e1a2ecabb7da330&_wpnonce=5fe9f4c52e&add-to-cart=248 HTTP/1.1" 200 86981 "-" "Mozilla/5.0 (compatible; MJ12bot/v1.4.8; http://mj12bot.com/)"
147.135.213.11 - - [18/Sep/2026:22:18:18 +0330] "GET /flash-cart/cart/?remove_item=077e29b11be80ab57e1a2ecabb7da330&_wpnonce=5fe9f4c52e&add-to-cart=249 HTTP/1.1" 200 86894 "-" "Mozilla/5.0 (compatible; MJ12bot/v1.4.8; http://mj12bot.com/)"
98.83.94.113 - - [18/Sep/2026:22:18:21 +0330] "GET /blissspa/wp-content/plugins/elementor/assets/lib/jquery-easing/?C=S;O%3DA HTTP/1.1" 200 1170 "-" "Mozilla/5.0 AppleWebKit/537.36 (KHTML, like Gecko; compatible; Amazonbot/0.1; +https://developer.amazon.com/support/amazonbot) Chrome/119.0.6045.214 Safari/537.36"
147.135.213.11 - - [18/Sep/2026:22:18:23 +0330] "GET /flash-cart/cart/?remove_item=077e29b11be80ab57e1a2ecabb7da330&_wpnonce=64ee4cb6a0&add-to-cart=243 HTTP/1.1" 200 86924 "-" "Mozilla/5.0 (compatible; MJ12bot/v1.4.8; http://mj12bot.com/)"
44.210.204.255 - - [18/Sep/2026:22:18:25 +0330] "GET /vip/prosite/%DA%86%D9%87-%D8%AE%D8%AF%D9%85%D8%A7%D8%AA%DB%8C-%D9%85%D9%86%D8%A7%D8%B3%D8%A8-%D8%B4%D8%B1%DA%A9%D8%AA-%D9%85%D9%86-%D8%A7%D8%B3%D8%AA%D8%9F/embed/ HTTP/1.1" 200 7102 "-" "Mozilla/5.0 AppleWebKit/537.36 (KHTML, like Gecko; compatible; Amazonbot/0.1; +https://developer.amazon.com/support/amazonbot) Chrome/119.0.6045.214 Safari/537.36"
18.213.102.186 - - [18/Sep/2026:22:18:28 +0330] "GET /vip/prosite/wp-content/uploads/2025/01/Frame-6970-360x225.jpg HTTP/1.1" 200 16158 "-" "Mozilla/5.0 AppleWebKit/537.36 (KHTML, like Gecko; compatible; Amazonbot/0.1; +https://developer.amazon.com/support/amazonbot) Chrome/119.0.6045.214 Safari/537.36"
147.135.213.11 - - [18/Sep/2026:22:18:28 +0330] "GET /flash-cart/cart/?remove_item=077e29b11be80ab57e1a2ecabb7da330&_wpnonce=64ee4cb6a0&add-to-cart=247 HTTP/1.1" 200 86860 "-" "Mozilla/5.0 (compatible; MJ12bot/v1.4.8; http://mj12bot.com/)"
147.135.213.11 - - [18/Sep/2026:22:18:33 +0330] "GET /flash-cart/cart/?remove_item=077e29b11be80ab57e1a2ecabb7da330&_wpnonce=64ee4cb6a0&add-to-cart=248 HTTP/1.1" 200 86982 "-" "Mozilla/5.0 (compatible; MJ12bot/v1.4.8; http://mj12bot.com/)"
147.135.213.11 - - [18/Sep/2026:22:18:37 +0330] "GET /flash-cart/cart/?remove_item=077e29b11be80ab57e1a2ecabb7da330&_wpnonce=64ee4cb6a0&add-to-cart=249 HTTP/1.1" 200 86894 "-" "Mozilla/5.0 (compatible; MJ12bot/v1.4.8; http://mj12bot.com/)"
147.135.213.11 - - [18/Sep/2026:22:18:41 +0330] "GET /flash-cart/cart/?remove_item=077e29b11be80ab57e1a2ecabb7da330&_wpnonce=66436b2fb0 HTTP/1.1" 200 83756 "-" "Mozilla/5.0 (compatible; MJ12bot/v1.4.8; http://mj12bot.com/)"
147.135.213.11 - - [18/Sep/2026:22:18:45 +0330] "GET /flash-cart/cart/?remove_item=077e29b11be80ab57e1a2ecabb7da330&_wpnonce=6686add67a&add-to-cart=243 HTTP/1.1" 200 86924 "-" "Mozilla/5.0 (compatible; MJ12bot/v1.4.8; http://mj12bot.com/)"
147.135.213.11 - - [18/Sep/2026:22:18:50 +0330] "GET /flash-cart/cart/?remove_item=077e29b11be80ab57e1a2ecabb7da330&_wpnonce=6686add67a&add-to-cart=247 HTTP/1.1" 200 86853 "-" "Mozilla/5.0 (compatible; MJ12bot/v1.4.8; http://mj12bot.com/)"
147.135.213.11 - - [18/Sep/2026:22:18:54 +0330] "GET /flash-cart/cart/?remove_item=077e29b11be80ab57e1a2ecabb7da330&_wpnonce=6686add67a&add-to-cart=248 HTTP/1.1" 200 86982 "-" "Mozilla/5.0 (compatible; MJ12bot/v1.4.8; http://mj12bot.com/)"
147.135.213.11 - - [18/Sep/2026:22:18:58 +0330] "GET /flash-cart/cart/?remove_item=077e29b11be80ab57e1a2ecabb7da330&_wpnonce=6686add67a&add-to-cart=249 HTTP/1.1" 200 86892 "-" "Mozilla/5.0 (compatible; MJ12bot/v1.4.8; http://mj12bot.com/)"
147.135.213.11 - - [18/Sep/2026:22:19:03 +0330] "GET /flash-cart/cart/?remove_item=077e29b11be80ab57e1a2ecabb7da330&_wpnonce=68e80b8f8e HTTP/1.1" 200 83749 "-" "Mozilla/5.0 (compatible; MJ12bot/v1.4.8; http://mj12bot.com/)"
78.110.123.2 - - [18/Sep/2026:22:19:06 +0330] "POST /flash-cart/wp-cron.php?doing_wp_cron=1789757346.4205141067504882812500 HTTP/1.1" 200 20 "-" "WordPress/7.1.1; https://themes.proac.ir/flash-cart"
147.135.213.11 - - [18/Sep/2026:22:19:09 +0330] "GET /flash-cart/cart/?remove_item=077e29b11be80ab57e1a2ecabb7da330&_wpnonce=6a72d29242&add-to-cart=243 HTTP/1.1" 200 86925 "-" "Mozilla/5.0 (compatible; MJ12bot/v1.4.8; http://mj12bot.com/)"
147.135.213.11 - - [18/Sep/2026:22:19:13 +0330] "GET /flash-cart/cart/?remove_item=077e29b11be80ab57e1a2ecabb7da330&_wpnonce=6a72d29242&add-to-cart=247 HTTP/1.1" 200 86862 "-" "Mozilla/5.0 (compatible; MJ12bot/v1.4.8; http://mj12bot.com/)"
147.135.213.11 - - [18/Sep/2026:22:19:17 +0330] "GET /flash-cart/cart/?remove_item=077e29b11be80ab57e1a2ecabb7da330&_wpnonce=6a72d29242&add-to-cart=248 HTTP/1.1" 200 86983 "-" "Mozilla/5.0 (compatible; MJ12bot/v1.4.8; http://mj12bot.com/)"
147.135.213.11 - - [18/Sep/2026:22:19:22 +0330] "GET /flash-cart/cart/?remove_item=077e29b11be80ab57e1a2ecabb7da330&_wpnonce=6a72d29242&add-to-cart=249 HTTP/1.1" 200 86892 "-" "Mozilla/5.0 (compatible; MJ12bot/v1.4.8; http://mj12bot.com/)"
147.135.213.11 - - [18/Sep/2026:22:19:26 +0330] "GET /flash-cart/cart/?remove_item=077e29b11be80ab57e1a2ecabb7da330&_wpnonce=6e2efb304f&add-to-cart=243 HTTP/1.1" 200 86925 "-" "Mozilla/5.0 (compatible; MJ12bot/v1.4.8; http://mj12bot.com/)"
147.135.213.11 - - [18/Sep/2026:22:19:31 +0330] "GET /flash-cart/cart/?remove_item=077e29b11be80ab57e1a2ecabb7da330&_wpnonce=6e2efb304f&add-to-cart=247 HTTP/1.1" 200 86858 "-" "Mozilla/5.0 (compatible; MJ12bot/v1.4.8; http://mj12bot.com/)"
147.135.213.11 - - [18/Sep/2026:22:19:34 +0330] "GET /flash-cart/cart/?remove_item=077e29b11be80ab57e1a2ecabb7da330&_wpnonce=6e2efb304f&add-to-cart=248 HTTP/1.1" 200 86980 "-" "Mozilla/5.0 (compatible; MJ12bot/v1.4.8; http://mj12bot.com/)"
147.135.213.11 - - [18/Sep/2026:22:19:39 +0330] "GET /flash-cart/cart/?remove_item=077e29b11be80ab57e1a2ecabb7da330&_wpnonce=6e2efb304f&add-to-cart=249 HTTP/1.1" 200 86892 "-" "Mozilla/5.0 (compatible; MJ12bot/v1.4.8; http://mj12bot.com/)"
147.135.213.11 - - [18/Sep/2026:22:19:43 +0330] "GET /flash-cart/cart/?remove_item=077e29b11be80ab57e1a2ecabb7da330&_wpnonce=726dd699b0&add-to-cart=243 HTTP/1.1" 200 86923 "-" "Mozilla/5.0 (compatible; MJ12bot/v1.4.8; http://mj12bot.com/)"
147.135.213.11 - - [18/Sep/2026:22:19:47 +0330] "GET /flash-cart/cart/?remove_item=077e29b11be80ab57e1a2ecabb7da330&_wpnonce=726dd699b0&add-to-cart=247 HTTP/1.1" 200 86856 "-" "Mozilla/5.0 (compatible; MJ12bot/v1.4.8; http://mj12bot.com/)"
147.135.213.11 - - [18/Sep/2026:22:19:51 +0330] "GET /flash-cart/cart/?remove_item=077e29b11be80ab57e1a2ecabb7da330&_wpnonce=726dd699b0&add-to-cart=248 HTTP/1.1" 200 86981 "-" "Mozilla/5.0 (compatible; MJ12bot/v1.4.8; http://mj12bot.com/)"
147.135.213.11 - - [18/Sep/2026:22:19:55 +0330] "GET /flash-cart/cart/?remove_item=077e29b11be80ab57e1a2ecabb7da330&_wpnonce=726dd699b0&add-to-cart=249 HTTP/1.1" 200 86894 "-" "Mozilla/5.0 (compatible; MJ12bot/v1.4.8; http://mj12bot.com/)"
147.135.213.11 - - [18/Sep/2026:22:19:59 +0330] "GET /flash-cart/cart/?remove_item=077e29b11be80ab57e1a2ecabb7da330&_wpnonce=75f1be19f0 HTTP/1.1" 200 83751 "-" "Mozilla/5.0 (compatible; MJ12bot/v1.4.8; http://mj12bot.com/)"
78.110.123.2 - - [18/Sep/2026:22:20:01 +0330] "POST /flash-cart/wp-cron.php?doing_wp_cron=1789757401.1378519535064697265625 HTTP/1.1" 200 20 "-" "WordPress/7.1.1; https://themes.proac.ir/flash-cart"
147.135.213.11 - - [18/Sep/2026:22:20:04 +0330] "GET /flash-cart/cart/?remove_item=077e29b11be80ab57e1a2ecabb7da330&_wpnonce=76d17ea4e2 HTTP/1.1" 200 83755 "-" "Mozilla/5.0 (compatible; MJ12bot/v1.4.8; http://mj12bot.com/)"
147.135.213.11 - - [18/Sep/2026:22:20:08 +0330] "GET /flash-cart/cart/?remove_item=077e29b11be80ab57e1a2ecabb7da330&_wpnonce=84479c441e&add-to-cart=243 HTTP/1.1" 200 86925 "-" "Mozilla/5.0 (compatible; MJ12bot/v1.4.8; http://mj12bot.com/)"
147.135.213.11 - - [18/Sep/2026:22:20:12 +0330] "GET /flash-cart/cart/?remove_item=077e29b11be80ab57e1a2ecabb7da330&_wpnonce=84479c441e&add-to-cart=247 HTTP/1.1" 200 86865 "-" "Mozilla/5.0 (compatible; MJ12bot/v1.4.8; http://mj12bot.com/)"
147.135.213.11 - - [18/Sep/2026:22:20:16 +0330] "GET /flash-cart/cart/?remove_item=077e29b11be80ab57e1a2ecabb7da330&_wpnonce=84479c441e&add-to-cart=248 HTTP/1.1" 200 86985 "-" "Mozilla/5.0 (compatible; MJ12bot/v1.4.8; http://mj12bot.com/)"
147.135.213.11 - - [18/Sep/2026:22:20:21 +0330] "GET /flash-cart/cart/?remove_item=077e29b11be80ab57e1a2ecabb7da330&_wpnonce=84479c441e&add-to-cart=249 HTTP/1.1" 200 86893 "-" "Mozilla/5.0 (compatible; MJ12bot/v1.4.8; http://mj12bot.com/)"
147.135.213.11 - - [18/Sep/2026:22:20:24 +0330] "GET /flash-cart/cart/?remove_item=077e29b11be80ab57e1a2ecabb7da330&_wpnonce=86a4a5e8e5 HTTP/1.1" 200 83754 "-" "Mozilla/5.0 (compatible; MJ12bot/v1.4.8; http://mj12bot.com/)"
184.73.167.217 - - [18/Sep/2026:22:20:29 +0330] "GET /blissspa/wp-content/plugins/elementor/assets/lib/hover/?C=S;O%3DA HTTP/1.1" 200 1140 "-" "Mozilla/5.0 AppleWebKit/537.36 (KHTML, like Gecko; compatible; Amazonbot/0.1; +https://developer.amazon.com/support/amazonbot) Chrome/119.0.6045.214 Safari/537.36"
147.135.213.11 - - [18/Sep/2026:22:20:28 +0330] "GET /flash-cart/cart/?remove_item=077e29b11be80ab57e1a2ecabb7da330&_wpnonce=873d93aa22&add-to-cart=243 HTTP/1.1" 200 86921 "-" "Mozilla/5.0 (compatible; MJ12bot/v1.4.8; http://mj12bot.com/)"
147.135.213.11 - - [18/Sep/2026:22:20:32 +0330] "GET /flash-cart/cart/?remove_item=077e29b11be80ab57e1a2ecabb7da330&_wpnonce=873d93aa22&add-to-cart=247 HTTP/1.1" 200 86858 "-" "Mozilla/5.0 (compatible; MJ12bot/v1.4.8; http://mj12bot.com/)"
147.135.213.11 - - [18/Sep/2026:22:20:36 +0330] "GET /flash-cart/cart/?remove_item=077e29b11be80ab57e1a2ecabb7da330&_wpnonce=873d93aa22&add-to-cart=248 HTTP/1.1" 200 86977 "-" "Mozilla/5.0 (compatible; MJ12bot/v1.4.8; http://mj12bot.com/)"
147.135.213.11 - - [18/Sep/2026:22:20:39 +0330] "GET /flash-cart/cart/?remove_item=077e29b11be80ab57e1a2ecabb7da330&_wpnonce=873d93aa22&add-to-cart=249 HTTP/1.1" 200 86893 "-" "Mozilla/5.0 (compatible; MJ12bot/v1.4.8; http://mj12bot.com/)"
147.135.213.11 - - [18/Sep/2026:22:20:44 +0330] "GET /flash-cart/cart/?remove_item=077e29b11be80ab57e1a2ecabb7da330&_wpnonce=8907d04588&add-to-cart=243 HTTP/1.1" 200 86926 "-" "Mozilla/5.0 (compatible; MJ12bot/v1.4.8; http://mj12bot.com/)"
147.135.213.11 - - [18/Sep/2026:22:20:47 +0330] "GET /flash-cart/cart/?remove_item=077e29b11be80ab57e1a2ecabb7da330&_wpnonce=8907d04588&add-to-cart=247 HTTP/1.1" 200 86863 "-" "Mozilla/5.0 (compatible; MJ12bot/v1.4.8; http://mj12bot.com/)"
147.135.213.11 - - [18/Sep/2026:22:20:51 +0330] "GET /flash-cart/cart/?remove_item=077e29b11be80ab57e1a2ecabb7da330&_wpnonce=8907d04588&add-to-cart=248 HTTP/1.1" 200 86980 "-" "Mozilla/5.0 (compatible; MJ12bot/v1.4.8; http://mj12bot.com/)"
147.135.213.11 - - [18/Sep/2026:22:20:54 +0330] "GET /flash-cart/cart/?remove_item=077e29b11be80ab57e1a2ecabb7da330&_wpnonce=8907d04588&add-to-cart=249 HTTP/1.1" 200 86898 "-" "Mozilla/5.0 (compatible; MJ12bot/v1.4.8; http://mj12bot.com/)"
147.135.213.11 - - [18/Sep/2026:22:20:58 +0330] "GET /flash-cart/cart/?remove_item=077e29b11be80ab57e1a2ecabb7da330&_wpnonce=897d2f27d3 HTTP/1.1" 200 83753 "-" "Mozilla/5.0 (compatible; MJ12bot/v1.4.8; http://mj12bot.com/)"
147.135.213.11 - - [18/Sep/2026:22:21:02 +0330] "GET /flash-cart/cart/?remove_item=077e29b11be80ab57e1a2ecabb7da330&_wpnonce=8cddd87a75 HTTP/1.1" 200 83753 "-" "Mozilla/5.0 (compatible; MJ12bot/v1.4.8; http://mj12bot.com/)"
78.110.123.2 - - [18/Sep/2026:22:21:06 +0330] "POST /flash-cart/wp-cron.php?doing_wp_cron=1789757466.5354590415954589843750 HTTP/1.1" 200 20 "-" "WordPress/7.1.1; https://themes.proac.ir/flash-cart"
147.135.213.11 - - [18/Sep/2026:22:21:09 +0330] "GET /flash-cart/cart/?remove_item=077e29b11be80ab57e1a2ecabb7da330&_wpnonce=8dc65c5552&add-to-cart=243 HTTP/1.1" 200 86923 "-" "Mozilla/5.0 (compatible; MJ12bot/v1.4.8; http://mj12bot.com/)"
147.135.213.11 - - [18/Sep/2026:22:21:13 +0330] "GET /flash-cart/cart/?remove_item=077e29b11be80ab57e1a2ecabb7da330&_wpnonce=8dc65c5552&add-to-cart=247 HTTP/1.1" 200 86863 "-" "Mozilla/5.0 (compatible; MJ12bot/v1.4.8; http://mj12bot.com/)"
147.135.213.11 - - [18/Sep/2026:22:21:16 +0330] "GET /flash-cart/cart/?remove_item=077e29b11be80ab57e1a2ecabb7da330&_wpnonce=8dc65c5552&add-to-cart=248 HTTP/1.1" 200 86980 "-" "Mozilla/5.0 (compatible; MJ12bot/v1.4.8; http://mj12bot.com/)"
147.135.213.11 - - [18/Sep/2026:22:21:21 +0330] "GET /flash-cart/cart/?remove_item=077e29b11be80ab57e1a2ecabb7da330&_wpnonce=8dc65c5552&add-to-cart=249 HTTP/1.1" 200 86893 "-" "Mozilla/5.0 (compatible; MJ12bot/v1.4.8; http://mj12bot.com/)"
147.135.213.11 - - [18/Sep/2026:22:21:24 +0330] "GET /flash-cart/cart/?remove_item=077e29b11be80ab57e1a2ecabb7da330&_wpnonce=8fc9880294&add-to-cart=243 HTTP/1.1" 200 86928 "-" "Mozilla/5.0 (compatible; MJ12bot/v1.4.8; http://mj12bot.com/)"
147.135.213.11 - - [18/Sep/2026:22:21:28 +0330] "GET /flash-cart/cart/?remove_item=077e29b11be80ab57e1a2ecabb7da330&_wpnonce=8fc9880294&add-to-cart=247 HTTP/1.1" 200 86862 "-" "Mozilla/5.0 (compatible; MJ12bot/v1.4.8; http://mj12bot.com/)"
147.135.213.11 - - [18/Sep/2026:22:21:32 +0330] "GET /flash-cart/cart/?remove_item=077e29b11be80ab57e1a2ecabb7da330&_wpnonce=8fc9880294&add-to-cart=248 HTTP/1.1" 200 86981 "-" "Mozilla/5.0 (compatible; MJ12bot/v1.4.8; http://mj12bot.com/)"
147.135.213.11 - - [18/Sep/2026:22:21:35 +0330] "GET /flash-cart/cart/?remove_item=077e29b11be80ab57e1a2ecabb7da330&_wpnonce=8fc9880294&add-to-cart=249 HTTP/1.1" 200 86894 "-" "Mozilla/5.0 (compatible; MJ12bot/v1.4.8; http://mj12bot.com/)"
147.135.213.11 - - [18/Sep/2026:22:21:39 +0330] "GET /flash-cart/cart/?remove_item=077e29b11be80ab57e1a2ecabb7da330&_wpnonce=909900230b HTTP/1.1" 200 83750 "-" "Mozilla/5.0 (compatible; MJ12bot/v1.4.8; http://mj12bot.com/)"
147.135.213.11 - - [18/Sep/2026:22:21:43 +0330] "GET /flash-cart/cart/?remove_item=077e29b11be80ab57e1a2ecabb7da330&_wpnonce=94d1e0d1ed&add-to-cart=243 HTTP/1.1" 200 86929 "-" "Mozilla/5.0 (compatible; MJ12bot/v1.4.8; http://mj12bot.com/)"
52.202.233.37 - - [18/Sep/2026:22:21:45 +0330] "GET /blissspa/wp-content/uploads/2024/10/?C=M;O%3DA HTTP/1.1" 200 728 "-" "Mozilla/5.0 AppleWebKit/537.36 (KHTML, like Gecko; compatible; Amazonbot/0.1; +https://developer.amazon.com/support/amazonbot) Chrome/119.0.6045.214 Safari/537.36"
147.135.213.11 - - [18/Sep/2026:22:21:46 +0330] "GET /flash-cart/cart/?remove_item=077e29b11be80ab57e1a2ecabb7da330&_wpnonce=94d1e0d1ed&add-to-cart=247 HTTP/1.1" 200 86860 "-" "Mozilla/5.0 (compatible; MJ12bot/v1.4.8; http://mj12bot.com/)"
147.135.213.11 - - [18/Sep/2026:22:21:50 +0330] "GET /flash-cart/cart/?remove_item=077e29b11be80ab57e1a2ecabb7da330&_wpnonce=94d1e0d1ed&add-to-cart=248 HTTP/1.1" 200 86980 "-" "Mozilla/5.0 (compatible; MJ12bot/v1.4.8; http://mj12bot.com/)"
147.135.213.11 - - [18/Sep/2026:22:21:54 +0330] "GET /flash-cart/cart/?remove_item=077e29b11be80ab57e1a2ecabb7da330&_wpnonce=94d1e0d1ed&add-to-cart=249 HTTP/1.1" 200 86891 "-" "Mozilla/5.0 (compatible; MJ12bot/v1.4.8; http://mj12bot.com/)"
147.135.213.11 - - [18/Sep/2026:22:21:58 +0330] "GET /flash-cart/cart/?remove_item=077e29b11be80ab57e1a2ecabb7da330&_wpnonce=94ed65f837&add-to-cart=243 HTTP/1.1" 200 86927 "-" "Mozilla/5.0 (compatible; MJ12bot/v1.4.8; http://mj12bot.com/)"
147.135.213.11 - - [18/Sep/2026:22:22:02 +0330] "GET /flash-cart/cart/?remove_item=077e29b11be80ab57e1a2ecabb7da330&_wpnonce=94ed65f837&add-to-cart=247 HTTP/1.1" 200 86863 "-" "Mozilla/5.0 (compatible; MJ12bot/v1.4.8; http://mj12bot.com/)"
78.110.123.2 - - [18/Sep/2026:22:22:05 +0330] "POST /flash-cart/wp-cron.php?doing_wp_cron=1789757525.6541130542755126953125 HTTP/1.1" 200 20 "-" "WordPress/7.1.1; https://themes.proac.ir/flash-cart"
147.135.213.11 - - [18/Sep/2026:22:22:08 +0330] "GET /flash-cart/cart/?remove_item=077e29b11be80ab57e1a2ecabb7da330&_wpnonce=94ed65f837&add-to-cart=248 HTTP/1.1" 200 86983 "-" "Mozilla/5.0 (compatible; MJ12bot/v1.4.8; http://mj12bot.com/)"
147.135.213.11 - - [18/Sep/2026:22:22:12 +0330] "GET /flash-cart/cart/?remove_item=077e29b11be80ab57e1a2ecabb7da330&_wpnonce=94ed65f837&add-to-cart=249 HTTP/1.1" 200 86895 "-" "Mozilla/5.0 (compatible; MJ12bot/v1.4.8; http://mj12bot.com/)"
147.135.213.11 - - [18/Sep/2026:22:22:16 +0330] "GET /flash-cart/cart/?remove_item=077e29b11be80ab57e1a2ecabb7da330&_wpnonce=951e115348&add-to-cart=243 HTTP/1.1" 200 86925 "-" "Mozilla/5.0 (compatible; MJ12bot/v1.4.8; http://mj12bot.com/)"
147.135.213.11 - - [18/Sep/2026:22:22:20 +0330] "GET /flash-cart/cart/?remove_item=077e29b11be80ab57e1a2ecabb7da330&_wpnonce=951e115348&add-to-cart=247 HTTP/1.1" 200 86860 "-" "Mozilla/5.0 (compatible; MJ12bot/v1.4.8; http://mj12bot.com/)"
147.135.213.11 - - [18/Sep/2026:22:22:24 +0330] "GET /flash-cart/cart/?remove_item=077e29b11be80ab57e1a2ecabb7da330&_wpnonce=951e115348&add-to-cart=248 HTTP/1.1" 200 86983 "-" "Mozilla/5.0 (compatible; MJ12bot/v1.4.8; http://mj12bot.com/)"
147.135.213.11 - - [18/Sep/2026:22:22:27 +0330] "GET /flash-cart/cart/?remove_item=077e29b11be80ab57e1a2ecabb7da330&_wpnonce=951e115348&add-to-cart=249 HTTP/1.1" 200 86893 "-" "Mozilla/5.0 (compatible; MJ12bot/v1.4.8; http://mj12bot.com/)"
147.135.213.11 - - [18/Sep/2026:22:22:31 +0330] "GET /flash-cart/cart/?remove_item=077e29b11be80ab57e1a2ecabb7da330&_wpnonce=952f1e10a7&add-to-cart=243 HTTP/1.1" 200 86922 "-" "Mozilla/5.0 (compatible; MJ12bot/v1.4.8; http://mj12bot.com/)"
147.135.213.11 - - [18/Sep/2026:22:22:35 +0330] "GET /flash-cart/cart/?remove_item=077e29b11be80ab57e1a2ecabb7da330&_wpnonce=952f1e10a7&add-to-cart=247 HTTP/1.1" 200 86862 "-" "Mozilla/5.0 (compatible; MJ12bot/v1.4.8; http://mj12bot.com/)"
147.135.213.11 - - [18/Sep/2026:22:22:39 +0330] "GET /flash-cart/cart/?remove_item=077e29b11be80ab57e1a2ecabb7da330&_wpnonce=952f1e10a7&add-to-cart=248 HTTP/1.1" 200 86983 "-" "Mozilla/5.0 (compatible; MJ12bot/v1.4.8; http://mj12bot.com/)"
147.135.213.11 - - [18/Sep/2026:22:22:42 +0330] "GET /flash-cart/cart/?remove_item=077e29b11be80ab57e1a2ecabb7da330&_wpnonce=952f1e10a7&add-to-cart=249 HTTP/1.1" 200 86896 "-" "Mozilla/5.0 (compatible; MJ12bot/v1.4.8; http://mj12bot.com/)"
23.21.228.180 - - [18/Sep/2026:22:22:46 +0330] "GET /blissspa/wp-content/uploads/2023/09/?C=N;O%3DD HTTP/1.1" 200 4011 "-" "Mozilla/5.0 AppleWebKit/537.36 (KHTML, like Gecko; compatible; Amazonbot/0.1; +https://developer.amazon.com/support/amazonbot) Chrome/119.0.6045.214 Safari/537.36"
147.135.213.11 - - [18/Sep/2026:22:22:46 +0330] "GET /flash-cart/cart/?remove_item=077e29b11be80ab57e1a2ecabb7da330&_wpnonce=9534cca118&add-to-cart=243 HTTP/1.1" 200 86930 "-" "Mozilla/5.0 (compatible; MJ12bot/v1.4.8; http://mj12bot.com/)"
44.223.115.10 - - [18/Sep/2026:22:22:49 +0330] "GET /vip/prosite/wp-content/plugins/elementor/assets/shapes/arrow-negative.svg HTTP/1.1" 200 180 "-" "Mozilla/5.0 AppleWebKit/537.36 (KHTML, like Gecko; compatible; Amazonbot/0.1; +https://developer.amazon.com/support/amazonbot) Chrome/119.0.6045.214 Safari/537.36"
147.135.213.11 - - [18/Sep/2026:22:22:49 +0330] "GET /flash-cart/cart/?remove_item=077e29b11be80ab57e1a2ecabb7da330&_wpnonce=9534cca118&add-to-cart=247 HTTP/1.1" 200 86861 "-" "Mozilla/5.0 (compatible; MJ12bot/v1.4.8; http://mj12bot.com/)"
147.135.213.11 - - [18/Sep/2026:22:22:53 +0330] "GET /flash-cart/cart/?remove_item=077e29b11be80ab57e1a2ecabb7da330&_wpnonce=9534cca118&add-to-cart=248 HTTP/1.1" 200 86982 "-" "Mozilla/5.0 (compatible; MJ12bot/v1.4.8; http://mj12bot.com/)"
147.135.213.11 - - [18/Sep/2026:22:22:56 +0330] "GET /flash-cart/cart/?remove_item=077e29b11be80ab57e1a2ecabb7da330&_wpnonce=9534cca118&add-to-cart=249 HTTP/1.1" 200 86895 "-" "Mozilla/5.0 (compatible; MJ12bot/v1.4.8; http://mj12bot.com/)"
147.135.213.11 - - [18/Sep/2026:22:23:00 +0330] "GET /flash-cart/cart/?remove_item=077e29b11be80ab57e1a2ecabb7da330&_wpnonce=95631d7ebe HTTP/1.1" 200 83751 "-" "Mozilla/5.0 (compatible; MJ12bot/v1.4.8; http://mj12bot.com/)"
78.110.123.2 - - [18/Sep/2026:22:23:02 +0330] "POST /flash-cart/wp-cron.php?doing_wp_cron=1789757582.3615009784698486328125 HTTP/1.1" 200 20 "-" "WordPress/7.1.1; https://themes.proac.ir/flash-cart"
147.135.213.11 - - [18/Sep/2026:22:23:05 +0330] "GET /flash-cart/cart/?remove_item=077e29b11be80ab57e1a2ecabb7da330&_wpnonce=95dc12fc9b&add-to-cart=243 HTTP/1.1" 200 86925 "-" "Mozilla/5.0 (compatible; MJ12bot/v1.4.8; http://mj12bot.com/)"
147.135.213.11 - - [18/Sep/2026:22:23:08 +0330] "GET /flash-cart/cart/?remove_item=077e29b11be80ab57e1a2ecabb7da330&_wpnonce=95dc12fc9b&add-to-cart=247 HTTP/1.1" 200 86862 "-" "Mozilla/5.0 (compatible; MJ12bot/v1.4.8; http://mj12bot.com/)"
147.135.213.11 - - [18/Sep/2026:22:23:12 +0330] "GET /flash-cart/cart/?remove_item=077e29b11be80ab57e1a2ecabb7da330&_wpnonce=95dc12fc9b&add-to-cart=248 HTTP/1.1" 200 86981 "-" "Mozilla/5.0 (compatible; MJ12bot/v1.4.8; http://mj12bot.com/)"
23.21.204.95 - - [18/Sep/2026:22:23:17 +0330] "GET /vip/prosite/wp-content/plugins/elementor/assets/shapes/clouds-negative.svg HTTP/1.1" 200 1252 "-" "Mozilla/5.0 AppleWebKit/537.36 (KHTML, like Gecko; compatible; Amazonbot/0.1; +https://developer.amazon.com/support/amazonbot) Chrome/119.0.6045.214 Safari/537.36"
147.135.213.11 - - [18/Sep/2026:22:23:15 +0330] "GET /flash-cart/cart/?remove_item=077e29b11be80ab57e1a2ecabb7da330&_wpnonce=95dc12fc9b&add-to-cart=249 HTTP/1.1" 200 86892 "-" "Mozilla/5.0 (compatible; MJ12bot/v1.4.8; http://mj12bot.com/)"
147.135.213.11 - - [18/Sep/2026:22:23:19 +0330] "GET /flash-cart/cart/?remove_item=077e29b11be80ab57e1a2ecabb7da330&_wpnonce=96477bb716 HTTP/1.1" 200 83750 "-" "Mozilla/5.0 (compatible; MJ12bot/v1.4.8; http://mj12bot.com/)"
147.135.213.11 - - [18/Sep/2026:22:23:23 +0330] "GET /flash-cart/cart/?remove_item=077e29b11be80ab57e1a2ecabb7da330&_wpnonce=967c8a83ad&add-to-cart=243 HTTP/1.1" 200 86926 "-" "Mozilla/5.0 (compatible; MJ12bot/v1.4.8; http://mj12bot.com/)"
147.135.213.11 - - [18/Sep/2026:22:23:26 +0330] "GET /flash-cart/cart/?remove_item=077e29b11be80ab57e1a2ecabb7da330&_wpnonce=967c8a83ad&add-to-cart=247 HTTP/1.1" 200 86861 "-" "Mozilla/5.0 (compatible; MJ12bot/v1.4.8; http://mj12bot.com/)"
147.135.213.11 - - [18/Sep/2026:22:23:30 +0330] "GET /flash-cart/cart/?remove_item=077e29b11be80ab57e1a2ecabb7da330&_wpnonce=969a14c194&add-to-cart=243 HTTP/1.1" 200 86922 "-" "Mozilla/5.0 (compatible; MJ12bot/v1.4.8; http://mj12bot.com/)"
147.135.213.11 - - [18/Sep/2026:22:23:34 +0330] "GET /flash-cart/cart/?remove_item=077e29b11be80ab57e1a2ecabb7da330&_wpnonce=969a14c194&add-to-cart=247 HTTP/1.1" 200 86861 "-" "Mozilla/5.0 (compatible; MJ12bot/v1.4.8; http://mj12bot.com/)"
147.135.213.11 - - [18/Sep/2026:22:23:38 +0330] "GET /flash-cart/cart/?remove_item=077e29b11be80ab57e1a2ecabb7da330&_wpnonce=969a14c194&add-to-cart=248 HTTP/1.1" 200 86983 "-" "Mozilla/5.0 (compatible; MJ12bot/v1.4.8; http://mj12bot.com/)"
147.135.213.11 - - [18/Sep/2026:22:23:41 +0330] "GET /flash-cart/cart/?remove_item=077e29b11be80ab57e1a2ecabb7da330&_wpnonce=969a14c194&add-to-cart=249 HTTP/1.1" 200 86891 "-" "Mozilla/5.0 (compatible; MJ12bot/v1.4.8; http://mj12bot.com/)"
147.135.213.11 - - [18/Sep/2026:22:23:45 +0330] "GET /flash-cart/cart/?remove_item=077e29b11be80ab57e1a2ecabb7da330&_wpnonce=96b83e4b1f HTTP/1.1" 200 83749 "-" "Mozilla/5.0 (compatible; MJ12bot/v1.4.8; http://mj12bot.com/)"
147.135.213.11 - - [18/Sep/2026:22:23:49 +0330] "GET /flash-cart/cart/?remove_item=077e29b11be80ab57e1a2ecabb7da330&_wpnonce=97499c693e HTTP/1.1" 200 83753 "-" "Mozilla/5.0 (compatible; MJ12bot/v1.4.8; http://mj12bot.com/)"
147.135.213.11 - - [18/Sep/2026:22:23:52 +0330] "GET /flash-cart/cart/?remove_item=077e29b11be80ab57e1a2ecabb7da330&_wpnonce=97fb50f031 HTTP/1.1" 200 83755 "-" "Mozilla/5.0 (compatible; MJ12bot/v1.4.8; http://mj12bot.com/)"
147.135.213.11 - - [18/Sep/2026:22:23:56 +0330] "GET /flash-cart/cart/?remove_item=077e29b11be80ab57e1a2ecabb7da330&_wpnonce=9850425fa1 HTTP/1.1" 200 83752 "-" "Mozilla/5.0 (compatible; MJ12bot/v1.4.8; http://mj12bot.com/)"
147.135.213.11 - - [18/Sep/2026:22:23:59 +0330] "GET /flash-cart/cart/?remove_item=077e29b11be80ab57e1a2ecabb7da330&_wpnonce=99b3ab92a7 HTTP/1.1" 200 83749 "-" "Mozilla/5.0 (compatible; MJ12bot/v1.4.8; http://mj12bot.com/)"
78.110.123.2 - - [18/Sep/2026:22:24:02 +0330] "POST /flash-cart/wp-cron.php?doing_wp_cron=1789757642.5066618919372558593750 HTTP/1.1" 200 20 "-" "WordPress/7.1.1; https://themes.proac.ir/flash-cart"
147.135.213.11 - - [18/Sep/2026:22:24:05 +0330] "GET /flash-cart/cart/?remove_item=077e29b11be80ab57e1a2ecabb7da330&_wpnonce=9b02fdd4d5&add-to-cart=243 HTTP/1.1" 200 86925 "-" "Mozilla/5.0 (compatible; MJ12bot/v1.4.8; http://mj12bot.com/)"
147.135.213.11 - - [18/Sep/2026:22:24:08 +0330] "GET /flash-cart/cart/?remove_item=077e29b11be80ab57e1a2ecabb7da330&_wpnonce=9b02fdd4d5&add-to-cart=247 HTTP/1.1" 200 86857 "-" "Mozilla/5.0 (compatible; MJ12bot/v1.4.8; http://mj12bot.com/)"
147.135.213.11 - - [18/Sep/2026:22:24:12 +0330] "GET /flash-cart/cart/?remove_item=077e29b11be80ab57e1a2ecabb7da330&_wpnonce=9b02fdd4d5&add-to-cart=248 HTTP/1.1" 200 86986 "-" "Mozilla/5.0 (compatible; MJ12bot/v1.4.8; http://mj12bot.com/)"
147.135.213.11 - - [18/Sep/2026:22:24:15 +0330] "GET /flash-cart/cart/?remove_item=077e29b11be80ab57e1a2ecabb7da330&_wpnonce=9b02fdd4d5&add-to-cart=249 HTTP/1.1" 200 86894 "-" "Mozilla/5.0 (compatible; MJ12bot/v1.4.8; http://mj12bot.com/)"
147.135.213.11 - - [18/Sep/2026:22:24:19 +0330] "GET /flash-cart/cart/?remove_item=077e29b11be80ab57e1a2ecabb7da330&_wpnonce=9c9fc04a5f&add-to-cart=243 HTTP/1.1" 200 86927 "-" "Mozilla/5.0 (compatible; MJ12bot/v1.4.8; http://mj12bot.com/)"
147.135.213.11 - - [18/Sep/2026:22:24:23 +0330] "GET /flash-cart/cart/?remove_item=077e29b11be80ab57e1a2ecabb7da330&_wpnonce=9c9fc04a5f&add-to-cart=247 HTTP/1.1" 200 86862 "-" "Mozilla/5.0 (compatible; MJ12bot/v1.4.8; http://mj12bot.com/)"
147.135.213.11 - - [18/Sep/2026:22:24:27 +0330] "GET /flash-cart/cart/?remove_item=077e29b11be80ab57e1a2ecabb7da330&_wpnonce=9c9fc04a5f&add-to-cart=248 HTTP/1.1" 200 86987 "-" "Mozilla/5.0 (compatible; MJ12bot/v1.4.8; http://mj12bot.com/)"
43.164.194.198 - - [18/Sep/2026:22:42:44 +0330] "GET /proactive/contact-us/ HTTP/1.1" 200 405 "-" "Mozilla/5.0 (iPhone; CPU iPhone OS 13_2_3 like Mac OS X) AppleWebKit/605.1.15 (KHTML, like Gecko) Version/13.0.3 Mobile/15E148 Safari/604.1"
95.217.109.26 - - [18/Sep/2026:22:48:31 +0330] "GET /robots.txt HTTP/1.1" 404 - "-" "Mozilla/5.0 (compatible; MJ12bot/v1.4.8; http://mj12bot.com/)"
78.110.123.2 - - [18/Sep/2026:22:48:34 +0330] "POST /affinityx/wp-cron.php?doing_wp_cron=1789759114.8615500926971435546875 HTTP/1.1" 200 20 "-" "WordPress/7.1.1; https://themes.proac.ir/affinityx"
95.217.109.26 - - [18/Sep/2026:22:48:33 +0330] "GET /affinityx/%D8%A8%DB%8C%D9%86%D8%B4-%D9%87%D8%A7%D8%8C-%D8%A7%D8%B3%D8%AA%D8%B1%D8%A7%D8%AA%DA%98%DB%8C-%D9%87%D8%A7%D8%8C-%D9%88-%D8%AF%D8%A7%D8%B3%D8%AA%D8%A7%D9%86-%D9%87%D8%A7%DB%8C-%D9%85%D9%88%D9%81%D9%82/ HTTP/1.1" 200 19210 "-" "Mozilla/5.0 (compatible; MJ12bot/v1.4.8; http://mj12bot.com/)"
95.217.109.26 - - [18/Sep/2026:22:48:37 +0330] "GET /affinityx/%D8%AF%D8%B1%DA%A9-%D9%88-%D8%AE%D9%88%D8%B4%D8%AD%D8%A7%D9%84-%DA%A9%D8%B1%D8%AF%D9%86-%D9%85%D8%AE%D8%A7%D8%B7%D8%A8%D8%A7%D9%86/ HTTP/1.1" 200 19158 "-" "Mozilla/5.0 (compatible; MJ12bot/v1.4.8; http://mj12bot.com/)"
95.217.109.26 - - [18/Sep/2026:22:48:40 +0330] "GET /affinityx/%D8%AF%D8%B1%DA%A9-%D9%88-%D8%AE%D9%88%D8%B4%D8%AD%D8%A7%D9%84-%DA%A9%D8%B1%D8%AF%D9%86-%D9%85%D8%AE%D8%A7%D8%B7%D8%A8%D8%A7%D9%86-2/ HTTP/1.1" 200 19164 "-" "Mozilla/5.0 (compatible; MJ12bot/v1.4.8; http://mj12bot.com/)"
95.217.109.26 - - [18/Sep/2026:22:48:43 +0330] "GET /affinityx/%D8%B3%D9%86%D8%AC%D8%B4-%D9%85%D9%88%D9%81%D9%82%DB%8C%D8%AA-%D9%81%D8%B1%D8%A7%D8%AA%D8%B1-%D8%A7%D8%B2-%DA%A9%D9%84%DB%8C%DA%A9-%D9%87%D8%A7/ HTTP/1.1" 200 21123 "-" "Mozilla/5.0 (compatible; MJ12bot/v1.4.8; http://mj12bot.com/)"
95.217.109.26 - - [18/Sep/2026:22:48:46 +0330] "GET /affinityx/%D8%B3%D9%86%D8%AC%D8%B4-%D9%85%D9%88%D9%81%D9%82%DB%8C%D8%AA-%D9%81%D8%B1%D8%A7%D8%AA%D8%B1-%D8%A7%D8%B2-%DA%A9%D9%84%DB%8C%DA%A9-%D9%87%D8%A7-2/ HTTP/1.1" 200 19161 "-" "Mozilla/5.0 (compatible; MJ12bot/v1.4.8; http://mj12bot.com/)"
95.217.109.26 - - [18/Sep/2026:22:48:50 +0330] "GET /affinityx/%D9%82%D8%AF%D8%B1%D8%AA-%D9%82%DB%8C%D9%81-%D9%87%D8%A7%DB%8C-%D9%85%D9%88%D8%AB%D8%B1/ HTTP/1.1" 200 19053 "-" "Mozilla/5.0 (compatible; MJ12bot/v1.4.8; http://mj12bot.com/)"
95.217.109.26 - - [18/Sep/2026:22:48:53 +0330] "GET /affinityx/%D9%82%D8%AF%D8%B1%D8%AA-%D9%82%DB%8C%D9%81-%D9%87%D8%A7%DB%8C-%D9%85%D9%88%D8%AB%D8%B1-2/ HTTP/1.1" 200 19063 "-" "Mozilla/5.0 (compatible; MJ12bot/v1.4.8; http://mj12bot.com/)"
95.217.109.26 - - [18/Sep/2026:22:48:57 +0330] "GET /affinityx/%DB%8C%D8%A7-%D9%88%D8%B3%DB%8C%D9%84%D9%87-%D9%86%D9%82%D9%84%DB%8C%D9%87-%DA%A9%D9%85%D8%AA%D8%B1/ HTTP/1.1" 200 19082 "-" "Mozilla/5.0 (compatible; MJ12bot/v1.4.8; http://mj12bot.com/)"
95.217.109.26 - - [18/Sep/2026:22:49:00 +0330] "GET /affinityx/category/%D8%A7%D9%85%D9%86%DB%8C%D8%AA-%D8%B3%D8%A7%DB%8C%D8%AA/ HTTP/1.1" 200 16432 "-" "Mozilla/5.0 (compatible; MJ12bot/v1.4.8; http://mj12bot.com/)"
95.217.109.26 - - [18/Sep/2026:22:49:03 +0330] "GET /affinityx/category/%D8%B3%D8%A6%D9%88-%D8%B3%D8%A7%DB%8C%D8%AA/ HTTP/1.1" 200 16430 "-" "Mozilla/5.0 (compatible; MJ12bot/v1.4.8; http://mj12bot.com/)"
95.217.109.26 - - [18/Sep/2026:22:49:08 +0330] "GET /affinityx/category/%D8%B7%D8%B1%D8%A7%D8%AD%DB%8C-%D8%B3%D8%A7%DB%8C%D8%AA/ HTTP/1.1" 200 16440 "-" "Mozilla/5.0 (compatible; MJ12bot/v1.4.8; http://mj12bot.com/)"
95.217.109.26 - - [18/Sep/2026:22:49:11 +0330] "GET /agritopia/%D8%A7%D8%B2-%D9%85%D8%B2%D8%A7%DB%8C%D8%A7%DB%8C-%D8%A8%D8%B3%D8%AA%D9%87-%D8%A8%D9%86%D8%AF%DB%8C-%D8%A7%D9%86%D8%B9%D8%B7%D8%A7%D9%81-%D9%BE%D8%B0%DB%8C%D8%B1-%D8%A8%D8%B1%D8%A7%DB%8C-%D9%85%D8%AD/ HTTP/1.1" 200 18193 "-" "Mozilla/5.0 (compatible; MJ12bot/v1.4.8; http://mj12bot.com/)"
78.110.123.2 - - [18/Sep/2026:22:49:13 +0330] "POST /agritopia/wp-cron.php?doing_wp_cron=1789759153.0736498832702636718750 HTTP/1.1" 200 20 "-" "WordPress/7.1.1; https://themes.proac.ir/agritopia"
95.217.109.26 - - [18/Sep/2026:22:49:15 +0330] "GET /agritopia/%D8%A8%D9%87%D8%AA%D8%B1%DB%8C%D9%86-%D8%B2%D9%85%D8%A7%D9%86-%D8%A8%D8%B1%D8%A7%DB%8C-%D9%BE%D8%B1%D9%88%D8%B1%D8%B4-%D8%B3%DB%8C%D8%A8-%D8%B2%D9%85%DB%8C%D9%86%DB%8C-%DA%86%D9%87-%D8%B2%D9%85%D8%A7/ HTTP/1.1" 200 18144 "-" "Mozilla/5.0 (compatible; MJ12bot/v1.4.8; http://mj12bot.com/)"
95.217.109.26 - - [18/Sep/2026:22:49:19 +0330] "GET /agritopia/%D8%AA%D9%82%D8%A7%D8%B6%D8%A7%DB%8C-%DA%A9%D9%85%D8%AA%D8%B1-%D8%A8%D8%B1%D8%A7%DB%8C-%D8%AA%D8%A7%D9%85%DB%8C%D9%86-%D8%A2%D8%A8-%D8%B4%DB%8C%D8%B1%DB%8C%D9%86-%DA%A9%D9%87-%D8%AF%D8%B1-%D8%AD%D8%A7/ HTTP/1.1" 200 18181 "-" "Mozilla/5.0 (compatible; MJ12bot/v1.4.8; http://mj12bot.com/)"
95.217.109.26 - - [18/Sep/2026:22:49:22 +0330] "GET /agritopia/%D9%BE%D8%B1%D9%88%D8%B1%D8%B4-%D8%A7%DB%8C%D9%86-%D8%AD%DB%8C%D9%88%D8%A7%D9%86%D8%A7%D8%AA-%D8%AF%D8%B1-%D9%85%D8%B2%D8%B1%D8%B9%D9%87-%DA%A9%D9%88%DA%86%DA%A9-%D8%A2%D8%B3%D8%A7%D9%86-%D8%A7%D8%B3/ HTTP/1.1" 200 18172 "-" "Mozilla/5.0 (compatible; MJ12bot/v1.4.8; http://mj12bot.com/)"
95.217.109.26 - - [18/Sep/2026:22:49:25 +0330] "GET /agritopia/%DA%86%DA%AF%D9%88%D9%86%D9%87-%D8%A7%D8%B3%D8%AA%D8%A7%D9%86%D8%AF%D8%A7%D8%B1%D8%AF%D9%87%D8%A7%DB%8C-%D9%85%D8%B4%D9%88%D9%82-%DA%A9%D8%B4%D8%A7%D9%88%D8%B1%D8%B2%DB%8C-%D9%BE%D8%A7%DB%8C%D8%AF/ HTTP/1.1" 200 18187 "-" "Mozilla/5.0 (compatible; MJ12bot/v1.4.8; http://mj12bot.com/)"
