85.215.100.160 - - [19/Sep/2026:04:45:12 +0330] "POST /photography/wp-login.php HTTP/1.1" 302 20 "https://themes.proac.ir/photography/wp-admin/" "Mozilla/5.0 (Windows NT 10.0; Win64; x64) AppleWebKit/537.36 (KHTML, like Gecko) Chrome/91.0.4472.124 Safari/537.36"
85.215.100.160 - - [19/Sep/2026:04:45:13 +0330] "GET /photography/wp-login.php?redirect_to=https%3A%2F%2Fthemes.proac.ir%2Fphotography%2Fwp-admin%2F&action=confirm_admin_email&wp_lang=fa_IR HTTP/1.1" 200 1671 "https://themes.proac.ir/photography/wp-admin/" "Mozilla/5.0 (Windows NT 10.0; Win64; x64) AppleWebKit/537.36 (KHTML, like Gecko) Chrome/91.0.4472.124 Safari/537.36"
78.110.123.2 - - [19/Sep/2026:04:45:14 +0330] "POST /vip/tour/wp-cron.php HTTP/1.1" 200 20 "-" "WordPress/6.9; https://themes.proac.ir/vip/tour"
78.110.123.2 - - [19/Sep/2026:04:45:12 +0330] "GET /vip/therapy/ HTTP/1.1" 200 16232 "-" "WordPress/7.1; https://themes.proac.ir/vip/therapy"
85.215.100.160 - - [19/Sep/2026:04:45:13 +0330] "GET /vip/tour/wp-admin/plugin-install.php?tab=upload HTTP/1.1" 200 78482 "www.google.com" "Mozilla/5.0 (Windows NT 10.0; Win64; x64) AppleWebKit/537.36 (KHTML, like Gecko) Chrome/91.0.4472.124 Safari/537.36"
85.215.100.160 - - [19/Sep/2026:04:45:13 +0330] "GET /photography/wp-admin/ HTTP/1.1" 200 63280 "www.google.com" "Mozilla/5.0 (Windows NT 10.0; Win64; x64) AppleWebKit/537.36 (KHTML, like Gecko) Chrome/91.0.4472.124 Safari/537.36"
78.110.123.2 - - [19/Sep/2026:04:45:14 +0330] "GET /vip/therapy/ HTTP/1.1" 200 16228 "-" "WordPress/7.1; https://themes.proac.ir/vip/therapy"
78.110.123.2 - - [19/Sep/2026:04:45:16 +0330] "GET /vip/therapy/ HTTP/1.1" 200 16228 "-" "WordPress/7.1; https://themes.proac.ir/vip/therapy"
85.215.100.160 - - [19/Sep/2026:04:45:16 +0330] "GET /photography/wp-admin/plugin-install.php?tab=upload HTTP/1.1" 200 53270 "www.google.com" "Mozilla/5.0 (Windows NT 10.0; Win64; x64) AppleWebKit/537.36 (KHTML, like Gecko) Chrome/91.0.4472.124 Safari/537.36"
78.110.123.2 - - [19/Sep/2026:04:45:14 +0330] "GET /vip/tour/ HTTP/1.1" 200 27139 "-" "WordPress/6.9; https://themes.proac.ir/vip/tour"
78.110.123.2 - - [19/Sep/2026:04:45:17 +0330] "GET /vip/therapy/ HTTP/1.1" 200 16228 "-" "WordPress/7.1; https://themes.proac.ir/vip/therapy"
78.110.123.2 - - [19/Sep/2026:04:44:59 +0330] "POST /vip/therapy/wp-cron.php?doing_wp_cron=1789780499.8025410175323486328125 HTTP/1.1" 200 20 "-" "WordPress/7.1; https://themes.proac.ir/vip/therapy"
78.110.123.2 - - [19/Sep/2026:04:45:18 +0330] "GET /vip/tour/ HTTP/1.1" 200 27142 "-" "WordPress/6.9; https://themes.proac.ir/vip/tour"
85.215.100.160 - - [19/Sep/2026:04:45:16 +0330] "POST /vip/tour/wp-admin/update.php?action=upload-plugin HTTP/1.1" 200 74806 "www.google.com" "Mozilla/5.0 (Windows NT 10.0; Win64; x64) AppleWebKit/537.36 (KHTML, like Gecko) Chrome/91.0.4472.124 Safari/537.36"
85.215.100.160 - - [19/Sep/2026:04:45:22 +0330] "GET /vip/tour/wp-content/plugins/pnxjsuq/index.php HTTP/1.1" 200 81 "www.google.com" "Mozilla/5.0 (Windows NT 10.0; Win64; x64) AppleWebKit/537.36 (KHTML, like Gecko) Chrome/91.0.4472.124 Safari/537.36"
85.215.100.160 - - [19/Sep/2026:04:45:18 +0330] "POST /photography/wp-admin/update.php?action=upload-plugin HTTP/1.1" 200 55752 "www.google.com" "Mozilla/5.0 (Windows NT 10.0; Win64; x64) AppleWebKit/537.36 (KHTML, like Gecko) Chrome/91.0.4472.124 Safari/537.36"
85.215.100.160 - - [19/Sep/2026:04:45:23 +0330] "GET /photography/wp-content/plugins/rfhmmza/index.php HTTP/1.1" 200 81 "www.google.com" "Mozilla/5.0 (Windows NT 10.0; Win64; x64) AppleWebKit/537.36 (KHTML, like Gecko) Chrome/91.0.4472.124 Safari/537.36"
78.110.123.2 - - [19/Sep/2026:04:45:20 +0330] "GET /vip/tour/ HTTP/1.1" 200 27138 "-" "WordPress/6.9; https://themes.proac.ir/vip/tour"
85.215.100.160 - - [19/Sep/2026:04:45:23 +0330] "GET /podcast/wp-login.php HTTP/1.1" 200 3822 "www.google.com" "Mozilla/5.0 (Windows NT 10.0; Win64; x64) AppleWebKit/537.36 (KHTML, like Gecko) Chrome/91.0.4472.124 Safari/537.36"
85.215.100.160 - - [19/Sep/2026:04:45:24 +0330] "POST /podcast/wp-login.php HTTP/1.1" 302 20 "https://themes.proac.ir/podcast/wp-admin/" "Mozilla/5.0 (Windows NT 10.0; Win64; x64) AppleWebKit/537.36 (KHTML, like Gecko) Chrome/91.0.4472.124 Safari/537.36"
78.110.123.2 - - [19/Sep/2026:04:45:23 +0330] "GET /vip/tour/ HTTP/1.1" 200 27115 "-" "WordPress/6.9; https://themes.proac.ir/vip/tour"
78.110.123.2 - - [19/Sep/2026:04:45:06 +0330] "POST /vip/tour/wp-cron.php?doing_wp_cron=1789780506.8182609081268310546875 HTTP/1.1" 200 20 "-" "WordPress/6.9; https://themes.proac.ir/vip/tour"
85.215.100.160 - - [19/Sep/2026:04:45:25 +0330] "GET /podcast/wp-login.php?redirect_to=https%3A%2F%2Fthemes.proac.ir%2Fpodcast%2Fwp-admin%2F&action=confirm_admin_email&wp_lang=fa_IR HTTP/1.1" 200 2004 "https://themes.proac.ir/podcast/wp-admin/" "Mozilla/5.0 (Windows NT 10.0; Win64; x64) AppleWebKit/537.36 (KHTML, like Gecko) Chrome/91.0.4472.124 Safari/537.36"
85.215.100.160 - - [19/Sep/2026:04:45:22 +0330] "GET /vip/yacht-rental/wp-login.php HTTP/1.1" 200 3472 "www.google.com" "Mozilla/5.0 (Windows NT 10.0; Win64; x64) AppleWebKit/537.36 (KHTML, like Gecko) Chrome/91.0.4472.124 Safari/537.36"
85.215.100.160 - - [19/Sep/2026:04:45:26 +0330] "POST /vip/yacht-rental/wp-login.php HTTP/1.1" 302 20 "https://themes.proac.ir/vip/yacht-rental/wp-admin/" "Mozilla/5.0 (Windows NT 10.0; Win64; x64) AppleWebKit/537.36 (KHTML, like Gecko) Chrome/91.0.4472.124 Safari/537.36"
85.215.100.160 - - [19/Sep/2026:04:45:25 +0330] "GET /podcast/wp-admin/ HTTP/1.1" 200 102933 "www.google.com" "Mozilla/5.0 (Windows NT 10.0; Win64; x64) AppleWebKit/537.36 (KHTML, like Gecko) Chrome/91.0.4472.124 Safari/537.36"
85.215.100.160 - - [19/Sep/2026:04:45:27 +0330] "GET /vip/yacht-rental/wp-login.php?redirect_to=https%3A%2F%2Fthemes.proac.ir%2Fvip%2Fyacht-rental%2Fwp-admin%2F&action=confirm_admin_email&wp_lang=fa_IR HTTP/1.1" 200 2013 "https://themes.proac.ir/vip/yacht-rental/wp-admin/" "Mozilla/5.0 (Windows NT 10.0; Win64; x64) AppleWebKit/537.36 (KHTML, like Gecko) Chrome/91.0.4472.124 Safari/537.36"
85.215.100.160 - - [19/Sep/2026:04:45:28 +0330] "GET /podcast/wp-admin/plugin-install.php?tab=upload HTTP/1.1" 200 92462 "www.google.com" "Mozilla/5.0 (Windows NT 10.0; Win64; x64) AppleWebKit/537.36 (KHTML, like Gecko) Chrome/91.0.4472.124 Safari/537.36"
78.110.123.2 - - [19/Sep/2026:04:45:29 +0330] "POST /vip/yacht-rental/wp-admin/admin-ajax.php?action=wp_1_wc_privacy_cleanup&nonce=601c50dc29 HTTP/1.1" 200 20 "-" "WordPress/6.9; https://themes.proac.ir/vip/yacht-rental"
85.215.100.160 - - [19/Sep/2026:04:45:29 +0330] "POST /podcast/wp-admin/update.php?action=upload-plugin HTTP/1.1" 200 88152 "www.google.com" "Mozilla/5.0 (Windows NT 10.0; Win64; x64) AppleWebKit/537.36 (KHTML, like Gecko) Chrome/91.0.4472.124 Safari/537.36"
85.215.100.160 - - [19/Sep/2026:04:45:28 +0330] "GET /vip/yacht-rental/wp-admin/ HTTP/1.1" 200 95251 "www.google.com" "Mozilla/5.0 (Windows NT 10.0; Win64; x64) AppleWebKit/537.36 (KHTML, like Gecko) Chrome/91.0.4472.124 Safari/537.36"
85.215.100.160 - - [19/Sep/2026:04:45:32 +0330] "GET /podcast/wp-content/plugins/jqmkftu/index.php HTTP/1.1" 200 81 "www.google.com" "Mozilla/5.0 (Windows NT 10.0; Win64; x64) AppleWebKit/537.36 (KHTML, like Gecko) Chrome/91.0.4472.124 Safari/537.36"
85.215.100.160 - - [19/Sep/2026:04:45:33 +0330] "GET /proactive/wp-login.php HTTP/1.1" 200 51437 "www.google.com" "Mozilla/5.0 (Windows NT 10.0; Win64; x64) AppleWebKit/537.36 (KHTML, like Gecko) Chrome/91.0.4472.124 Safari/537.36"
85.215.100.160 - - [19/Sep/2026:04:45:33 +0330] "POST /proactive/wp-login.php HTTP/1.1" 200 51437 "https://themes.proac.ir/proactive/wp-admin/" "Mozilla/5.0 (Windows NT 10.0; Win64; x64) AppleWebKit/537.36 (KHTML, like Gecko) Chrome/91.0.4472.124 Safari/537.36"
85.215.100.160 - - [19/Sep/2026:04:45:33 +0330] "GET /proactive/wp-admin/ HTTP/1.1" 200 7864 "www.google.com" "Mozilla/5.0 (Windows NT 10.0; Win64; x64) AppleWebKit/537.36 (KHTML, like Gecko) Chrome/91.0.4472.124 Safari/537.36"
85.215.100.160 - - [19/Sep/2026:04:45:32 +0330] "GET /vip/yacht-rental/wp-admin/plugin-install.php?tab=upload HTTP/1.1" 200 80853 "www.google.com" "Mozilla/5.0 (Windows NT 10.0; Win64; x64) AppleWebKit/537.36 (KHTML, like Gecko) Chrome/91.0.4472.124 Safari/537.36"
78.110.123.2 - - [19/Sep/2026:04:45:34 +0330] "POST /vip/yacht-rental/wp-cron.php HTTP/1.1" 200 20 "-" "WordPress/6.9; https://themes.proac.ir/vip/yacht-rental"
78.110.123.2 - - [19/Sep/2026:04:45:34 +0330] "POST /projectmanager/wp-cron.php?doing_wp_cron=1789780534.7924439907073974609375 HTTP/1.1" 200 20 "-" "WordPress/7.1.1; https://themes.proac.ir/projectmanager"
85.215.100.160 - - [19/Sep/2026:04:45:34 +0330] "GET /projectmanager/wp-login.php HTTP/1.1" 200 3637 "www.google.com" "Mozilla/5.0 (Windows NT 10.0; Win64; x64) AppleWebKit/537.36 (KHTML, like Gecko) Chrome/91.0.4472.124 Safari/537.36"
85.215.100.160 - - [19/Sep/2026:04:45:35 +0330] "POST /projectmanager/wp-login.php HTTP/1.1" 302 20 "https://themes.proac.ir/projectmanager/wp-admin/" "Mozilla/5.0 (Windows NT 10.0; Win64; x64) AppleWebKit/537.36 (KHTML, like Gecko) Chrome/91.0.4472.124 Safari/537.36"
78.110.123.2 - - [19/Sep/2026:04:45:34 +0330] "GET /vip/yacht-rental/ HTTP/1.1" 200 34244 "-" "WordPress/6.9; https://themes.proac.ir/vip/yacht-rental"
85.215.100.160 - - [19/Sep/2026:04:45:36 +0330] "GET /projectmanager/wp-login.php?redirect_to=https%3A%2F%2Fthemes.proac.ir%2Fprojectmanager%2Fwp-admin%2F&action=confirm_admin_email&wp_lang=fa_IR HTTP/1.1" 200 1886 "https://themes.proac.ir/projectmanager/wp-admin/" "Mozilla/5.0 (Windows NT 10.0; Win64; x64) AppleWebKit/537.36 (KHTML, like Gecko) Chrome/91.0.4472.124 Safari/537.36"
78.110.123.2 - - [19/Sep/2026:04:45:36 +0330] "GET /vip/yacht-rental/ HTTP/1.1" 200 34241 "-" "WordPress/6.9; https://themes.proac.ir/vip/yacht-rental"
85.215.100.160 - - [19/Sep/2026:04:45:37 +0330] "GET /projectmanager/wp-admin/ HTTP/1.1" 200 97000 "www.google.com" "Mozilla/5.0 (Windows NT 10.0; Win64; x64) AppleWebKit/537.36 (KHTML, like Gecko) Chrome/91.0.4472.124 Safari/537.36"
85.215.100.160 - - [19/Sep/2026:04:45:34 +0330] "POST /vip/yacht-rental/wp-admin/update.php?action=upload-plugin HTTP/1.1" 200 77106 "www.google.com" "Mozilla/5.0 (Windows NT 10.0; Win64; x64) AppleWebKit/537.36 (KHTML, like Gecko) Chrome/91.0.4472.124 Safari/537.36"
85.215.100.160 - - [19/Sep/2026:04:45:40 +0330] "GET /vip/yacht-rental/wp-content/plugins/nhxcioc/index.php HTTP/1.1" 200 81 "www.google.com" "Mozilla/5.0 (Windows NT 10.0; Win64; x64) AppleWebKit/537.36 (KHTML, like Gecko) Chrome/91.0.4472.124 Safari/537.36"
85.215.100.160 - - [19/Sep/2026:04:45:40 +0330] "GET /projectmanager/wp-admin/plugin-install.php?tab=upload HTTP/1.1" 200 86623 "www.google.com" "Mozilla/5.0 (Windows NT 10.0; Win64; x64) AppleWebKit/537.36 (KHTML, like Gecko) Chrome/91.0.4472.124 Safari/537.36"
78.110.123.2 - - [19/Sep/2026:04:45:39 +0330] "GET /vip/yacht-rental/ HTTP/1.1" 200 34247 "-" "WordPress/6.9; https://themes.proac.ir/vip/yacht-rental"
78.110.123.2 - - [19/Sep/2026:04:45:41 +0330] "GET /vip/yacht-rental/ HTTP/1.1" 200 34247 "-" "WordPress/6.9; https://themes.proac.ir/vip/yacht-rental"
78.110.123.2 - - [19/Sep/2026:04:45:24 +0330] "POST /vip/yacht-rental/wp-cron.php?doing_wp_cron=1789780524.9710850715637207031250 HTTP/1.1" 200 20 "-" "WordPress/6.9; https://themes.proac.ir/vip/yacht-rental"
85.215.100.160 - - [19/Sep/2026:04:45:40 +0330] "GET /wedding/wp-login.php HTTP/1.1" 200 3337 "www.google.com" "Mozilla/5.0 (Windows NT 10.0; Win64; x64) AppleWebKit/537.36 (KHTML, like Gecko) Chrome/91.0.4472.124 Safari/537.36"
85.215.100.160 - - [19/Sep/2026:04:45:43 +0330] "POST /wedding/wp-login.php HTTP/1.1" 302 20 "https://themes.proac.ir/wedding/wp-admin/" "Mozilla/5.0 (Windows NT 10.0; Win64; x64) AppleWebKit/537.36 (KHTML, like Gecko) Chrome/91.0.4472.124 Safari/537.36"
85.215.100.160 - - [19/Sep/2026:04:45:44 +0330] "GET /wedding/wp-login.php?redirect_to=https%3A%2F%2Fthemes.proac.ir%2Fwedding%2Fwp-admin%2F&action=confirm_admin_email&wp_lang=fa_IR HTTP/1.1" 200 1859 "https://themes.proac.ir/wedding/wp-admin/" "Mozilla/5.0 (Windows NT 10.0; Win64; x64) AppleWebKit/537.36 (KHTML, like Gecko) Chrome/91.0.4472.124 Safari/537.36"
85.215.100.160 - - [19/Sep/2026:04:45:45 +0330] "GET /wedding/wp-admin/ HTTP/1.1" 503 703 "www.google.com" "Mozilla/5.0 (Windows NT 10.0; Win64; x64) AppleWebKit/537.36 (KHTML, like Gecko) Chrome/91.0.4472.124 Safari/537.36"
85.215.100.160 - - [19/Sep/2026:04:45:41 +0330] "POST /projectmanager/wp-admin/update.php?action=upload-plugin HTTP/1.1" 200 88988 "www.google.com" "Mozilla/5.0 (Windows NT 10.0; Win64; x64) AppleWebKit/537.36 (KHTML, like Gecko) Chrome/91.0.4472.124 Safari/537.36"
85.215.100.160 - - [19/Sep/2026:04:45:46 +0330] "GET /projectmanager/wp-content/plugins/cotqcqq/index.php HTTP/1.1" 200 81 "www.google.com" "Mozilla/5.0 (Windows NT 10.0; Win64; x64) AppleWebKit/537.36 (KHTML, like Gecko) Chrome/91.0.4472.124 Safari/537.36"
85.215.100.160 - - [19/Sep/2026:04:45:46 +0330] "GET /restaurant/wp-login.php HTTP/1.1" 200 3695 "www.google.com" "Mozilla/5.0 (Windows NT 10.0; Win64; x64) AppleWebKit/537.36 (KHTML, like Gecko) Chrome/91.0.4472.124 Safari/537.36"
85.215.100.160 - - [19/Sep/2026:04:45:47 +0330] "POST /restaurant/wp-login.php HTTP/1.1" 302 20 "https://themes.proac.ir/restaurant/wp-admin/" "Mozilla/5.0 (Windows NT 10.0; Win64; x64) AppleWebKit/537.36 (KHTML, like Gecko) Chrome/91.0.4472.124 Safari/537.36"
85.215.100.160 - - [19/Sep/2026:04:45:48 +0330] "GET /restaurant/wp-login.php?redirect_to=https%3A%2F%2Fthemes.proac.ir%2Frestaurant%2Fwp-admin%2F&action=confirm_admin_email&wp_lang=fa_IR HTTP/1.1" 200 1884 "https://themes.proac.ir/restaurant/wp-admin/" "Mozilla/5.0 (Windows NT 10.0; Win64; x64) AppleWebKit/537.36 (KHTML, like Gecko) Chrome/91.0.4472.124 Safari/537.36"
85.215.100.160 - - [19/Sep/2026:04:45:48 +0330] "GET /restaurant/wp-admin/ HTTP/1.1" 200 102174 "www.google.com" "Mozilla/5.0 (Windows NT 10.0; Win64; x64) AppleWebKit/537.36 (KHTML, like Gecko) Chrome/91.0.4472.124 Safari/537.36"
85.215.100.160 - - [19/Sep/2026:04:45:50 +0330] "GET /restaurant/wp-admin/plugin-install.php?tab=upload HTTP/1.1" 200 91747 "www.google.com" "Mozilla/5.0 (Windows NT 10.0; Win64; x64) AppleWebKit/537.36 (KHTML, like Gecko) Chrome/91.0.4472.124 Safari/537.36"
78.110.123.2 - - [19/Sep/2026:04:45:51 +0330] "POST /wedding/wp-cron.php?doing_wp_cron=1789780551.7860860824584960937500 HTTP/1.1" 200 20 "-" "WordPress/7.1.1; https://themes.proac.ir/wedding"
78.110.123.2 - - [19/Sep/2026:04:45:51 +0330] "POST /wedding/wp-admin/upgrade.php?step=upgrade_db HTTP/1.1" 200 21 "-" "WordPress/6.9; https://themes.proac.ir/wedding"
85.215.100.160 - - [19/Sep/2026:04:45:52 +0330] "POST /restaurant/wp-admin/update.php?action=upload-plugin HTTP/1.1" 200 87598 "www.google.com" "Mozilla/5.0 (Windows NT 10.0; Win64; x64) AppleWebKit/537.36 (KHTML, like Gecko) Chrome/91.0.4472.124 Safari/537.36"
85.215.100.160 - - [19/Sep/2026:04:45:55 +0330] "GET /restaurant/wp-content/plugins/vkhzagy/index.php HTTP/1.1" 200 81 "www.google.com" "Mozilla/5.0 (Windows NT 10.0; Win64; x64) AppleWebKit/537.36 (KHTML, like Gecko) Chrome/91.0.4472.124 Safari/537.36"
85.215.100.160 - - [19/Sep/2026:04:45:55 +0330] "GET /sandbox/proactive/wp-login.php HTTP/1.1" 200 51437 "www.google.com" "Mozilla/5.0 (Windows NT 10.0; Win64; x64) AppleWebKit/537.36 (KHTML, like Gecko) Chrome/91.0.4472.124 Safari/537.36"
85.215.100.160 - - [19/Sep/2026:04:45:56 +0330] "POST /sandbox/proactive/wp-login.php HTTP/1.1" 200 51437 "https://themes.proac.ir/sandbox/proactive/wp-admin/" "Mozilla/5.0 (Windows NT 10.0; Win64; x64) AppleWebKit/537.36 (KHTML, like Gecko) Chrome/91.0.4472.124 Safari/537.36"
85.215.100.160 - - [19/Sep/2026:04:45:56 +0330] "GET /sandbox/proactive/wp-admin/ HTTP/1.1" 200 7864 "www.google.com" "Mozilla/5.0 (Windows NT 10.0; Win64; x64) AppleWebKit/537.36 (KHTML, like Gecko) Chrome/91.0.4472.124 Safari/537.36"
85.215.100.160 - - [19/Sep/2026:04:45:56 +0330] "GET /segal/wp-login.php HTTP/1.1" 200 3711 "www.google.com" "Mozilla/5.0 (Windows NT 10.0; Win64; x64) AppleWebKit/537.36 (KHTML, like Gecko) Chrome/91.0.4472.124 Safari/537.36"
85.215.100.160 - - [19/Sep/2026:04:45:58 +0330] "POST /segal/wp-login.php HTTP/1.1" 302 20 "https://themes.proac.ir/segal/wp-admin/" "Mozilla/5.0 (Windows NT 10.0; Win64; x64) AppleWebKit/537.36 (KHTML, like Gecko) Chrome/91.0.4472.124 Safari/537.36"
78.110.123.2 - - [19/Sep/2026:04:46:01 +0330] "POST /wedding/wp-cron.php HTTP/1.1" 200 20 "-" "WordPress/6.9; https://themes.proac.ir/wedding"
78.110.123.2 - - [19/Sep/2026:04:46:01 +0330] "POST /segal/wp-cron.php HTTP/1.1" 200 20 "-" "WordPress/7.1.1; https://themes.proac.ir/segal"
85.215.100.160 - - [19/Sep/2026:04:46:00 +0330] "GET /segal/wp-login.php?redirect_to=https%3A%2F%2Fthemes.proac.ir%2Fsegal%2Fwp-admin%2F&action=confirm_admin_email&wp_lang=fa_IR HTTP/1.1" 200 1820 "https://themes.proac.ir/segal/wp-admin/" "Mozilla/5.0 (Windows NT 10.0; Win64; x64) AppleWebKit/537.36 (KHTML, like Gecko) Chrome/91.0.4472.124 Safari/537.36"
78.110.123.2 - - [19/Sep/2026:04:46:01 +0330] "GET /wedding/ HTTP/1.1" 200 17757 "-" "WordPress/6.9; https://themes.proac.ir/wedding"
78.110.123.2 - - [19/Sep/2026:04:46:01 +0330] "GET /segal/ HTTP/1.1" 200 27846 "-" "WordPress/7.1.1; https://themes.proac.ir/segal"
78.110.123.2 - - [19/Sep/2026:04:46:04 +0330] "GET /wedding/ HTTP/1.1" 200 17757 "-" "WordPress/6.9; https://themes.proac.ir/wedding"
78.110.123.2 - - [19/Sep/2026:04:46:05 +0330] "GET /segal/ HTTP/1.1" 200 27846 "-" "WordPress/7.1.1; https://themes.proac.ir/segal"
78.110.123.2 - - [19/Sep/2026:04:46:06 +0330] "GET /wedding/ HTTP/1.1" 200 17757 "-" "WordPress/6.9; https://themes.proac.ir/wedding"
85.215.100.160 - - [19/Sep/2026:04:46:01 +0330] "GET /segal/wp-admin/ HTTP/1.1" 200 108607 "www.google.com" "Mozilla/5.0 (Windows NT 10.0; Win64; x64) AppleWebKit/537.36 (KHTML, like Gecko) Chrome/91.0.4472.124 Safari/537.36"
78.110.123.2 - - [19/Sep/2026:04:46:07 +0330] "GET /wedding/ HTTP/1.1" 200 17757 "-" "WordPress/6.9; https://themes.proac.ir/wedding"
78.110.123.2 - - [19/Sep/2026:04:46:07 +0330] "GET /segal/ HTTP/1.1" 200 27846 "-" "WordPress/7.1.1; https://themes.proac.ir/segal"
78.110.123.2 - - [19/Sep/2026:04:45:42 +0330] "POST /wedding/wp-cron.php?doing_wp_cron=1789780542.4012489318847656250000 HTTP/1.1" 200 20 "-" "WordPress/6.9; https://themes.proac.ir/wedding"
78.110.123.2 - - [19/Sep/2026:04:46:09 +0330] "GET /segal/ HTTP/1.1" 200 27846 "-" "WordPress/7.1.1; https://themes.proac.ir/segal"
78.110.123.2 - - [19/Sep/2026:04:45:57 +0330] "POST /segal/wp-cron.php?doing_wp_cron=1789780557.7646350860595703125000 HTTP/1.1" 200 20 "-" "WordPress/7.1.1; https://themes.proac.ir/segal"
85.215.100.160 - - [19/Sep/2026:04:46:08 +0330] "GET /segal/wp-admin/plugin-install.php?tab=upload HTTP/1.1" 200 94348 "www.google.com" "Mozilla/5.0 (Windows NT 10.0; Win64; x64) AppleWebKit/537.36 (KHTML, like Gecko) Chrome/91.0.4472.124 Safari/537.36"
85.215.100.160 - - [19/Sep/2026:04:46:10 +0330] "POST /segal/wp-admin/update.php?action=upload-plugin HTTP/1.1" 200 89601 "www.google.com" "Mozilla/5.0 (Windows NT 10.0; Win64; x64) AppleWebKit/537.36 (KHTML, like Gecko) Chrome/91.0.4472.124 Safari/537.36"
85.215.100.160 - - [19/Sep/2026:04:46:15 +0330] "GET /segal/wp-content/plugins/rdqfxkt/index.php HTTP/1.1" 200 81 "www.google.com" "Mozilla/5.0 (Windows NT 10.0; Win64; x64) AppleWebKit/537.36 (KHTML, like Gecko) Chrome/91.0.4472.124 Safari/537.36"
85.215.100.160 - - [19/Sep/2026:04:46:15 +0330] "GET /spa/wp-login.php HTTP/1.1" 200 3686 "www.google.com" "Mozilla/5.0 (Windows NT 10.0; Win64; x64) AppleWebKit/537.36 (KHTML, like Gecko) Chrome/91.0.4472.124 Safari/537.36"
85.215.100.160 - - [19/Sep/2026:04:46:16 +0330] "POST /spa/wp-login.php HTTP/1.1" 302 20 "https://themes.proac.ir/spa/wp-admin/" "Mozilla/5.0 (Windows NT 10.0; Win64; x64) AppleWebKit/537.36 (KHTML, like Gecko) Chrome/91.0.4472.124 Safari/537.36"
85.215.100.160 - - [19/Sep/2026:04:46:17 +0330] "GET /spa/wp-login.php?redirect_to=https%3A%2F%2Fthemes.proac.ir%2Fspa%2Fwp-admin%2F&action=confirm_admin_email&wp_lang=fa_IR HTTP/1.1" 200 1878 "https://themes.proac.ir/spa/wp-admin/" "Mozilla/5.0 (Windows NT 10.0; Win64; x64) AppleWebKit/537.36 (KHTML, like Gecko) Chrome/91.0.4472.124 Safari/537.36"
85.215.100.160 - - [19/Sep/2026:04:46:18 +0330] "GET /spa/wp-admin/ HTTP/1.1" 200 101734 "www.google.com" "Mozilla/5.0 (Windows NT 10.0; Win64; x64) AppleWebKit/537.36 (KHTML, like Gecko) Chrome/91.0.4472.124 Safari/537.36"
85.215.100.160 - - [19/Sep/2026:04:46:21 +0330] "GET /spa/wp-admin/plugin-install.php?tab=upload HTTP/1.1" 200 91525 "www.google.com" "Mozilla/5.0 (Windows NT 10.0; Win64; x64) AppleWebKit/537.36 (KHTML, like Gecko) Chrome/91.0.4472.124 Safari/537.36"
85.215.100.160 - - [19/Sep/2026:04:46:22 +0330] "POST /spa/wp-admin/update.php?action=upload-plugin HTTP/1.1" 200 87625 "www.google.com" "Mozilla/5.0 (Windows NT 10.0; Win64; x64) AppleWebKit/537.36 (KHTML, like Gecko) Chrome/91.0.4472.124 Safari/537.36"
85.215.100.160 - - [19/Sep/2026:04:46:27 +0330] "GET /spa/wp-content/plugins/azxgasa/index.php HTTP/1.1" 200 81 "www.google.com" "Mozilla/5.0 (Windows NT 10.0; Win64; x64) AppleWebKit/537.36 (KHTML, like Gecko) Chrome/91.0.4472.124 Safari/537.36"
85.215.100.160 - - [19/Sep/2026:04:46:27 +0330] "GET /studio/wp-login.php HTTP/1.1" 200 3691 "www.google.com" "Mozilla/5.0 (Windows NT 10.0; Win64; x64) AppleWebKit/537.36 (KHTML, like Gecko) Chrome/91.0.4472.124 Safari/537.36"
85.215.100.160 - - [19/Sep/2026:04:46:28 +0330] "POST /studio/wp-login.php HTTP/1.1" 302 20 "https://themes.proac.ir/studio/wp-admin/" "Mozilla/5.0 (Windows NT 10.0; Win64; x64) AppleWebKit/537.36 (KHTML, like Gecko) Chrome/91.0.4472.124 Safari/537.36"
85.215.100.160 - - [19/Sep/2026:04:46:29 +0330] "GET /studio/wp-login.php?redirect_to=https%3A%2F%2Fthemes.proac.ir%2Fstudio%2Fwp-admin%2F&action=confirm_admin_email&wp_lang=fa_IR HTTP/1.1" 200 1880 "https://themes.proac.ir/studio/wp-admin/" "Mozilla/5.0 (Windows NT 10.0; Win64; x64) AppleWebKit/537.36 (KHTML, like Gecko) Chrome/91.0.4472.124 Safari/537.36"
85.215.100.160 - - [19/Sep/2026:04:46:30 +0330] "GET /studio/wp-admin/ HTTP/1.1" 200 101899 "www.google.com" "Mozilla/5.0 (Windows NT 10.0; Win64; x64) AppleWebKit/537.36 (KHTML, like Gecko) Chrome/91.0.4472.124 Safari/537.36"
85.215.100.160 - - [19/Sep/2026:04:46:33 +0330] "GET /studio/wp-admin/plugin-install.php?tab=upload HTTP/1.1" 200 91560 "www.google.com" "Mozilla/5.0 (Windows NT 10.0; Win64; x64) AppleWebKit/537.36 (KHTML, like Gecko) Chrome/91.0.4472.124 Safari/537.36"
85.215.100.160 - - [19/Sep/2026:04:46:34 +0330] "POST /studio/wp-admin/update.php?action=upload-plugin HTTP/1.1" 200 87665 "www.google.com" "Mozilla/5.0 (Windows NT 10.0; Win64; x64) AppleWebKit/537.36 (KHTML, like Gecko) Chrome/91.0.4472.124 Safari/537.36"
85.215.100.160 - - [19/Sep/2026:04:46:39 +0330] "GET /studio/wp-content/plugins/kdpdjuw/index.php HTTP/1.1" 200 81 "www.google.com" "Mozilla/5.0 (Windows NT 10.0; Win64; x64) AppleWebKit/537.36 (KHTML, like Gecko) Chrome/91.0.4472.124 Safari/537.36"
78.110.123.2 - - [19/Sep/2026:04:46:40 +0330] "POST /taskify/wp-cron.php?doing_wp_cron=1789780600.1312980651855468750000 HTTP/1.1" 200 20 "-" "WordPress/7.1.1; https://themes.proac.ir/taskify"
85.215.100.160 - - [19/Sep/2026:04:46:39 +0330] "GET /taskify/wp-login.php HTTP/1.1" 200 3694 "www.google.com" "Mozilla/5.0 (Windows NT 10.0; Win64; x64) AppleWebKit/537.36 (KHTML, like Gecko) Chrome/91.0.4472.124 Safari/537.36"
85.215.100.160 - - [19/Sep/2026:04:46:40 +0330] "POST /taskify/wp-login.php HTTP/1.1" 302 20 "https://themes.proac.ir/taskify/wp-admin/" "Mozilla/5.0 (Windows NT 10.0; Win64; x64) AppleWebKit/537.36 (KHTML, like Gecko) Chrome/91.0.4472.124 Safari/537.36"
85.215.100.160 - - [19/Sep/2026:04:46:41 +0330] "GET /taskify/wp-login.php?redirect_to=https%3A%2F%2Fthemes.proac.ir%2Ftaskify%2Fwp-admin%2F&action=confirm_admin_email&wp_lang=fa_IR HTTP/1.1" 200 1875 "https://themes.proac.ir/taskify/wp-admin/" "Mozilla/5.0 (Windows NT 10.0; Win64; x64) AppleWebKit/537.36 (KHTML, like Gecko) Chrome/91.0.4472.124 Safari/537.36"
85.215.100.160 - - [19/Sep/2026:04:46:42 +0330] "GET /taskify/wp-admin/ HTTP/1.1" 200 101993 "www.google.com" "Mozilla/5.0 (Windows NT 10.0; Win64; x64) AppleWebKit/537.36 (KHTML, like Gecko) Chrome/91.0.4472.124 Safari/537.36"
85.215.100.160 - - [19/Sep/2026:04:46:44 +0330] "GET /taskify/wp-admin/plugin-install.php?tab=upload HTTP/1.1" 200 91727 "www.google.com" "Mozilla/5.0 (Windows NT 10.0; Win64; x64) AppleWebKit/537.36 (KHTML, like Gecko) Chrome/91.0.4472.124 Safari/537.36"
85.215.100.160 - - [19/Sep/2026:04:46:45 +0330] "POST /taskify/wp-admin/update.php?action=upload-plugin HTTP/1.1" 200 87434 "www.google.com" "Mozilla/5.0 (Windows NT 10.0; Win64; x64) AppleWebKit/537.36 (KHTML, like Gecko) Chrome/91.0.4472.124 Safari/537.36"
85.215.100.160 - - [19/Sep/2026:04:46:49 +0330] "GET /taskify/wp-content/plugins/foylbuf/index.php HTTP/1.1" 200 81 "www.google.com" "Mozilla/5.0 (Windows NT 10.0; Win64; x64) AppleWebKit/537.36 (KHTML, like Gecko) Chrome/91.0.4472.124 Safari/537.36"
85.215.100.160 - - [19/Sep/2026:04:46:49 +0330] "GET /topx/wp-login.php HTTP/1.1" 200 3746 "www.google.com" "Mozilla/5.0 (Windows NT 10.0; Win64; x64) AppleWebKit/537.36 (KHTML, like Gecko) Chrome/91.0.4472.124 Safari/537.36"
78.110.123.2 - - [19/Sep/2026:04:46:50 +0330] "POST /topx/wp-cron.php?doing_wp_cron=1789780610.5549440383911132812500 HTTP/1.1" 200 20 "-" "WordPress/7.1.1; https://themes.proac.ir/topx"
85.215.100.160 - - [19/Sep/2026:04:46:51 +0330] "POST /topx/wp-login.php HTTP/1.1" 302 20 "https://themes.proac.ir/topx/wp-admin/" "Mozilla/5.0 (Windows NT 10.0; Win64; x64) AppleWebKit/537.36 (KHTML, like Gecko) Chrome/91.0.4472.124 Safari/537.36"
85.215.100.160 - - [19/Sep/2026:04:46:52 +0330] "GET /topx/wp-login.php?redirect_to=https%3A%2F%2Fthemes.proac.ir%2Ftopx%2Fwp-admin%2F&action=confirm_admin_email&wp_lang=fa_IR HTTP/1.1" 200 1917 "https://themes.proac.ir/topx/wp-admin/" "Mozilla/5.0 (Windows NT 10.0; Win64; x64) AppleWebKit/537.36 (KHTML, like Gecko) Chrome/91.0.4472.124 Safari/537.36"
85.215.100.160 - - [19/Sep/2026:04:46:54 +0330] "GET /topx/wp-admin/ HTTP/1.1" 200 106918 "www.google.com" "Mozilla/5.0 (Windows NT 10.0; Win64; x64) AppleWebKit/537.36 (KHTML, like Gecko) Chrome/91.0.4472.124 Safari/537.36"
85.215.100.160 - - [19/Sep/2026:04:46:56 +0330] "GET /topx/wp-admin/plugin-install.php?tab=upload HTTP/1.1" 200 95997 "www.google.com" "Mozilla/5.0 (Windows NT 10.0; Win64; x64) AppleWebKit/537.36 (KHTML, like Gecko) Chrome/91.0.4472.124 Safari/537.36"
85.215.100.160 - - [19/Sep/2026:04:46:58 +0330] "POST /topx/wp-admin/update.php?action=upload-plugin HTTP/1.1" 200 91782 "www.google.com" "Mozilla/5.0 (Windows NT 10.0; Win64; x64) AppleWebKit/537.36 (KHTML, like Gecko) Chrome/91.0.4472.124 Safari/537.36"
85.215.100.160 - - [19/Sep/2026:04:47:01 +0330] "GET /topx/wp-content/plugins/sccfpnp/index.php HTTP/1.1" 200 81 "www.google.com" "Mozilla/5.0 (Windows NT 10.0; Win64; x64) AppleWebKit/537.36 (KHTML, like Gecko) Chrome/91.0.4472.124 Safari/537.36"
79.137.67.84 - - [19/Sep/2026:04:47:02 +0330] "GET /robots.txt HTTP/1.1" 404 - "-" "Mozilla/5.0 (compatible; MJ12bot/v1.4.8; http://mj12bot.com/)"
85.215.100.160 - - [19/Sep/2026:04:47:02 +0330] "GET /vip/amoozesh/wp-login.php HTTP/1.1" 200 3891 "www.google.com" "Mozilla/5.0 (Windows NT 10.0; Win64; x64) AppleWebKit/537.36 (KHTML, like Gecko) Chrome/91.0.4472.124 Safari/537.36"
85.215.100.160 - - [19/Sep/2026:04:47:04 +0330] "POST /vip/amoozesh/wp-login.php HTTP/1.1" 302 20 "https://themes.proac.ir/vip/amoozesh/wp-admin/" "Mozilla/5.0 (Windows NT 10.0; Win64; x64) AppleWebKit/537.36 (KHTML, like Gecko) Chrome/91.0.4472.124 Safari/537.36"
85.215.100.160 - - [19/Sep/2026:04:47:06 +0330] "GET /vip/amoozesh/wp-login.php?redirect_to=https%3A%2F%2Fthemes.proac.ir%2Fvip%2Famoozesh%2Fwp-admin%2F&action=confirm_admin_email&wp_lang=fa_IR HTTP/1.1" 200 1930 "https://themes.proac.ir/vip/amoozesh/wp-admin/" "Mozilla/5.0 (Windows NT 10.0; Win64; x64) AppleWebKit/537.36 (KHTML, like Gecko) Chrome/91.0.4472.124 Safari/537.36"
85.215.100.160 - - [19/Sep/2026:04:47:07 +0330] "GET /vip/amoozesh/wp-admin/ HTTP/1.1" 503 709 "www.google.com" "Mozilla/5.0 (Windows NT 10.0; Win64; x64) AppleWebKit/537.36 (KHTML, like Gecko) Chrome/91.0.4472.124 Safari/537.36"
78.110.123.2 - - [19/Sep/2026:04:47:06 +0330] "POST /flash-cart/wp-cron.php?doing_wp_cron=1789780626.7390611171722412109375 HTTP/1.1" 200 20 "-" "WordPress/7.1.1; https://themes.proac.ir/flash-cart"
79.137.67.84 - - [19/Sep/2026:04:47:03 +0330] "GET /flash-cart/cart/?remove_item=077e29b11be80ab57e1a2ecabb7da330&_wpnonce=026f748545 HTTP/1.1" 200 83752 "-" "Mozilla/5.0 (compatible; MJ12bot/v1.4.8; http://mj12bot.com/)"
78.110.123.2 - - [19/Sep/2026:04:47:08 +0330] "POST /vip/carpro/wp-cron.php?doing_wp_cron=1789780628.6774818897247314453125 HTTP/1.1" 200 20 "-" "WordPress/7.1.1; https://themes.proac.ir/vip/carpro"
85.215.100.160 - - [19/Sep/2026:04:47:07 +0330] "GET /vip/carpro/wp-login.php HTTP/1.1" 200 3820 "www.google.com" "Mozilla/5.0 (Windows NT 10.0; Win64; x64) AppleWebKit/537.36 (KHTML, like Gecko) Chrome/91.0.4472.124 Safari/537.36"
85.215.100.160 - - [19/Sep/2026:04:47:09 +0330] "POST /vip/carpro/wp-login.php HTTP/1.1" 302 20 "https://themes.proac.ir/vip/carpro/wp-admin/" "Mozilla/5.0 (Windows NT 10.0; Win64; x64) AppleWebKit/537.36 (KHTML, like Gecko) Chrome/91.0.4472.124 Safari/537.36"
79.137.67.84 - - [19/Sep/2026:04:47:09 +0330] "GET /flash-cart/cart/?remove_item=077e29b11be80ab57e1a2ecabb7da330&_wpnonce=056c670950&add-to-cart=249 HTTP/1.1" 200 86888 "-" "Mozilla/5.0 (compatible; MJ12bot/v1.4.8; http://mj12bot.com/)"
85.215.100.160 - - [19/Sep/2026:04:47:10 +0330] "GET /vip/carpro/wp-login.php?redirect_to=https%3A%2F%2Fthemes.proac.ir%2Fvip%2Fcarpro%2Fwp-admin%2F&action=confirm_admin_email&wp_lang=fa_IR HTTP/1.1" 200 1958 "https://themes.proac.ir/vip/carpro/wp-admin/" "Mozilla/5.0 (Windows NT 10.0; Win64; x64) AppleWebKit/537.36 (KHTML, like Gecko) Chrome/91.0.4472.124 Safari/537.36"
78.110.123.2 - - [19/Sep/2026:04:47:10 +0330] "POST /vip/amoozesh/wp-admin/upgrade.php?step=upgrade_db HTTP/1.1" 200 21 "-" "WordPress/7.1; https://themes.proac.ir/vip/amoozesh"
78.110.123.2 - - [19/Sep/2026:04:47:11 +0330] "POST /vip/amoozesh/wp-cron.php?doing_wp_cron=1789780630.8893699645996093750000 HTTP/1.1" 200 20 "-" "WordPress/7.1.1; https://themes.proac.ir/vip/amoozesh"
85.215.100.160 - - [19/Sep/2026:04:47:11 +0330] "GET /vip/carpro/wp-admin/ HTTP/1.1" 200 101665 "www.google.com" "Mozilla/5.0 (Windows NT 10.0; Win64; x64) AppleWebKit/537.36 (KHTML, like Gecko) Chrome/91.0.4472.124 Safari/537.36"
79.137.67.84 - - [19/Sep/2026:04:47:12 +0330] "GET /flash-cart/cart/?remove_item=077e29b11be80ab57e1a2ecabb7da330&_wpnonce=05ddd641ad&add-to-cart=243 HTTP/1.1" 200 86922 "-" "Mozilla/5.0 (compatible; MJ12bot/v1.4.8; http://mj12bot.com/)"
85.215.100.160 - - [19/Sep/2026:04:47:14 +0330] "GET /vip/carpro/wp-admin/plugin-install.php?tab=upload HTTP/1.1" 200 88265 "www.google.com" "Mozilla/5.0 (Windows NT 10.0; Win64; x64) AppleWebKit/537.36 (KHTML, like Gecko) Chrome/91.0.4472.124 Safari/537.36"
78.110.123.2 - - [19/Sep/2026:04:47:14 +0330] "POST /vip/amoozesh/wp-admin/admin-ajax.php?action=wp_1_wc_privacy_cleanup&nonce=e9621699d9 HTTP/1.1" 200 20 "-" "WordPress/7.1; https://themes.proac.ir/vip/amoozesh"
78.110.123.2 - - [19/Sep/2026:04:47:18 +0330] "POST /vip/amoozesh/wp-cron.php HTTP/1.1" 200 20 "-" "WordPress/7.1; https://themes.proac.ir/vip/amoozesh"
79.137.67.84 - - [19/Sep/2026:04:47:16 +0330] "GET /flash-cart/cart/?remove_item=077e29b11be80ab57e1a2ecabb7da330&_wpnonce=099444ac4a&add-to-cart=247 HTTP/1.1" 200 86856 "-" "Mozilla/5.0 (compatible; MJ12bot/v1.4.8; http://mj12bot.com/)"
78.110.123.2 - - [19/Sep/2026:04:47:18 +0330] "GET /vip/amoozesh/ HTTP/1.1" 200 48745 "-" "WordPress/7.1; https://themes.proac.ir/vip/amoozesh"
85.215.100.160 - - [19/Sep/2026:04:47:15 +0330] "POST /vip/carpro/wp-admin/update.php?action=upload-plugin HTTP/1.1" 200 83938 "www.google.com" "Mozilla/5.0 (Windows NT 10.0; Win64; x64) AppleWebKit/537.36 (KHTML, like Gecko) Chrome/91.0.4472.124 Safari/537.36"
85.215.100.160 - - [19/Sep/2026:04:47:20 +0330] "GET /vip/carpro/wp-content/plugins/ylxjdyu/index.php HTTP/1.1" 200 81 "www.google.com" "Mozilla/5.0 (Windows NT 10.0; Win64; x64) AppleWebKit/537.36 (KHTML, like Gecko) Chrome/91.0.4472.124 Safari/537.36"
78.110.123.2 - - [19/Sep/2026:04:47:19 +0330] "GET /vip/amoozesh/ HTTP/1.1" 200 48745 "-" "WordPress/7.1; https://themes.proac.ir/vip/amoozesh"
79.137.67.84 - - [19/Sep/2026:04:47:20 +0330] "GET /flash-cart/cart/?remove_item=077e29b11be80ab57e1a2ecabb7da330&_wpnonce=0a4b129ade&add-to-cart=249 HTTP/1.1" 200 86891 "-" "Mozilla/5.0 (compatible; MJ12bot/v1.4.8; http://mj12bot.com/)"
78.110.123.2 - - [19/Sep/2026:04:47:21 +0330] "POST /vip/flower/wp-cron.php?doing_wp_cron=1789780641.7579569816589355468750 HTTP/1.1" 200 20 "-" "WordPress/6.9; https://themes.proac.ir/vip/flower"
85.215.100.160 - - [19/Sep/2026:04:47:20 +0330] "GET /vip/flower/wp-login.php HTTP/1.1" 200 3365 "www.google.com" "Mozilla/5.0 (Windows NT 10.0; Win64; x64) AppleWebKit/537.36 (KHTML, like Gecko) Chrome/91.0.4472.124 Safari/537.36"
85.215.100.160 - - [19/Sep/2026:04:47:22 +0330] "POST /vip/flower/wp-login.php HTTP/1.1" 302 20 "https://themes.proac.ir/vip/flower/wp-admin/" "Mozilla/5.0 (Windows NT 10.0; Win64; x64) AppleWebKit/537.36 (KHTML, like Gecko) Chrome/91.0.4472.124 Safari/537.36"
78.110.123.2 - - [19/Sep/2026:04:47:21 +0330] "GET /vip/amoozesh/ HTTP/1.1" 200 48745 "-" "WordPress/7.1; https://themes.proac.ir/vip/amoozesh"
85.215.100.160 - - [19/Sep/2026:04:47:23 +0330] "GET /vip/flower/wp-login.php?redirect_to=https%3A%2F%2Fthemes.proac.ir%2Fvip%2Fflower%2Fwp-admin%2F&action=confirm_admin_email&wp_lang=fa_IR HTTP/1.1" 200 1897 "https://themes.proac.ir/vip/flower/wp-admin/" "Mozilla/5.0 (Windows NT 10.0; Win64; x64) AppleWebKit/537.36 (KHTML, like Gecko) Chrome/91.0.4472.124 Safari/537.36"
79.137.67.84 - - [19/Sep/2026:04:47:23 +0330] "GET /flash-cart/cart/?remove_item=077e29b11be80ab57e1a2ecabb7da330&_wpnonce=0f148de5f7 HTTP/1.1" 200 83752 "-" "Mozilla/5.0 (compatible; MJ12bot/v1.4.8; http://mj12bot.com/)"
78.110.123.2 - - [19/Sep/2026:04:47:23 +0330] "GET /vip/amoozesh/ HTTP/1.1" 200 48745 "-" "WordPress/7.1; https://themes.proac.ir/vip/amoozesh"
78.110.123.2 - - [19/Sep/2026:04:47:03 +0330] "POST /vip/amoozesh/wp-cron.php?doing_wp_cron=1789780623.7721629142761230468750 HTTP/1.1" 200 20 "-" "WordPress/7.1; https://themes.proac.ir/vip/amoozesh"
85.215.100.160 - - [19/Sep/2026:04:47:24 +0330] "GET /vip/flower/wp-admin/ HTTP/1.1" 200 88278 "www.google.com" "Mozilla/5.0 (Windows NT 10.0; Win64; x64) AppleWebKit/537.36 (KHTML, like Gecko) Chrome/91.0.4472.124 Safari/537.36"
79.137.67.84 - - [19/Sep/2026:04:47:27 +0330] "GET /flash-cart/cart/?remove_item=077e29b11be80ab57e1a2ecabb7da330&_wpnonce=12af73dd8e HTTP/1.1" 200 83751 "-" "Mozilla/5.0 (compatible; MJ12bot/v1.4.8; http://mj12bot.com/)"
85.215.100.160 - - [19/Sep/2026:04:47:28 +0330] "GET /vip/flower/wp-admin/plugin-install.php?tab=upload HTTP/1.1" 200 79251 "www.google.com" "Mozilla/5.0 (Windows NT 10.0; Win64; x64) AppleWebKit/537.36 (KHTML, like Gecko) Chrome/91.0.4472.124 Safari/537.36"
85.215.100.160 - - [19/Sep/2026:04:47:29 +0330] "POST /vip/flower/wp-admin/update.php?action=upload-plugin HTTP/1.1" 200 75157 "www.google.com" "Mozilla/5.0 (Windows NT 10.0; Win64; x64) AppleWebKit/537.36 (KHTML, like Gecko) Chrome/91.0.4472.124 Safari/537.36"
79.137.67.84 - - [19/Sep/2026:04:47:30 +0330] "GET /flash-cart/cart/?remove_item=077e29b11be80ab57e1a2ecabb7da330&_wpnonce=1625cb8572 HTTP/1.1" 200 83751 "-" "Mozilla/5.0 (compatible; MJ12bot/v1.4.8; http://mj12bot.com/)"
85.215.100.160 - - [19/Sep/2026:04:47:32 +0330] "GET /vip/flower/wp-content/plugins/mtqcjlg/index.php HTTP/1.1" 200 81 "www.google.com" "Mozilla/5.0 (Windows NT 10.0; Win64; x64) AppleWebKit/537.36 (KHTML, like Gecko) Chrome/91.0.4472.124 Safari/537.36"
85.215.100.160 - - [19/Sep/2026:04:47:33 +0330] "GET /vip/immigro/wp-login.php HTTP/1.1" 200 3737 "www.google.com" "Mozilla/5.0 (Windows NT 10.0; Win64; x64) AppleWebKit/537.36 (KHTML, like Gecko) Chrome/91.0.4472.124 Safari/537.36"
85.215.100.160 - - [19/Sep/2026:04:47:33 +0330] "POST /vip/immigro/wp-login.php HTTP/1.1" 302 20 "https://themes.proac.ir/vip/immigro/wp-admin/" "Mozilla/5.0 (Windows NT 10.0; Win64; x64) AppleWebKit/537.36 (KHTML, like Gecko) Chrome/91.0.4472.124 Safari/537.36"
85.215.100.160 - - [19/Sep/2026:04:47:34 +0330] "GET /vip/immigro/wp-login.php?redirect_to=https%3A%2F%2Fthemes.proac.ir%2Fvip%2Fimmigro%2Fwp-admin%2F&action=confirm_admin_email&wp_lang=fa_IR HTTP/1.1" 200 1913 "https://themes.proac.ir/vip/immigro/wp-admin/" "Mozilla/5.0 (Windows NT 10.0; Win64; x64) AppleWebKit/537.36 (KHTML, like Gecko) Chrome/91.0.4472.124 Safari/537.36"
79.137.67.84 - - [19/Sep/2026:04:47:33 +0330] "GET /flash-cart/cart/?remove_item=077e29b11be80ab57e1a2ecabb7da330&_wpnonce=1635d8a445&add-to-cart=243 HTTP/1.1" 200 86922 "-" "Mozilla/5.0 (compatible; MJ12bot/v1.4.8; http://mj12bot.com/)"
85.215.100.160 - - [19/Sep/2026:04:47:35 +0330] "GET /vip/immigro/wp-admin/ HTTP/1.1" 200 70470 "www.google.com" "Mozilla/5.0 (Windows NT 10.0; Win64; x64) AppleWebKit/537.36 (KHTML, like Gecko) Chrome/91.0.4472.124 Safari/537.36"
85.215.100.160 - - [19/Sep/2026:04:47:38 +0330] "GET /vip/immigro/wp-admin/plugin-install.php?tab=upload HTTP/1.1" 200 60542 "www.google.com" "Mozilla/5.0 (Windows NT 10.0; Win64; x64) AppleWebKit/537.36 (KHTML, like Gecko) Chrome/91.0.4472.124 Safari/537.36"
79.137.67.84 - - [19/Sep/2026:04:47:37 +0330] "GET /flash-cart/cart/?remove_item=077e29b11be80ab57e1a2ecabb7da330&_wpnonce=1635d8a445&add-to-cart=247 HTTP/1.1" 200 86861 "-" "Mozilla/5.0 (compatible; MJ12bot/v1.4.8; http://mj12bot.com/)"
79.137.67.84 - - [19/Sep/2026:04:47:41 +0330] "GET /flash-cart/cart/?remove_item=077e29b11be80ab57e1a2ecabb7da330&_wpnonce=1635d8a445&add-to-cart=248 HTTP/1.1" 200 86976 "-" "Mozilla/5.0 (compatible; MJ12bot/v1.4.8; http://mj12bot.com/)"
85.215.100.160 - - [19/Sep/2026:04:47:39 +0330] "POST /vip/immigro/wp-admin/update.php?action=upload-plugin HTTP/1.1" 200 56436 "www.google.com" "Mozilla/5.0 (Windows NT 10.0; Win64; x64) AppleWebKit/537.36 (KHTML, like Gecko) Chrome/91.0.4472.124 Safari/537.36"
85.215.100.160 - - [19/Sep/2026:04:47:43 +0330] "GET /vip/immigro/wp-content/plugins/dclnuba/index.php HTTP/1.1" 200 81 "www.google.com" "Mozilla/5.0 (Windows NT 10.0; Win64; x64) AppleWebKit/537.36 (KHTML, like Gecko) Chrome/91.0.4472.124 Safari/537.36"
85.215.100.160 - - [19/Sep/2026:04:47:44 +0330] "GET /vip/prosite/wp-login.php HTTP/1.1" 200 3696 "www.google.com" "Mozilla/5.0 (Windows NT 10.0; Win64; x64) AppleWebKit/537.36 (KHTML, like Gecko) Chrome/91.0.4472.124 Safari/537.36"
85.215.100.160 - - [19/Sep/2026:04:47:44 +0330] "POST /vip/prosite/wp-login.php HTTP/1.1" 302 20 "https://themes.proac.ir/vip/prosite/wp-admin/" "Mozilla/5.0 (Windows NT 10.0; Win64; x64) AppleWebKit/537.36 (KHTML, like Gecko) Chrome/91.0.4472.124 Safari/537.36"
85.215.100.160 - - [19/Sep/2026:04:47:45 +0330] "GET /vip/prosite/wp-login.php?redirect_to=https%3A%2F%2Fthemes.proac.ir%2Fvip%2Fprosite%2Fwp-admin%2F&action=confirm_admin_email&wp_lang=fa_IR HTTP/1.1" 200 1883 "https://themes.proac.ir/vip/prosite/wp-admin/" "Mozilla/5.0 (Windows NT 10.0; Win64; x64) AppleWebKit/537.36 (KHTML, like Gecko) Chrome/91.0.4472.124 Safari/537.36"
79.137.67.84 - - [19/Sep/2026:04:47:44 +0330] "GET /flash-cart/cart/?remove_item=077e29b11be80ab57e1a2ecabb7da330&_wpnonce=18e05970f7 HTTP/1.1" 200 83755 "-" "Mozilla/5.0 (compatible; MJ12bot/v1.4.8; http://mj12bot.com/)"
85.215.100.160 - - [19/Sep/2026:04:47:46 +0330] "GET /vip/prosite/wp-admin/ HTTP/1.1" 200 91488 "www.google.com" "Mozilla/5.0 (Windows NT 10.0; Win64; x64) AppleWebKit/537.36 (KHTML, like Gecko) Chrome/91.0.4472.124 Safari/537.36"
85.215.100.160 - - [19/Sep/2026:04:47:48 +0330] "GET /vip/prosite/wp-admin/plugin-install.php?tab=upload HTTP/1.1" 200 82822 "www.google.com" "Mozilla/5.0 (Windows NT 10.0; Win64; x64) AppleWebKit/537.36 (KHTML, like Gecko) Chrome/91.0.4472.124 Safari/537.36"
79.137.67.84 - - [19/Sep/2026:04:47:48 +0330] "GET /flash-cart/cart/?remove_item=077e29b11be80ab57e1a2ecabb7da330&_wpnonce=1a740dbad3&add-to-cart=243 HTTP/1.1" 200 86926 "-" "Mozilla/5.0 (compatible; MJ12bot/v1.4.8; http://mj12bot.com/)"
85.215.100.160 - - [19/Sep/2026:04:47:49 +0330] "POST /vip/prosite/wp-admin/update.php?action=upload-plugin HTTP/1.1" 200 78641 "www.google.com" "Mozilla/5.0 (Windows NT 10.0; Win64; x64) AppleWebKit/537.36 (KHTML, like Gecko) Chrome/91.0.4472.124 Safari/537.36"
85.215.100.160 - - [19/Sep/2026:04:47:52 +0330] "GET /vip/prosite/wp-content/plugins/axinajp/index.php HTTP/1.1" 200 81 "www.google.com" "Mozilla/5.0 (Windows NT 10.0; Win64; x64) AppleWebKit/537.36 (KHTML, like Gecko) Chrome/91.0.4472.124 Safari/537.36"
79.137.67.84 - - [19/Sep/2026:04:47:51 +0330] "GET /flash-cart/cart/?remove_item=077e29b11be80ab57e1a2ecabb7da330&_wpnonce=1a740dbad3&add-to-cart=247 HTTP/1.1" 200 86858 "-" "Mozilla/5.0 (compatible; MJ12bot/v1.4.8; http://mj12bot.com/)"
85.215.100.160 - - [19/Sep/2026:04:47:53 +0330] "GET /vip/therapy/wp-login.php HTTP/1.1" 200 3824 "www.google.com" "Mozilla/5.0 (Windows NT 10.0; Win64; x64) AppleWebKit/537.36 (KHTML, like Gecko) Chrome/91.0.4472.124 Safari/537.36"
85.215.100.160 - - [19/Sep/2026:04:47:53 +0330] "POST /vip/therapy/wp-login.php HTTP/1.1" 302 20 "https://themes.proac.ir/vip/therapy/wp-admin/" "Mozilla/5.0 (Windows NT 10.0; Win64; x64) AppleWebKit/537.36 (KHTML, like Gecko) Chrome/91.0.4472.124 Safari/537.36"
85.215.100.160 - - [19/Sep/2026:04:47:54 +0330] "GET /vip/therapy/wp-login.php?redirect_to=https%3A%2F%2Fthemes.proac.ir%2Fvip%2Ftherapy%2Fwp-admin%2F&action=confirm_admin_email&wp_lang=fa_IR HTTP/1.1" 200 2019 "https://themes.proac.ir/vip/therapy/wp-admin/" "Mozilla/5.0 (Windows NT 10.0; Win64; x64) AppleWebKit/537.36 (KHTML, like Gecko) Chrome/91.0.4472.124 Safari/537.36"
79.137.67.84 - - [19/Sep/2026:04:47:55 +0330] "GET /flash-cart/cart/?remove_item=077e29b11be80ab57e1a2ecabb7da330&_wpnonce=1a740dbad3&add-to-cart=248 HTTP/1.1" 200 86982 "-" "Mozilla/5.0 (compatible; MJ12bot/v1.4.8; http://mj12bot.com/)"
85.215.100.160 - - [19/Sep/2026:04:47:55 +0330] "GET /vip/therapy/wp-admin/ HTTP/1.1" 200 63211 "www.google.com" "Mozilla/5.0 (Windows NT 10.0; Win64; x64) AppleWebKit/537.36 (KHTML, like Gecko) Chrome/91.0.4472.124 Safari/537.36"
85.215.100.160 - - [19/Sep/2026:04:47:58 +0330] "GET /vip/therapy/wp-admin/plugin-install.php?tab=upload HTTP/1.1" 200 54634 "www.google.com" "Mozilla/5.0 (Windows NT 10.0; Win64; x64) AppleWebKit/537.36 (KHTML, like Gecko) Chrome/91.0.4472.124 Safari/537.36"
79.137.67.84 - - [19/Sep/2026:04:47:58 +0330] "GET /flash-cart/cart/?remove_item=077e29b11be80ab57e1a2ecabb7da330&_wpnonce=1a740dbad3&add-to-cart=249 HTTP/1.1" 200 86893 "-" "Mozilla/5.0 (compatible; MJ12bot/v1.4.8; http://mj12bot.com/)"
85.215.100.160 - - [19/Sep/2026:04:47:59 +0330] "POST /vip/therapy/wp-admin/update.php?action=upload-plugin HTTP/1.1" 200 50512 "www.google.com" "Mozilla/5.0 (Windows NT 10.0; Win64; x64) AppleWebKit/537.36 (KHTML, like Gecko) Chrome/91.0.4472.124 Safari/537.36"
85.215.100.160 - - [19/Sep/2026:04:48:05 +0330] "GET /vip/therapy/wp-content/plugins/ajzxzuy/index.php HTTP/1.1" 200 81 "www.google.com" "Mozilla/5.0 (Windows NT 10.0; Win64; x64) AppleWebKit/537.36 (KHTML, like Gecko) Chrome/91.0.4472.124 Safari/537.36"
78.110.123.2 - - [19/Sep/2026:04:48:06 +0330] "POST /flash-cart/wp-cron.php?doing_wp_cron=1789780686.0511341094970703125000 HTTP/1.1" 200 20 "-" "WordPress/7.1.1; https://themes.proac.ir/flash-cart"
79.137.67.84 - - [19/Sep/2026:04:48:02 +0330] "GET /flash-cart/cart/?remove_item=077e29b11be80ab57e1a2ecabb7da330&_wpnonce=24be53703b&add-to-cart=243 HTTP/1.1" 200 86920 "-" "Mozilla/5.0 (compatible; MJ12bot/v1.4.8; http://mj12bot.com/)"
78.110.123.2 - - [19/Sep/2026:04:48:06 +0330] "POST /vip/tour/wp-cron.php?doing_wp_cron=1789780686.4726619720458984375000 HTTP/1.1" 200 20 "-" "WordPress/6.9; https://themes.proac.ir/vip/tour"
85.215.100.160 - - [19/Sep/2026:04:48:05 +0330] "GET /vip/tour/wp-login.php HTTP/1.1" 200 3494 "www.google.com" "Mozilla/5.0 (Windows NT 10.0; Win64; x64) AppleWebKit/537.36 (KHTML, like Gecko) Chrome/91.0.4472.124 Safari/537.36"
85.215.100.160 - - [19/Sep/2026:04:48:07 +0330] "POST /vip/tour/wp-login.php HTTP/1.1" 302 20 "https://themes.proac.ir/vip/tour/wp-admin/" "Mozilla/5.0 (Windows NT 10.0; Win64; x64) AppleWebKit/537.36 (KHTML, like Gecko) Chrome/91.0.4472.124 Safari/537.36"
85.215.100.160 - - [19/Sep/2026:04:48:08 +0330] "GET /vip/tour/wp-login.php?redirect_to=https%3A%2F%2Fthemes.proac.ir%2Fvip%2Ftour%2Fwp-admin%2F&action=confirm_admin_email&wp_lang=fa_IR HTTP/1.1" 200 2005 "https://themes.proac.ir/vip/tour/wp-admin/" "Mozilla/5.0 (Windows NT 10.0; Win64; x64) AppleWebKit/537.36 (KHTML, like Gecko) Chrome/91.0.4472.124 Safari/537.36"
79.137.67.84 - - [19/Sep/2026:04:48:08 +0330] "GET /flash-cart/cart/?remove_item=077e29b11be80ab57e1a2ecabb7da330&_wpnonce=24be53703b&add-to-cart=247 HTTP/1.1" 200 86855 "-" "Mozilla/5.0 (compatible; MJ12bot/v1.4.8; http://mj12bot.com/)"
85.215.100.160 - - [19/Sep/2026:04:48:09 +0330] "GET /vip/tour/wp-admin/ HTTP/1.1" 200 93214 "www.google.com" "Mozilla/5.0 (Windows NT 10.0; Win64; x64) AppleWebKit/537.36 (KHTML, like Gecko) Chrome/91.0.4472.124 Safari/537.36"
79.137.67.84 - - [19/Sep/2026:04:48:12 +0330] "GET /flash-cart/cart/?remove_item=077e29b11be80ab57e1a2ecabb7da330&_wpnonce=24be53703b&add-to-cart=248 HTTP/1.1" 200 86973 "-" "Mozilla/5.0 (compatible; MJ12bot/v1.4.8; http://mj12bot.com/)"
85.215.100.160 - - [19/Sep/2026:04:48:13 +0330] "GET /vip/tour/wp-admin/plugin-install.php?tab=upload HTTP/1.1" 200 78471 "www.google.com" "Mozilla/5.0 (Windows NT 10.0; Win64; x64) AppleWebKit/537.36 (KHTML, like Gecko) Chrome/91.0.4472.124 Safari/537.36"
85.215.100.160 - - [19/Sep/2026:04:48:14 +0330] "POST /vip/tour/wp-admin/update.php?action=upload-plugin HTTP/1.1" 200 74462 "www.google.com" "Mozilla/5.0 (Windows NT 10.0; Win64; x64) AppleWebKit/537.36 (KHTML, like Gecko) Chrome/91.0.4472.124 Safari/537.36"
79.137.67.84 - - [19/Sep/2026:04:48:15 +0330] "GET /flash-cart/cart/?remove_item=077e29b11be80ab57e1a2ecabb7da330&_wpnonce=24be53703b&add-to-cart=249 HTTP/1.1" 200 86889 "-" "Mozilla/5.0 (compatible; MJ12bot/v1.4.8; http://mj12bot.com/)"
85.215.100.160 - - [19/Sep/2026:04:48:18 +0330] "GET /vip/tour/wp-content/plugins/qimuxgi/index.php HTTP/1.1" 200 81 "www.google.com" "Mozilla/5.0 (Windows NT 10.0; Win64; x64) AppleWebKit/537.36 (KHTML, like Gecko) Chrome/91.0.4472.124 Safari/537.36"
85.215.100.160 - - [19/Sep/2026:04:48:18 +0330] "GET /vip/yacht-rental/wp-login.php HTTP/1.1" 200 3468 "www.google.com" "Mozilla/5.0 (Windows NT 10.0; Win64; x64) AppleWebKit/537.36 (KHTML, like Gecko) Chrome/91.0.4472.124 Safari/537.36"
78.110.123.2 - - [19/Sep/2026:04:48:19 +0330] "POST /vip/yacht-rental/wp-cron.php?doing_wp_cron=1789780699.4057340621948242187500 HTTP/1.1" 200 20 "-" "WordPress/6.9; https://themes.proac.ir/vip/yacht-rental"
79.137.67.84 - - [19/Sep/2026:04:48:19 +0330] "GET /flash-cart/cart/?remove_item=077e29b11be80ab57e1a2ecabb7da330&_wpnonce=285a9f77c6 HTTP/1.1" 200 83752 "-" "Mozilla/5.0 (compatible; MJ12bot/v1.4.8; http://mj12bot.com/)"
85.215.100.160 - - [19/Sep/2026:04:48:20 +0330] "POST /vip/yacht-rental/wp-login.php HTTP/1.1" 302 20 "https://themes.proac.ir/vip/yacht-rental/wp-admin/" "Mozilla/5.0 (Windows NT 10.0; Win64; x64) AppleWebKit/537.36 (KHTML, like Gecko) Chrome/91.0.4472.124 Safari/537.36"
85.215.100.160 - - [19/Sep/2026:04:48:21 +0330] "GET /vip/yacht-rental/wp-login.php?redirect_to=https%3A%2F%2Fthemes.proac.ir%2Fvip%2Fyacht-rental%2Fwp-admin%2F&action=confirm_admin_email&wp_lang=fa_IR HTTP/1.1" 200 2010 "https://themes.proac.ir/vip/yacht-rental/wp-admin/" "Mozilla/5.0 (Windows NT 10.0; Win64; x64) AppleWebKit/537.36 (KHTML, like Gecko) Chrome/91.0.4472.124 Safari/537.36"
79.137.67.84 - - [19/Sep/2026:04:48:22 +0330] "GET /flash-cart/cart/?remove_item=077e29b11be80ab57e1a2ecabb7da330&_wpnonce=2bacd86b98&add-to-cart=243 HTTP/1.1" 200 86924 "-" "Mozilla/5.0 (compatible; MJ12bot/v1.4.8; http://mj12bot.com/)"
85.215.100.160 - - [19/Sep/2026:04:48:22 +0330] "GET /vip/yacht-rental/wp-admin/ HTTP/1.1" 200 95241 "www.google.com" "Mozilla/5.0 (Windows NT 10.0; Win64; x64) AppleWebKit/537.36 (KHTML, like Gecko) Chrome/91.0.4472.124 Safari/537.36"
85.215.100.160 - - [19/Sep/2026:04:48:26 +0330] "GET /vip/yacht-rental/wp-admin/plugin-install.php?tab=upload HTTP/1.1" 200 80856 "www.google.com" "Mozilla/5.0 (Windows NT 10.0; Win64; x64) AppleWebKit/537.36 (KHTML, like Gecko) Chrome/91.0.4472.124 Safari/537.36"
79.137.67.84 - - [19/Sep/2026:04:48:27 +0330] "GET /flash-cart/cart/?remove_item=077e29b11be80ab57e1a2ecabb7da330&_wpnonce=2bacd86b98&add-to-cart=247 HTTP/1.1" 200 86861 "-" "Mozilla/5.0 (compatible; MJ12bot/v1.4.8; http://mj12bot.com/)"
85.215.100.160 - - [19/Sep/2026:04:48:28 +0330] "POST /vip/yacht-rental/wp-admin/update.php?action=upload-plugin HTTP/1.1" 200 76769 "www.google.com" "Mozilla/5.0 (Windows NT 10.0; Win64; x64) AppleWebKit/537.36 (KHTML, like Gecko) Chrome/91.0.4472.124 Safari/537.36"
85.215.100.160 - - [19/Sep/2026:04:48:31 +0330] "GET /vip/yacht-rental/wp-content/plugins/kfpkcpj/index.php HTTP/1.1" 200 81 "www.google.com" "Mozilla/5.0 (Windows NT 10.0; Win64; x64) AppleWebKit/537.36 (KHTML, like Gecko) Chrome/91.0.4472.124 Safari/537.36"
79.137.67.84 - - [19/Sep/2026:04:48:31 +0330] "GET /flash-cart/cart/?remove_item=077e29b11be80ab57e1a2ecabb7da330&_wpnonce=2bacd86b98&add-to-cart=248 HTTP/1.1" 200 86977 "-" "Mozilla/5.0 (compatible; MJ12bot/v1.4.8; http://mj12bot.com/)"
